CRAN Package Check Results for Package monomvn

Last updated on 2017-02-20 20:48:02.

Flavor Version Tinstall Tcheck Ttotal Status Flags
r-devel-linux-x86_64-debian-clang 1.9-7 6.13 32.04 38.17 NOTE
r-devel-linux-x86_64-debian-gcc 1.9-7 5.25 31.43 36.68 NOTE
r-devel-linux-x86_64-fedora-clang 1.9-7 73.26 NOTE --no-stop-on-test-error
r-devel-linux-x86_64-fedora-gcc 1.9-7 68.82 NOTE --no-stop-on-test-error
r-devel-macos-x86_64-clang 1.9-7 55.89 NOTE --no-stop-on-test-error
r-devel-windows-ix86+x86_64 1.9-7 21.00 102.00 123.00 OK
r-patched-linux-x86_64 1.9-7 4.98 28.36 33.34 OK
r-patched-solaris-sparc 1.9-7 236.50 OK --no-examples
r-patched-solaris-x86 1.9-7 87.90 OK
r-release-linux-x86_64 1.9-7 4.89 28.84 33.73 OK
r-release-osx-x86_64-mavericks 1.9-7 OK
r-release-windows-ix86+x86_64 1.9-7 22.00 72.00 94.00 OK
r-oldrel-windows-ix86+x86_64 1.9-7 24.00 93.00 117.00 OK

Check Details

Version: 1.9-7
Check: compiled code
Result: NOTE
    File ‘monomvn/libs/monomvn.so’:
     Found no calls to: ‘R_registerRoutines’, ‘R_useDynamicSymbols’
    
    It is good practice to register native routines and to disable symbol
    search.
    
    See ‘Writing portable packages’ in the ‘Writing R Extensions’ manual.
Flavors: r-devel-linux-x86_64-debian-clang, r-devel-linux-x86_64-debian-gcc

Version: 1.9-7
Flags: --no-stop-on-test-error
Check: compiled code
Result: NOTE
    File ‘monomvn/libs/monomvn.so’:
     Found no calls to: ‘R_registerRoutines’, ‘R_useDynamicSymbols’
    
    It is good practice to register native routines and to disable symbol
    search.
    
    See ‘Writing portable packages’ in the ‘Writing R Extensions’ manual.
Flavors: r-devel-linux-x86_64-fedora-clang, r-devel-linux-x86_64-fedora-gcc, r-devel-macos-x86_64-clang