CRAN Package Check Results for Package monomvn

Last updated on 2014-08-28 00:47:05.

Flavor Version Tinstall Tcheck Ttotal Status Flags
r-devel-linux-x86_64-debian-clang 1.9-5 3.81 28.49 32.30 NOTE
r-devel-linux-x86_64-debian-gcc 1.9-5 5.00 27.17 32.17 NOTE
r-devel-linux-x86_64-fedora-clang 1.9-5 62.84 NOTE
r-devel-linux-x86_64-fedora-gcc 1.9-5 63.02 NOTE
r-devel-osx-x86_64-clang 1.9-5 54.27 NOTE
r-devel-windows-ix86+x86_64 1.9-5 24.00 60.00 84.00 NOTE
r-patched-linux-x86_64 1.9-5 5.00 29.72 34.72 OK
r-patched-solaris-sparc 1.9-5 270.60 OK --no-examples
r-patched-solaris-x86 1.9-5 88.90 OK
r-release-linux-ix86 1.9-5 6.68 39.88 46.55 OK
r-release-linux-x86_64 1.9-5 5.08 28.64 33.72 OK
r-release-osx-x86_64-mavericks 1.9-5 OK
r-release-osx-x86_64-snowleopard 1.9-5 OK
r-release-windows-ix86+x86_64 1.9-5 23.00 61.00 84.00 OK
r-oldrel-windows-ix86+x86_64 1.9-5 24.00 63.00 87.00 OK

Check Details

Version: 1.9-5
Check: R code for possible problems
Result: NOTE
    monomvn.solve.QP: no visible global function definition for ‘solve.QP’
    randmvn: no visible global function definition for ‘rmvnorm’
    randmvn: no visible global function definition for ‘rmvt’
Flavors: r-devel-linux-x86_64-debian-clang, r-devel-linux-x86_64-debian-gcc, r-devel-linux-x86_64-fedora-clang, r-devel-linux-x86_64-fedora-gcc, r-devel-osx-x86_64-clang, r-devel-windows-ix86+x86_64