CRAN Package Check Results for Package monomvn

Last updated on 2016-02-08 06:47:21.

Flavor Version Tinstall Tcheck Ttotal Status Flags
r-devel-linux-x86_64-debian-gcc 1.9-5 0.58 1.58 2.17 ERROR
r-devel-linux-x86_64-fedora-clang 1.9-5 7.76 ERROR
r-devel-linux-x86_64-fedora-gcc 1.9-5 6.54 ERROR
r-devel-osx-x86_64-clang 1.9-5 8.16 ERROR
r-devel-windows-ix86+x86_64 1.9-5 3.00 4.00 7.00 ERROR
r-patched-linux-x86_64 1.9-5 4.84 27.03 31.87 NOTE
r-patched-solaris-sparc 1.9-5 247.40 NOTE --no-examples
r-patched-solaris-x86 1.9-5 83.10 NOTE
r-release-linux-x86_64 1.9-5 5.13 27.91 33.04 NOTE
r-release-osx-x86_64-mavericks 1.9-5 NOTE
r-release-windows-ix86+x86_64 1.9-5 31.00 70.00 101.00 NOTE
r-oldrel-windows-ix86+x86_64 1.9-5 39.00 74.00 113.00 NOTE

Check Details

Version: 1.9-5
Check: whether package can be installed
Result: ERROR
    Installation failed.
Flavors: r-devel-linux-x86_64-debian-gcc, r-devel-linux-x86_64-fedora-clang, r-devel-linux-x86_64-fedora-gcc, r-devel-osx-x86_64-clang, r-devel-windows-ix86+x86_64

Version: 1.9-5
Check: DESCRIPTION meta-information
Result: NOTE
    Malformed Description field: should contain one or more complete sentences.
Flavors: r-patched-linux-x86_64, r-patched-solaris-x86, r-release-linux-x86_64, r-release-osx-x86_64-mavericks, r-release-windows-ix86+x86_64

Version: 1.9-5
Check: dependencies in R code
Result: NOTE
    'library' or 'require' calls in package code:
     ‘mvtnorm’ ‘quadprog’
     Please use :: or requireNamespace() instead.
     See section 'Suggested packages' in the 'Writing R Extensions' manual.
Flavors: r-patched-linux-x86_64, r-patched-solaris-x86, r-release-linux-x86_64, r-release-osx-x86_64-mavericks, r-release-windows-ix86+x86_64, r-oldrel-windows-ix86+x86_64

Version: 1.9-5
Check: R code for possible problems
Result: NOTE
    monomvn.solve.QP: no visible global function definition for ‘solve.QP’
    randmvn: no visible global function definition for ‘rmvnorm’
    randmvn: no visible global function definition for ‘rmvt’
Flavors: r-patched-linux-x86_64, r-patched-solaris-x86, r-release-linux-x86_64, r-release-osx-x86_64-mavericks, r-release-windows-ix86+x86_64, r-oldrel-windows-ix86+x86_64

Version: 1.9-5
Flags: --no-examples
Check: DESCRIPTION meta-information
Result: NOTE
    Malformed Description field: should contain one or more complete sentences.
Flavor: r-patched-solaris-sparc

Version: 1.9-5
Flags: --no-examples
Check: dependencies in R code
Result: NOTE
    'library' or 'require' calls in package code:
     ‘mvtnorm’ ‘quadprog’
     Please use :: or requireNamespace() instead.
     See section 'Suggested packages' in the 'Writing R Extensions' manual.
Flavor: r-patched-solaris-sparc

Version: 1.9-5
Flags: --no-examples
Check: R code for possible problems
Result: NOTE
    monomvn.solve.QP: no visible global function definition for ‘solve.QP’
    randmvn: no visible global function definition for ‘rmvnorm’
    randmvn: no visible global function definition for ‘rmvt’
Flavor: r-patched-solaris-sparc