CRAN Package Check Results for Package monomvn

Last updated on 2015-01-31 13:48:28.

Flavor Version Tinstall Tcheck Ttotal Status Flags
r-devel-linux-x86_64-debian-clang 1.9-5 4.54 26.22 30.77 NOTE
r-devel-linux-x86_64-debian-gcc 1.9-5 5.02 26.52 31.54 NOTE
r-devel-linux-x86_64-fedora-clang 1.9-5 64.87 NOTE
r-devel-linux-x86_64-fedora-gcc 1.9-5 60.41 NOTE
r-devel-osx-x86_64-clang 1.9-5 56.88 NOTE
r-devel-windows-ix86+x86_64 1.9-5 32.00 53.00 85.00 NOTE
r-patched-linux-x86_64 1.9-5 5.02 28.68 33.70 NOTE
r-patched-solaris-sparc 1.9-5 266.60 NOTE --no-examples
r-patched-solaris-x86 1.9-5 88.60 NOTE
r-release-linux-ix86 1.9-5 6.34 38.98 45.33 NOTE
r-release-linux-x86_64 1.9-5 4.97 28.62 33.58 NOTE
r-release-osx-x86_64-mavericks 1.9-5 NOTE
r-release-osx-x86_64-snowleopard 1.9-5 OK
r-release-windows-ix86+x86_64 1.9-5 23.00 66.00 89.00 NOTE
r-oldrel-windows-ix86+x86_64 1.9-5 24.00 66.00 90.00 OK

Check Details

Version: 1.9-5
Check: dependencies in R code
Result: NOTE
    'library' or 'require' calls in package code:
     ‘mvtnorm’ ‘quadprog’
     Please use :: or requireNamespace() instead.
     See section 'Suggested packages' in the 'Writing R Extensions' manual.
Flavors: r-devel-linux-x86_64-debian-clang, r-devel-linux-x86_64-debian-gcc, r-devel-linux-x86_64-fedora-clang, r-devel-linux-x86_64-fedora-gcc, r-devel-osx-x86_64-clang, r-devel-windows-ix86+x86_64

Version: 1.9-5
Check: R code for possible problems
Result: NOTE
    monomvn.solve.QP: no visible global function definition for ‘solve.QP’
    randmvn: no visible global function definition for ‘rmvnorm’
    randmvn: no visible global function definition for ‘rmvt’
Flavors: r-devel-linux-x86_64-debian-clang, r-devel-linux-x86_64-debian-gcc, r-devel-linux-x86_64-fedora-clang, r-devel-linux-x86_64-fedora-gcc, r-devel-osx-x86_64-clang, r-devel-windows-ix86+x86_64, r-patched-linux-x86_64, r-patched-solaris-x86, r-release-linux-ix86, r-release-linux-x86_64, r-release-osx-x86_64-mavericks, r-release-windows-ix86+x86_64

Version: 1.9-5
Flags: --no-examples
Check: R code for possible problems
Result: NOTE
    monomvn.solve.QP: no visible global function definition for ‘solve.QP’
    randmvn: no visible global function definition for ‘rmvnorm’
    randmvn: no visible global function definition for ‘rmvt’
Flavor: r-patched-solaris-sparc