CRAN Package Check Results for Package monomvn

Last updated on 2014-12-19 20:48:20.

Flavor Version Tinstall Tcheck Ttotal Status Flags
r-devel-linux-x86_64-debian-clang 1.9-5 4.30 30.19 34.49 NOTE
r-devel-linux-x86_64-debian-gcc 1.9-5 5.14 27.89 33.04 NOTE
r-devel-linux-x86_64-fedora-clang 1.9-5 67.30 NOTE
r-devel-linux-x86_64-fedora-gcc 1.9-5 64.25 NOTE
r-devel-osx-x86_64-clang 1.9-5 56.61 NOTE
r-devel-windows-ix86+x86_64 1.9-5 26.00 62.00 88.00 NOTE
r-patched-linux-x86_64 1.9-5 5.04 28.61 33.65 NOTE
r-patched-solaris-sparc 1.9-5 256.90 NOTE --no-examples
r-patched-solaris-x86 1.9-5 88.40 NOTE
r-release-linux-ix86 1.9-5 6.34 38.33 44.67 NOTE
r-release-linux-x86_64 1.9-5 4.97 30.63 35.60 NOTE
r-release-osx-x86_64-mavericks 1.9-5 OK
r-release-osx-x86_64-snowleopard 1.9-5 OK
r-release-windows-ix86+x86_64 1.9-5 24.00 66.00 90.00 NOTE
r-oldrel-windows-ix86+x86_64 1.9-5 25.00 63.00 88.00 OK

Check Details

Version: 1.9-5
Check: R code for possible problems
Result: NOTE
    monomvn.solve.QP: no visible global function definition for ‘solve.QP’
    randmvn: no visible global function definition for ‘rmvnorm’
    randmvn: no visible global function definition for ‘rmvt’
Flavors: r-devel-linux-x86_64-debian-clang, r-devel-linux-x86_64-debian-gcc, r-devel-linux-x86_64-fedora-clang, r-devel-linux-x86_64-fedora-gcc, r-devel-osx-x86_64-clang, r-devel-windows-ix86+x86_64, r-patched-linux-x86_64, r-patched-solaris-x86, r-release-linux-ix86, r-release-linux-x86_64, r-release-windows-ix86+x86_64

Version: 1.9-5
Flags: --no-examples
Check: R code for possible problems
Result: NOTE
    monomvn.solve.QP: no visible global function definition for ‘solve.QP’
    randmvn: no visible global function definition for ‘rmvnorm’
    randmvn: no visible global function definition for ‘rmvt’
Flavor: r-patched-solaris-sparc