CRAN Package Check Results for Package monomvn

Last updated on 2017-08-20 15:48:49.

Flavor Version Tinstall Tcheck Ttotal Status Flags
r-devel-linux-x86_64-debian-clang 1.9-7 6.18 32.94 39.11 NOTE
r-devel-linux-x86_64-debian-gcc 1.9-7 5.37 31.15 36.51 NOTE
r-devel-linux-x86_64-fedora-clang 1.9-7 72.24 NOTE
r-devel-linux-x86_64-fedora-gcc 1.9-7 68.30 NOTE
r-devel-windows-ix86+x86_64 1.9-7 27.00 79.00 106.00 OK
r-patched-linux-x86_64 1.9-7 5.29 31.19 36.48 NOTE
r-patched-solaris-x86 1.9-7 94.90 OK
r-release-linux-x86_64 1.9-7 5.27 31.29 36.55 NOTE
r-release-windows-ix86+x86_64 1.9-7 36.00 110.00 146.00 OK
r-release-osx-x86_64 1.9-7 OK
r-oldrel-windows-ix86+x86_64 1.9-7 27.00 95.00 122.00 OK
r-oldrel-osx-x86_64 1.9-7 OK

Check Details

Version: 1.9-7
Check: compiled code
Result: NOTE
    File ‘monomvn/libs/monomvn.so’:
     Found no calls to: ‘R_registerRoutines’, ‘R_useDynamicSymbols’
    
    It is good practice to register native routines and to disable symbol
    search.
    
    See ‘Writing portable packages’ in the ‘Writing R Extensions’ manual.
Flavors: r-devel-linux-x86_64-debian-clang, r-devel-linux-x86_64-debian-gcc, r-devel-linux-x86_64-fedora-clang, r-devel-linux-x86_64-fedora-gcc, r-patched-linux-x86_64, r-release-linux-x86_64