CRAN Package Check Results for Package monomvn

Last updated on 2015-05-22 21:46:35.

Flavor Version Tinstall Tcheck Ttotal Status Flags
r-devel-linux-x86_64-debian-clang 1.9-5 4.47 27.00 31.47 NOTE
r-devel-linux-x86_64-debian-gcc 1.9-5 4.85 25.58 30.43 NOTE
r-devel-linux-x86_64-fedora-clang 1.9-5 62.34 NOTE
r-devel-linux-x86_64-fedora-gcc 1.9-5 58.14 NOTE
r-devel-osx-x86_64-clang 1.9-5 54.97 NOTE
r-devel-windows-ix86+x86_64 1.9-5 29.00 61.00 90.00 NOTE
r-patched-linux-x86_64 1.9-5 4.87 26.23 31.10 NOTE
r-patched-solaris-sparc 1.9-5 265.90 NOTE --no-examples
r-patched-solaris-x86 1.9-5 82.60 NOTE
r-release-linux-x86_64 1.9-5 4.90 25.88 30.78 NOTE
r-release-osx-x86_64-mavericks 1.9-5 NOTE
r-release-osx-x86_64-snowleopard 1.9-5 NOTE
r-release-windows-ix86+x86_64 1.9-5 21.00 59.00 80.00 NOTE
r-oldrel-windows-ix86+x86_64 1.9-5 24.00 99.00 123.00 NOTE

Check Details

Version: 1.9-5
Check: DESCRIPTION meta-information
Result: NOTE
    Malformed Description field: should contain one or more complete sentences.
Flavors: r-devel-linux-x86_64-debian-clang, r-devel-linux-x86_64-debian-gcc, r-devel-linux-x86_64-fedora-clang, r-devel-linux-x86_64-fedora-gcc, r-devel-osx-x86_64-clang, r-devel-windows-ix86+x86_64, r-patched-linux-x86_64, r-patched-solaris-x86, r-release-linux-x86_64, r-release-osx-x86_64-mavericks, r-release-osx-x86_64-snowleopard, r-release-windows-ix86+x86_64

Version: 1.9-5
Check: dependencies in R code
Result: NOTE
    'library' or 'require' calls in package code:
     ‘mvtnorm’ ‘quadprog’
     Please use :: or requireNamespace() instead.
     See section 'Suggested packages' in the 'Writing R Extensions' manual.
Flavors: r-devel-linux-x86_64-debian-clang, r-devel-linux-x86_64-debian-gcc, r-devel-linux-x86_64-fedora-clang, r-devel-linux-x86_64-fedora-gcc, r-devel-osx-x86_64-clang, r-devel-windows-ix86+x86_64, r-patched-linux-x86_64, r-patched-solaris-x86, r-release-linux-x86_64, r-release-osx-x86_64-mavericks, r-release-osx-x86_64-snowleopard, r-release-windows-ix86+x86_64, r-oldrel-windows-ix86+x86_64

Version: 1.9-5
Check: R code for possible problems
Result: NOTE
    monomvn.solve.QP: no visible global function definition for ‘solve.QP’
    randmvn: no visible global function definition for ‘rmvnorm’
    randmvn: no visible global function definition for ‘rmvt’
Flavors: r-devel-linux-x86_64-debian-clang, r-devel-linux-x86_64-debian-gcc, r-devel-linux-x86_64-fedora-clang, r-devel-linux-x86_64-fedora-gcc, r-devel-osx-x86_64-clang, r-devel-windows-ix86+x86_64, r-patched-linux-x86_64, r-patched-solaris-x86, r-release-linux-x86_64, r-release-osx-x86_64-mavericks, r-release-osx-x86_64-snowleopard, r-release-windows-ix86+x86_64, r-oldrel-windows-ix86+x86_64

Version: 1.9-5
Flags: --no-examples
Check: DESCRIPTION meta-information
Result: NOTE
    Malformed Description field: should contain one or more complete sentences.
Flavor: r-patched-solaris-sparc

Version: 1.9-5
Flags: --no-examples
Check: dependencies in R code
Result: NOTE
    'library' or 'require' calls in package code:
     ‘mvtnorm’ ‘quadprog’
     Please use :: or requireNamespace() instead.
     See section 'Suggested packages' in the 'Writing R Extensions' manual.
Flavor: r-patched-solaris-sparc

Version: 1.9-5
Flags: --no-examples
Check: R code for possible problems
Result: NOTE
    monomvn.solve.QP: no visible global function definition for ‘solve.QP’
    randmvn: no visible global function definition for ‘rmvnorm’
    randmvn: no visible global function definition for ‘rmvt’
Flavor: r-patched-solaris-sparc