CRAN Package Check Results for Package monomvn

Last updated on 2014-04-24 03:47:48.

Flavor Version Tinstall Tcheck Ttotal Status Flags
r-devel-linux-x86_64-debian-clang 1.9-4 3.96 29.49 33.45 OK
r-devel-linux-x86_64-debian-gcc 1.9-4 4.90 30.56 35.46 OK
r-devel-linux-x86_64-fedora-clang 1.9-4 66.58 NOTE
r-devel-linux-x86_64-fedora-gcc 1.9-4 62.76 NOTE
r-devel-osx-x86_64-clang 1.9-4 52.47 NOTE
r-devel-osx-x86_64-gcc 1.9-4 NOTE
r-devel-windows-ix86+x86_64 1.9-4 21.00 61.00 82.00 NOTE
r-patched-linux-x86_64 1.9-4 4.84 30.44 35.28 OK
r-patched-solaris-sparc 1.9-4 258.60 OK --no-examples
r-patched-solaris-x86 1.9-4 88.20 OK
r-release-linux-ix86 1.9-4 8.00 53.00 61.00 OK
r-release-linux-x86_64 1.9-4 4.87 29.52 34.39 OK
r-release-osx-x86_64-mavericks 1.9-4 WARN
r-release-osx-x86_64-snowleopard 1.9-4 NOTE
r-release-windows-ix86+x86_64 1.9-4 22.00 64.00 86.00 NOTE
r-oldrel-windows-ix86+x86_64 1.9-4 23.00 71.00 94.00 NOTE

Check Details

Version: 1.9-4
Check: top-level files
Result: NOTE
    Non-standard file/directory found at top level:
     ‘License’
Flavors: r-devel-linux-x86_64-fedora-clang, r-devel-linux-x86_64-fedora-gcc

Version: 1.9-4
Check: top-level files
Result: NOTE
    File
     LICENSE
    is not mentioned in the DESCRIPTION file.
Flavors: r-devel-osx-x86_64-clang, r-devel-osx-x86_64-gcc, r-devel-windows-ix86+x86_64, r-release-osx-x86_64-mavericks, r-release-osx-x86_64-snowleopard, r-release-windows-ix86+x86_64, r-oldrel-windows-ix86+x86_64

Version: 1.9-4
Check: PDF version of manual
Result: WARNING
    LaTeX errors when creating PDF version.
    This typically indicates Rd problems.
    LaTeX errors found:
    ! LaTeX Error: File `upquote.sty' not found.
    
    Type X to quit or <RETURN> to proceed,
    or enter new name. (Default extension: sty)
    
    ac6975f/Rd2.tex:8: ==> Fatal error occurred, no output PDF file produced!
Flavor: r-release-osx-x86_64-mavericks