CRAN Package Check Results for Package monomvn

Last updated on 2017-06-22 17:47:50.

Flavor Version Tinstall Tcheck Ttotal Status Flags
r-devel-linux-x86_64-debian-clang 1.9-7 6.49 33.85 40.34 NOTE
r-devel-linux-x86_64-debian-gcc 1.9-7 5.76 32.64 38.40 NOTE
r-devel-linux-x86_64-fedora-clang 1.9-7 75.17 NOTE
r-devel-linux-x86_64-fedora-gcc 1.9-7 68.44 NOTE
r-devel-windows-ix86+x86_64 1.9-7 32.00 80.00 112.00 OK
r-patched-linux-x86_64 1.9-7 5.10 32.54 37.63 NOTE
r-patched-solaris-sparc 1.9-7 277.60 OK --no-examples
r-patched-solaris-x86 1.9-7 97.30 OK
r-release-linux-x86_64 1.9-7 5.14 31.56 36.70 NOTE
r-release-windows-ix86+x86_64 1.9-7 40.00 101.00 141.00 OK
r-release-osx-x86_64 1.9-7 OK
r-oldrel-windows-ix86+x86_64 1.9-7 35.00 75.00 110.00 OK
r-oldrel-osx-x86_64 1.9-7 OK

Check Details

Version: 1.9-7
Check: compiled code
Result: NOTE
    File ‘monomvn/libs/monomvn.so’:
     Found no calls to: ‘R_registerRoutines’, ‘R_useDynamicSymbols’
    
    It is good practice to register native routines and to disable symbol
    search.
    
    See ‘Writing portable packages’ in the ‘Writing R Extensions’ manual.
Flavors: r-devel-linux-x86_64-debian-clang, r-devel-linux-x86_64-debian-gcc, r-devel-linux-x86_64-fedora-clang, r-devel-linux-x86_64-fedora-gcc, r-patched-linux-x86_64, r-release-linux-x86_64