CRAN Package Check Results for Package monomvn

Last updated on 2014-09-02 08:47:19.

Flavor Version Tinstall Tcheck Ttotal Status Flags
r-devel-linux-x86_64-debian-clang 1.9-5 3.83 27.24 31.07 NOTE
r-devel-linux-x86_64-debian-gcc 1.9-5 5.08 27.99 33.07 NOTE
r-devel-linux-x86_64-fedora-clang 1.9-5 63.13 NOTE
r-devel-linux-x86_64-fedora-gcc 1.9-5 62.40 NOTE
r-devel-osx-x86_64-clang 1.9-5 53.62 NOTE
r-devel-windows-ix86+x86_64 1.9-5 23.00 63.00 86.00 NOTE
r-patched-linux-x86_64 1.9-5 5.18 28.07 33.25 OK
r-patched-solaris-sparc 1.9-5 270.60 OK --no-examples
r-patched-solaris-x86 1.9-5 87.80 OK
r-release-linux-ix86 1.9-5 6.69 39.72 46.42 OK
r-release-linux-x86_64 1.9-5 5.47 28.58 34.05 OK
r-release-osx-x86_64-mavericks 1.9-5 OK
r-release-osx-x86_64-snowleopard 1.9-5 OK
r-release-windows-ix86+x86_64 1.9-5 22.00 63.00 85.00 OK
r-oldrel-windows-ix86+x86_64 1.9-5 34.00 60.00 94.00 OK

Check Details

Version: 1.9-5
Check: R code for possible problems
Result: NOTE
    monomvn.solve.QP: no visible global function definition for ‘solve.QP’
    randmvn: no visible global function definition for ‘rmvnorm’
    randmvn: no visible global function definition for ‘rmvt’
Flavors: r-devel-linux-x86_64-debian-clang, r-devel-linux-x86_64-debian-gcc, r-devel-linux-x86_64-fedora-clang, r-devel-linux-x86_64-fedora-gcc, r-devel-osx-x86_64-clang, r-devel-windows-ix86+x86_64