CRAN Package Check Results for Package monomvn

Last updated on 2017-10-21 00:51:51.

Flavor Version Tinstall Tcheck Ttotal Status Flags
r-devel-linux-x86_64-debian-clang 1.9-7 5.87 32.37 38.24 NOTE
r-devel-linux-x86_64-debian-gcc 1.9-7 6.02 34.35 40.37 NOTE
r-devel-linux-x86_64-fedora-clang 1.9-7 71.16 NOTE
r-devel-linux-x86_64-fedora-gcc 1.9-7 67.53 NOTE
r-devel-windows-ix86+x86_64 1.9-7 30.00 101.00 131.00 OK
r-patched-linux-x86_64 1.9-7 5.30 31.85 37.15 NOTE
r-patched-solaris-x86 1.9-7 96.80 OK
r-release-linux-x86_64 1.9-7 5.23 31.36 36.58 NOTE
r-release-windows-ix86+x86_64 1.9-7 37.00 76.00 113.00 OK
r-release-osx-x86_64 1.9-7 OK
r-oldrel-windows-ix86+x86_64 1.9-7 26.00 89.00 115.00 OK
r-oldrel-osx-x86_64 1.9-7 OK

Check Details

Version: 1.9-7
Check: compiled code
Result: NOTE
    File ‘monomvn/libs/monomvn.so’:
     Found no calls to: ‘R_registerRoutines’, ‘R_useDynamicSymbols’
    
    It is good practice to register native routines and to disable symbol
    search.
    
    See ‘Writing portable packages’ in the ‘Writing R Extensions’ manual.
Flavors: r-devel-linux-x86_64-debian-clang, r-devel-linux-x86_64-debian-gcc, r-devel-linux-x86_64-fedora-clang, r-devel-linux-x86_64-fedora-gcc, r-patched-linux-x86_64, r-release-linux-x86_64