CRAN Package Check Results for Package monomvn

Last updated on 2014-11-25 20:48:00.

Flavor Version Tinstall Tcheck Ttotal Status Flags
r-devel-linux-x86_64-debian-clang 1.9-5 4.26 28.95 33.21 NOTE
r-devel-linux-x86_64-debian-gcc 1.9-5 4.92 28.07 32.99 NOTE
r-devel-linux-x86_64-fedora-clang 1.9-5 67.36 NOTE
r-devel-linux-x86_64-fedora-gcc 1.9-5 62.27 NOTE
r-devel-osx-x86_64-clang 1.9-5 56.56 NOTE
r-devel-windows-ix86+x86_64 1.9-5 23.00 62.00 85.00 NOTE
r-patched-linux-x86_64 1.9-5 5.01 28.96 33.97 NOTE
r-patched-solaris-sparc 1.9-5 256.90 NOTE --no-examples
r-patched-solaris-x86 1.9-5 89.70 NOTE
r-release-linux-ix86 1.9-5 6.38 38.42 44.80 NOTE
r-release-linux-x86_64 1.9-5 5.00 28.70 33.70 NOTE
r-release-osx-x86_64-mavericks 1.9-5 OK
r-release-osx-x86_64-snowleopard 1.9-5 OK
r-release-windows-ix86+x86_64 1.9-5 23.00 65.00 88.00 NOTE
r-oldrel-windows-ix86+x86_64 1.9-5 23.00 63.00 86.00 OK

Check Details

Version: 1.9-5
Check: R code for possible problems
Result: NOTE
    monomvn.solve.QP: no visible global function definition for ‘solve.QP’
    randmvn: no visible global function definition for ‘rmvnorm’
    randmvn: no visible global function definition for ‘rmvt’
Flavors: r-devel-linux-x86_64-debian-clang, r-devel-linux-x86_64-debian-gcc, r-devel-linux-x86_64-fedora-clang, r-devel-linux-x86_64-fedora-gcc, r-devel-osx-x86_64-clang, r-devel-windows-ix86+x86_64, r-patched-linux-x86_64, r-patched-solaris-x86, r-release-linux-ix86, r-release-linux-x86_64, r-release-windows-ix86+x86_64

Version: 1.9-5
Flags: --no-examples
Check: R code for possible problems
Result: NOTE
    monomvn.solve.QP: no visible global function definition for ‘solve.QP’
    randmvn: no visible global function definition for ‘rmvnorm’
    randmvn: no visible global function definition for ‘rmvt’
Flavor: r-patched-solaris-sparc