CRAN Package Check Results for Package monomvn

Last updated on 2015-07-30 05:46:43.

Flavor Version Tinstall Tcheck Ttotal Status Flags
r-devel-linux-x86_64-debian-clang 1.9-5 4.44 26.84 31.28 NOTE
r-devel-linux-x86_64-debian-gcc 1.9-5 4.88 28.54 33.43 NOTE
r-devel-linux-x86_64-fedora-clang 1.9-5 65.56 NOTE
r-devel-linux-x86_64-fedora-gcc 1.9-5 57.33 NOTE
r-devel-osx-x86_64-clang 1.9-5 51.44 NOTE
r-devel-windows-ix86+x86_64 1.9-5 34.00 88.00 122.00 NOTE
r-patched-linux-x86_64 1.9-5 4.86 26.86 31.72 NOTE
r-patched-solaris-sparc 1.9-5 260.90 NOTE --no-examples
r-patched-solaris-x86 1.9-5 83.20 NOTE
r-release-linux-x86_64 1.9-5 4.80 26.32 31.12 NOTE
r-release-osx-x86_64-mavericks 1.9-5 NOTE
r-release-windows-ix86+x86_64 1.9-5 33.00 94.00 127.00 NOTE
r-oldrel-windows-ix86+x86_64 1.9-5 35.00 94.00 129.00 NOTE

Check Details

Version: 1.9-5
Check: DESCRIPTION meta-information
Result: NOTE
    Malformed Description field: should contain one or more complete sentences.
Flavors: r-devel-linux-x86_64-debian-clang, r-devel-linux-x86_64-debian-gcc, r-devel-linux-x86_64-fedora-clang, r-devel-linux-x86_64-fedora-gcc, r-devel-osx-x86_64-clang, r-devel-windows-ix86+x86_64, r-patched-linux-x86_64, r-patched-solaris-x86, r-release-linux-x86_64, r-release-osx-x86_64-mavericks, r-release-windows-ix86+x86_64

Version: 1.9-5
Check: dependencies in R code
Result: NOTE
    'library' or 'require' calls in package code:
     ‘mvtnorm’ ‘quadprog’
     Please use :: or requireNamespace() instead.
     See section 'Suggested packages' in the 'Writing R Extensions' manual.
Flavors: r-devel-linux-x86_64-debian-clang, r-devel-linux-x86_64-debian-gcc, r-devel-linux-x86_64-fedora-clang, r-devel-linux-x86_64-fedora-gcc, r-devel-osx-x86_64-clang, r-devel-windows-ix86+x86_64, r-patched-linux-x86_64, r-patched-solaris-x86, r-release-linux-x86_64, r-release-osx-x86_64-mavericks, r-release-windows-ix86+x86_64, r-oldrel-windows-ix86+x86_64

Version: 1.9-5
Check: R code for possible problems
Result: NOTE
    add.pe.QP: no visible global function definition for ‘points’
    add.pe.QP: no visible global function definition for ‘legend’
    bhs: no visible global function definition for ‘var’
    blasso: no visible global function definition for ‘var’
    bmonomvn.read.traces: no visible global function definition for
     ‘read.table’
    bridge: no visible global function definition for ‘var’
    get.lambda: no visible global function definition for ‘coef’
    get.lambda : of: no visible global function definition for ‘coef’
    get.lambda: no visible global function definition for ‘optimize’
    get.regress: no visible global function definition for ‘quantile’
    monomvn: no visible global function definition for ‘cov’
    monomvn.solve.QP: no visible global function definition for ‘solve.QP’
    opt.ridge: no visible global function definition for ‘coef’
    opt.ridge: no visible global function definition for ‘sd’
    plot.blasso: no visible global function definition for ‘boxplot’
    plot.blasso: no visible global function definition for ‘points’
    plot.blasso: no visible global function definition for ‘abline’
    plot.blasso: no visible global function definition for ‘par’
    plot.blasso: no visible global function definition for ‘hist’
    plot.blasso: no visible global function definition for ‘plot’
    plot.monomvn: no visible global function definition for ‘plot’
    plot.monomvn: no visible global function definition for ‘title’
    plot.monomvn: no visible global function definition for ‘image’
    plot.monomvn: no visible global function definition for ‘boxplot’
    plot.monomvn: no visible global function definition for ‘points’
    plot.summary.monomvn: no visible global function definition for ‘par’
    plot.summary.monomvn: no visible global function definition for ‘hist’
    randmvn: no visible global function definition for ‘rnorm’
    randmvn: no visible global function definition for ‘rgamma’
    randmvn: no visible global function definition for ‘rbinom’
    randmvn: no visible global function definition for ‘rmvnorm’
    randmvn: no visible global function definition for ‘rmvt’
    read.DA.trace: no visible global function definition for ‘read.table’
    read.muS.trace: no visible global function definition for ‘read.table’
    regress: no visible global function definition for ‘cov’
    regress.fact: no visible global function definition for ‘lm’
    regress.lars: no visible global function definition for ‘coef’
    regress.ls: no visible global function definition for ‘lm’
    regress.pls: no visible global function definition for ‘coef’
    regress.ridge: no visible global function definition for ‘optimize’
    regress.ridge: no visible global function definition for ‘coef’
    rmono: no visible global function definition for ‘rbeta’
    rwish: no visible global function definition for ‘rchisq’
    rwish: no visible global function definition for ‘rnorm’
    Undefined global functions or variables:
     abline boxplot coef cov hist image legend lm optimize par plot points
     quantile rbeta rbinom rchisq read.table rgamma rmvnorm rmvt rnorm sd
     solve.QP title var
    Consider adding
     importFrom("graphics", "abline", "boxplot", "hist", "image", "legend",
     "par", "plot", "points", "title")
     importFrom("stats", "coef", "cov", "lm", "optimize", "quantile",
     "rbeta", "rbinom", "rchisq", "rgamma", "rnorm", "sd", "var")
     importFrom("utils", "read.table")
    to your NAMESPACE.
Flavors: r-devel-linux-x86_64-debian-clang, r-devel-linux-x86_64-debian-gcc, r-devel-linux-x86_64-fedora-clang, r-devel-linux-x86_64-fedora-gcc, r-devel-windows-ix86+x86_64

Version: 1.9-5
Check: R code for possible problems
Result: NOTE
    monomvn.solve.QP: no visible global function definition for ‘solve.QP’
    randmvn: no visible global function definition for ‘rmvnorm’
    randmvn: no visible global function definition for ‘rmvt’
    Undefined global functions or variables:
     rmvnorm rmvt solve.QP
Flavor: r-devel-osx-x86_64-clang

Version: 1.9-5
Check: R code for possible problems
Result: NOTE
    monomvn.solve.QP: no visible global function definition for ‘solve.QP’
    randmvn: no visible global function definition for ‘rmvnorm’
    randmvn: no visible global function definition for ‘rmvt’
Flavors: r-patched-linux-x86_64, r-patched-solaris-x86, r-release-linux-x86_64, r-release-osx-x86_64-mavericks, r-release-windows-ix86+x86_64, r-oldrel-windows-ix86+x86_64

Version: 1.9-5
Flags: --no-examples
Check: DESCRIPTION meta-information
Result: NOTE
    Malformed Description field: should contain one or more complete sentences.
Flavor: r-patched-solaris-sparc

Version: 1.9-5
Flags: --no-examples
Check: dependencies in R code
Result: NOTE
    'library' or 'require' calls in package code:
     ‘mvtnorm’ ‘quadprog’
     Please use :: or requireNamespace() instead.
     See section 'Suggested packages' in the 'Writing R Extensions' manual.
Flavor: r-patched-solaris-sparc

Version: 1.9-5
Flags: --no-examples
Check: R code for possible problems
Result: NOTE
    monomvn.solve.QP: no visible global function definition for ‘solve.QP’
    randmvn: no visible global function definition for ‘rmvnorm’
    randmvn: no visible global function definition for ‘rmvt’
Flavor: r-patched-solaris-sparc