CRAN Package Check Results for Package monomvn

Last updated on 2017-04-28 23:52:29.

Flavor Version Tinstall Tcheck Ttotal Status Flags
r-devel-linux-x86_64-debian-clang 1.9-7 6.45 33.45 39.90 NOTE
r-devel-linux-x86_64-debian-gcc 1.9-7 5.38 31.38 36.75 NOTE
r-devel-linux-x86_64-fedora-clang 1.9-7 80.59 NOTE --no-stop-on-test-error
r-devel-linux-x86_64-fedora-gcc 1.9-7 67.03 NOTE --no-stop-on-test-error
r-devel-windows-ix86+x86_64 1.9-7 29.00 110.00 139.00 OK
r-patched-linux-x86_64 1.9-7 4.92 31.52 36.44 NOTE
r-patched-solaris-sparc 1.9-7 277.60 OK --no-examples
r-patched-solaris-x86 1.9-7 96.30 OK
r-release-linux-x86_64 1.9-7 4.96 32.06 37.02 NOTE
r-release-windows-ix86+x86_64 1.9-7 41.00 102.00 143.00 OK
r-release-osx-x86_64 1.9-7 OK
r-oldrel-windows-ix86+x86_64 1.9-7 41.00 71.00 112.00 OK
r-oldrel-osx-x86_64 1.9-7 OK

Check Details

Version: 1.9-7
Check: compiled code
Result: NOTE
    File ‘monomvn/libs/monomvn.so’:
     Found no calls to: ‘R_registerRoutines’, ‘R_useDynamicSymbols’
    
    It is good practice to register native routines and to disable symbol
    search.
    
    See ‘Writing portable packages’ in the ‘Writing R Extensions’ manual.
Flavors: r-devel-linux-x86_64-debian-clang, r-devel-linux-x86_64-debian-gcc, r-patched-linux-x86_64, r-release-linux-x86_64

Version: 1.9-7
Flags: --no-stop-on-test-error
Check: compiled code
Result: NOTE
    File ‘monomvn/libs/monomvn.so’:
     Found no calls to: ‘R_registerRoutines’, ‘R_useDynamicSymbols’
    
    It is good practice to register native routines and to disable symbol
    search.
    
    See ‘Writing portable packages’ in the ‘Writing R Extensions’ manual.
Flavors: r-devel-linux-x86_64-fedora-clang, r-devel-linux-x86_64-fedora-gcc