CRAN Package Check Results for Package monomvn

Last updated on 2014-10-24 19:47:44.

Flavor Version Tinstall Tcheck Ttotal Status Flags
r-devel-linux-x86_64-debian-clang 1.9-5 4.47 28.99 33.46 NOTE
r-devel-linux-x86_64-debian-gcc 1.9-5 4.88 29.35 34.24 NOTE
r-devel-linux-x86_64-fedora-clang 1.9-5 65.52 NOTE
r-devel-linux-x86_64-fedora-gcc 1.9-5 60.81 NOTE
r-devel-osx-x86_64-clang 1.9-5 56.38 NOTE
r-devel-windows-ix86+x86_64 1.9-5 22.00 56.00 78.00 NOTE
r-patched-linux-x86_64 1.9-5 5.22 28.68 33.91 NOTE
r-patched-solaris-sparc 1.9-5 256.90 NOTE --no-examples
r-patched-solaris-x86 1.9-5 88.10 NOTE
r-release-linux-ix86 1.9-5 6.65 40.03 46.68 OK
r-release-linux-x86_64 1.9-5 5.28 28.65 33.94 OK
r-release-osx-x86_64-mavericks 1.9-5 OK
r-release-osx-x86_64-snowleopard 1.9-5 OK
r-release-windows-ix86+x86_64 1.9-5 23.00 65.00 88.00 OK
r-oldrel-windows-ix86+x86_64 1.9-5 24.00 67.00 91.00 OK

Check Details

Version: 1.9-5
Check: R code for possible problems
Result: NOTE
    monomvn.solve.QP: no visible global function definition for ‘solve.QP’
    randmvn: no visible global function definition for ‘rmvnorm’
    randmvn: no visible global function definition for ‘rmvt’
Flavors: r-devel-linux-x86_64-debian-clang, r-devel-linux-x86_64-debian-gcc, r-devel-linux-x86_64-fedora-clang, r-devel-linux-x86_64-fedora-gcc, r-devel-osx-x86_64-clang, r-devel-windows-ix86+x86_64, r-patched-linux-x86_64, r-patched-solaris-x86

Version: 1.9-5
Flags: --no-examples
Check: R code for possible problems
Result: NOTE
    monomvn.solve.QP: no visible global function definition for ‘solve.QP’
    randmvn: no visible global function definition for ‘rmvnorm’
    randmvn: no visible global function definition for ‘rmvt’
Flavor: r-patched-solaris-sparc