CRAN Package Check Results for Package monomvn

Last updated on 2017-03-27 17:47:36.

Flavor Version Tinstall Tcheck Ttotal Status Flags
r-devel-linux-x86_64-debian-clang 1.9-7 6.48 32.21 38.69 NOTE
r-devel-linux-x86_64-debian-gcc 1.9-7 5.40 30.34 35.74 NOTE
r-devel-linux-x86_64-fedora-clang 1.9-7 72.59 NOTE --no-stop-on-test-error
r-devel-linux-x86_64-fedora-gcc 1.9-7 67.41 NOTE --no-stop-on-test-error
r-devel-macos-x86_64-clang 1.9-7 54.69 NOTE --no-stop-on-test-error
r-devel-windows-ix86+x86_64 1.9-7 26.00 120.00 146.00 OK
r-patched-linux-x86_64 1.9-7 5.04 31.28 36.32 NOTE
r-patched-solaris-sparc 1.9-7 277.60 OK --no-examples
r-patched-solaris-x86 1.9-7 95.60 OK
r-release-linux-x86_64 1.9-7 5.13 28.63 33.76 OK
r-release-osx-x86_64-mavericks 1.9-7 OK
r-release-windows-ix86+x86_64 1.9-7 32.00 67.00 99.00 OK
r-oldrel-windows-ix86+x86_64 1.9-7 22.00 70.00 92.00 OK

Check Details

Version: 1.9-7
Check: compiled code
Result: NOTE
    File ‘monomvn/libs/monomvn.so’:
     Found no calls to: ‘R_registerRoutines’, ‘R_useDynamicSymbols’
    
    It is good practice to register native routines and to disable symbol
    search.
    
    See ‘Writing portable packages’ in the ‘Writing R Extensions’ manual.
Flavors: r-devel-linux-x86_64-debian-clang, r-devel-linux-x86_64-debian-gcc, r-patched-linux-x86_64

Version: 1.9-7
Flags: --no-stop-on-test-error
Check: compiled code
Result: NOTE
    File ‘monomvn/libs/monomvn.so’:
     Found no calls to: ‘R_registerRoutines’, ‘R_useDynamicSymbols’
    
    It is good practice to register native routines and to disable symbol
    search.
    
    See ‘Writing portable packages’ in the ‘Writing R Extensions’ manual.
Flavors: r-devel-linux-x86_64-fedora-clang, r-devel-linux-x86_64-fedora-gcc, r-devel-macos-x86_64-clang