CRAN Package Check Results for Package monreg

Last updated on 2018-07-23 06:46:45 CEST.

Flavor Version Tinstall Tcheck Ttotal Status Flags
r-devel-linux-x86_64-debian-clang 0.1.3 2.58 16.41 18.99 NOTE
r-devel-linux-x86_64-debian-gcc 0.1.3 1.95 13.95 15.90 NOTE
r-devel-linux-x86_64-fedora-clang 0.1.3 24.22 NOTE
r-devel-linux-x86_64-fedora-gcc 0.1.3 22.94 NOTE
r-devel-windows-ix86+x86_64 0.1.3 11.00 31.00 42.00 OK
r-patched-linux-x86_64 0.1.3 NOTE
r-patched-solaris-x86 0.1.3 39.00 OK
r-release-linux-x86_64 0.1.3 2.38 16.35 18.73 NOTE
r-release-windows-ix86+x86_64 0.1.3 10.00 30.00 40.00 OK
r-release-osx-x86_64 0.1.3 OK
r-oldrel-windows-ix86+x86_64 0.1.3 8.00 26.00 34.00 OK
r-oldrel-osx-x86_64 0.1.3 OK

Check Details

Version: 0.1.3
Check: compiled code
Result: NOTE
    File ‘monreg/libs/monreg.so’:
     Found no calls to: ‘R_registerRoutines’, ‘R_useDynamicSymbols’
    
    It is good practice to register native routines and to disable symbol
    search.
    
    See ‘Writing portable packages’ in the ‘Writing R Extensions’ manual.
Flavors: r-devel-linux-x86_64-debian-clang, r-devel-linux-x86_64-debian-gcc, r-devel-linux-x86_64-fedora-clang, r-devel-linux-x86_64-fedora-gcc, r-patched-linux-x86_64, r-release-linux-x86_64