CRAN Package Check Results for Package monreg

Last updated on 2014-04-23 17:47:48.

Flavor Version Tinstall Tcheck Ttotal Status Flags
r-devel-linux-x86_64-debian-clang 0.1.2 1.07 8.82 9.89 OK
r-devel-linux-x86_64-debian-gcc 0.1.2 1.34 9.49 10.83 OK
r-devel-linux-x86_64-fedora-clang 0.1.2 19.74 NOTE
r-devel-linux-x86_64-fedora-gcc 0.1.2 19.34 NOTE
r-devel-osx-x86_64-clang 0.1.2 20.68 OK
r-devel-osx-x86_64-gcc 0.1.2 OK
r-devel-windows-ix86+x86_64 0.1.2 5.00 16.00 21.00 OK
r-patched-linux-x86_64 0.1.2 1.33 8.87 10.20 OK
r-patched-solaris-sparc 0.1.2 112.80 OK
r-patched-solaris-x86 0.1.2 30.90 OK
r-release-linux-ix86 0.1.2 2.00 21.00 23.00 OK
r-release-linux-x86_64 0.1.2 1.36 8.98 10.34 OK
r-release-osx-x86_64-mavericks 0.1.2 OK
r-release-windows-ix86+x86_64 0.1.2 10.00 22.00 32.00 OK
r-oldrel-windows-ix86+x86_64 0.1.2 6.00 19.00 25.00 OK

Check Details

Version: 0.1.2
Check: Rd line widths
Result: NOTE
    Rd file 'monvardiff.rd':
     \usage lines wider than 90 characters:
     monvardiff(x,y,a=min(x),b=max(x),N=length(x),t=length(x),r=2,hr,Kr="epanech",hd,Kd="epanech",degree=1,inverse=0,monotonie="isoton")
    
    Rd file 'monvarresid.rd':
     \usage lines wider than 90 characters:
     monvarresid(x,y,a=min(x),b=max(x),N=length(x),t=length(x),h,K="epanech",hd,Kd="epanech",hr,Kr="epanech",mdegree=1,sdegree=1,inverse=0,m ... [TRUNCATED]
    
    These lines will be truncated in the PDF manual.
Flavors: r-devel-linux-x86_64-fedora-clang, r-devel-linux-x86_64-fedora-gcc