CRAN Package Check Results for Package monreg

Last updated on 2017-03-29 11:49:39.

Flavor Version Tinstall Tcheck Ttotal Status Flags
r-devel-linux-x86_64-debian-clang 0.1.3 1.52 12.11 13.63 NOTE
r-devel-linux-x86_64-debian-gcc 0.1.3 1.49 11.03 12.52 NOTE
r-devel-linux-x86_64-fedora-clang 0.1.3 20.44 NOTE --no-stop-on-test-error
r-devel-linux-x86_64-fedora-gcc 0.1.3 18.82 NOTE --no-stop-on-test-error
r-devel-macos-x86_64-clang 0.1.3 18.36 NOTE --no-stop-on-test-error
r-devel-windows-ix86+x86_64 0.1.3 7.00 48.00 55.00 OK
r-patched-linux-x86_64 0.1.3 1.38 11.00 12.38 NOTE
r-patched-solaris-sparc 0.1.3 123.70 OK
r-patched-solaris-x86 0.1.3 32.50 OK
r-release-linux-x86_64 0.1.3 1.37 9.35 10.73 OK
r-release-osx-x86_64-mavericks 0.1.3 OK
r-release-windows-ix86+x86_64 0.1.3 6.00 24.00 30.00 OK
r-oldrel-windows-ix86+x86_64 0.1.3 7.00 24.00 31.00 OK

Check Details

Version: 0.1.3
Check: compiled code
Result: NOTE
    File ‘monreg/libs/monreg.so’:
     Found no calls to: ‘R_registerRoutines’, ‘R_useDynamicSymbols’
    
    It is good practice to register native routines and to disable symbol
    search.
    
    See ‘Writing portable packages’ in the ‘Writing R Extensions’ manual.
Flavors: r-devel-linux-x86_64-debian-clang, r-devel-linux-x86_64-debian-gcc, r-patched-linux-x86_64

Version: 0.1.3
Flags: --no-stop-on-test-error
Check: compiled code
Result: NOTE
    File ‘monreg/libs/monreg.so’:
     Found no calls to: ‘R_registerRoutines’, ‘R_useDynamicSymbols’
    
    It is good practice to register native routines and to disable symbol
    search.
    
    See ‘Writing portable packages’ in the ‘Writing R Extensions’ manual.
Flavors: r-devel-linux-x86_64-fedora-clang, r-devel-linux-x86_64-fedora-gcc, r-devel-macos-x86_64-clang