CRAN Package Check Results for Package monreg

Last updated on 2014-08-20 17:47:46.

Flavor Version Tinstall Tcheck Ttotal Status Flags
r-devel-linux-x86_64-debian-clang 0.1.2 0.96 8.46 9.42 OK
r-devel-linux-x86_64-debian-gcc 0.1.2 1.26 8.96 10.21 OK
r-devel-linux-x86_64-fedora-clang 0.1.2 19.13 NOTE
r-devel-linux-x86_64-fedora-gcc 0.1.2 18.77 NOTE
r-devel-osx-x86_64-clang 0.1.2 22.39 OK
r-devel-windows-ix86+x86_64 0.1.2 5.00 15.00 20.00 OK
r-patched-linux-x86_64 0.1.2 1.25 8.62 9.87 OK
r-patched-solaris-sparc 0.1.2 128.70 OK
r-patched-solaris-x86 0.1.2 30.30 OK
r-release-linux-ix86 0.1.2 1.86 14.36 16.22 OK
r-release-linux-x86_64 0.1.2 1.29 8.73 10.02 OK
r-release-osx-x86_64-mavericks 0.1.2 OK
r-release-windows-ix86+x86_64 0.1.2 9.00 18.00 27.00 OK
r-oldrel-windows-ix86+x86_64 0.1.2 6.00 19.00 25.00 OK

Check Details

Version: 0.1.2
Check: Rd line widths
Result: NOTE
    Rd file 'monvardiff.rd':
     \usage lines wider than 90 characters:
     monvardiff(x,y,a=min(x),b=max(x),N=length(x),t=length(x),r=2,hr,Kr="epanech",hd,Kd="epanech",degree=1,inverse=0,monotonie="isoton")
    
    Rd file 'monvarresid.rd':
     \usage lines wider than 90 characters:
     monvarresid(x,y,a=min(x),b=max(x),N=length(x),t=length(x),h,K="epanech",hd,Kd="epanech",hr,Kr="epanech",mdegree=1,sdegree=1,inverse=0,m ... [TRUNCATED]
    
    These lines will be truncated in the PDF manual.
Flavors: r-devel-linux-x86_64-fedora-clang, r-devel-linux-x86_64-fedora-gcc