CRAN Package Check Results for Package monreg

Last updated on 2014-12-18 23:47:53.

Flavor Version Tinstall Tcheck Ttotal Status Flags
r-devel-linux-x86_64-debian-clang 0.1.2 1.25 9.46 10.72 NOTE
r-devel-linux-x86_64-debian-gcc 0.1.2 1.31 9.18 10.49 NOTE
r-devel-linux-x86_64-fedora-clang 0.1.2 21.78 NOTE
r-devel-linux-x86_64-fedora-gcc 0.1.2 21.32 NOTE
r-devel-osx-x86_64-clang 0.1.2 22.62 OK
r-devel-windows-ix86+x86_64 0.1.2 8.00 31.00 39.00 OK
r-patched-linux-x86_64 0.1.2 1.32 8.84 10.16 NOTE
r-patched-solaris-sparc 0.1.2 128.70 OK
r-patched-solaris-x86 0.1.2 31.70 OK
r-release-linux-ix86 0.1.2 1.83 13.93 15.76 OK
r-release-linux-x86_64 0.1.2 1.31 8.92 10.23 NOTE
r-release-osx-x86_64-mavericks 0.1.2 OK
r-release-windows-ix86+x86_64 0.1.2 6.00 19.00 25.00 OK
r-oldrel-windows-ix86+x86_64 0.1.2 6.00 19.00 25.00 OK

Check Details

Version: 0.1.2
Check: Rd line widths
Result: NOTE
    Rd file 'monvardiff.rd':
     \usage lines wider than 90 characters:
     monvardiff(x,y,a=min(x),b=max(x),N=length(x),t=length(x),r=2,hr,Kr="epanech",hd,Kd="epanech",degree=1,inverse=0,monotonie="isoton")
    
    Rd file 'monvarresid.rd':
     \usage lines wider than 90 characters:
     monvarresid(x,y,a=min(x),b=max(x),N=length(x),t=length(x),h,K="epanech",hd,Kd="epanech",hr,Kr="epanech",mdegree=1,sdegree=1,inverse=0,m ... [TRUNCATED]
    
    These lines will be truncated in the PDF manual.
Flavors: r-devel-linux-x86_64-debian-clang, r-devel-linux-x86_64-debian-gcc, r-devel-linux-x86_64-fedora-clang, r-devel-linux-x86_64-fedora-gcc, r-patched-linux-x86_64, r-release-linux-x86_64