CRAN Package Check Results for Package monreg

Last updated on 2015-01-27 05:47:38.

Flavor Version Tinstall Tcheck Ttotal Status Flags
r-devel-linux-x86_64-debian-clang 0.1.2 1.23 8.93 10.16 NOTE
r-devel-linux-x86_64-debian-gcc 0.1.2 1.28 8.65 9.92 NOTE
r-devel-linux-x86_64-fedora-clang 0.1.2 22.01 NOTE
r-devel-linux-x86_64-fedora-gcc 0.1.2 20.40 NOTE
r-devel-osx-x86_64-clang 0.1.2 23.47 OK
r-devel-windows-ix86+x86_64 0.1.2 7.00 19.00 26.00 OK
r-patched-linux-x86_64 0.1.2 1.47 9.02 10.49 NOTE
r-patched-solaris-sparc 0.1.2 125.50 OK
r-patched-solaris-x86 0.1.2 32.10 OK
r-release-linux-ix86 0.1.2 1.90 14.50 16.40 OK
r-release-linux-x86_64 0.1.2 1.34 9.30 10.64 NOTE
r-release-osx-x86_64-mavericks 0.1.2 OK
r-release-windows-ix86+x86_64 0.1.2 6.00 19.00 25.00 OK
r-oldrel-windows-ix86+x86_64 0.1.2 6.00 19.00 25.00 OK

Check Details

Version: 0.1.2
Check: Rd line widths
Result: NOTE
    Rd file 'monvardiff.rd':
     \usage lines wider than 90 characters:
     monvardiff(x,y,a=min(x),b=max(x),N=length(x),t=length(x),r=2,hr,Kr="epanech",hd,Kd="epanech",degree=1,inverse=0,monotonie="isoton")
    
    Rd file 'monvarresid.rd':
     \usage lines wider than 90 characters:
     monvarresid(x,y,a=min(x),b=max(x),N=length(x),t=length(x),h,K="epanech",hd,Kd="epanech",hr,Kr="epanech",mdegree=1,sdegree=1,inverse=0,m ... [TRUNCATED]
    
    These lines will be truncated in the PDF manual.
Flavors: r-devel-linux-x86_64-debian-clang, r-devel-linux-x86_64-debian-gcc, r-devel-linux-x86_64-fedora-clang, r-devel-linux-x86_64-fedora-gcc, r-patched-linux-x86_64, r-release-linux-x86_64