CRAN Package Check Results for Package monreg

Last updated on 2017-05-24 05:50:12.

Flavor Version Tinstall Tcheck Ttotal Status Flags
r-devel-linux-x86_64-debian-clang 0.1.3 1.77 11.65 13.42 NOTE
r-devel-linux-x86_64-debian-gcc 0.1.3 1.53 11.37 12.91 NOTE
r-devel-linux-x86_64-fedora-clang 0.1.3 20.49 NOTE --no-stop-on-test-error
r-devel-linux-x86_64-fedora-gcc 0.1.3 19.23 NOTE --no-stop-on-test-error
r-devel-windows-ix86+x86_64 0.1.3 13.00 26.00 39.00 OK
r-patched-linux-x86_64 0.1.3 1.44 11.62 13.06 NOTE
r-patched-solaris-sparc 0.1.3 123.70 OK
r-patched-solaris-x86 0.1.3 33.10 OK
r-release-linux-x86_64 0.1.3 1.50 11.27 12.78 NOTE
r-release-windows-ix86+x86_64 0.1.3 7.00 27.00 34.00 OK
r-release-osx-x86_64 0.1.3 OK
r-oldrel-windows-ix86+x86_64 0.1.3 6.00 24.00 30.00 OK
r-oldrel-osx-x86_64 0.1.3 OK

Check Details

Version: 0.1.3
Check: compiled code
Result: NOTE
    File ‘monreg/libs/monreg.so’:
     Found no calls to: ‘R_registerRoutines’, ‘R_useDynamicSymbols’
    
    It is good practice to register native routines and to disable symbol
    search.
    
    See ‘Writing portable packages’ in the ‘Writing R Extensions’ manual.
Flavors: r-devel-linux-x86_64-debian-clang, r-devel-linux-x86_64-debian-gcc, r-patched-linux-x86_64, r-release-linux-x86_64

Version: 0.1.3
Flags: --no-stop-on-test-error
Check: compiled code
Result: NOTE
    File ‘monreg/libs/monreg.so’:
     Found no calls to: ‘R_registerRoutines’, ‘R_useDynamicSymbols’
    
    It is good practice to register native routines and to disable symbol
    search.
    
    See ‘Writing portable packages’ in the ‘Writing R Extensions’ manual.
Flavors: r-devel-linux-x86_64-fedora-clang, r-devel-linux-x86_64-fedora-gcc