CRAN Package Check Results for Package monreg

Last updated on 2014-09-18 15:48:23.

Flavor Version Tinstall Tcheck Ttotal Status Flags
r-devel-linux-x86_64-debian-clang 0.1.2 1.10 8.60 9.71 NOTE
r-devel-linux-x86_64-debian-gcc 0.1.2 1.21 8.73 9.94 NOTE
r-devel-linux-x86_64-fedora-clang 0.1.2 18.91 NOTE
r-devel-linux-x86_64-fedora-gcc 0.1.2 18.07 NOTE
r-devel-osx-x86_64-clang 0.1.2 22.37 OK
r-devel-windows-ix86+x86_64 0.1.2 5.00 18.00 23.00 OK
r-patched-linux-x86_64 0.1.2 1.36 8.81 10.17 NOTE
r-patched-solaris-sparc 0.1.2 128.70 OK
r-patched-solaris-x86 0.1.2 29.70 OK
r-release-linux-ix86 0.1.2 1.89 14.78 16.67 OK
r-release-linux-x86_64 0.1.2 1.30 8.80 10.10 NOTE
r-release-osx-x86_64-mavericks 0.1.2 OK
r-release-windows-ix86+x86_64 0.1.2 9.00 18.00 27.00 OK
r-oldrel-windows-ix86+x86_64 0.1.2 6.00 19.00 25.00 OK

Check Details

Version: 0.1.2
Check: Rd line widths
Result: NOTE
    Rd file 'monvardiff.rd':
     \usage lines wider than 90 characters:
     monvardiff(x,y,a=min(x),b=max(x),N=length(x),t=length(x),r=2,hr,Kr="epanech",hd,Kd="epanech",degree=1,inverse=0,monotonie="isoton")
    
    Rd file 'monvarresid.rd':
     \usage lines wider than 90 characters:
     monvarresid(x,y,a=min(x),b=max(x),N=length(x),t=length(x),h,K="epanech",hd,Kd="epanech",hr,Kr="epanech",mdegree=1,sdegree=1,inverse=0,m ... [TRUNCATED]
    
    These lines will be truncated in the PDF manual.
Flavors: r-devel-linux-x86_64-debian-clang, r-devel-linux-x86_64-debian-gcc, r-devel-linux-x86_64-fedora-clang, r-devel-linux-x86_64-fedora-gcc, r-patched-linux-x86_64, r-release-linux-x86_64