CRAN Package Check Results for Package monreg

Last updated on 2017-08-17 09:47:05.

Flavor Version Tinstall Tcheck Ttotal Status Flags
r-devel-linux-x86_64-debian-clang 0.1.3 1.54 11.40 12.93 NOTE
r-devel-linux-x86_64-debian-gcc 0.1.3 1.54 10.95 12.49 NOTE
r-devel-linux-x86_64-fedora-clang 0.1.3 20.35 NOTE
r-devel-linux-x86_64-fedora-gcc 0.1.3 19.47 NOTE
r-devel-windows-ix86+x86_64 0.1.3 11.00 27.00 38.00 OK
r-patched-linux-x86_64 0.1.3 1.47 10.99 12.46 NOTE
r-patched-solaris-x86 0.1.3 34.00 OK
r-release-linux-x86_64 0.1.3 1.74 11.31 13.06 NOTE
r-release-windows-ix86+x86_64 0.1.3 8.00 26.00 34.00 OK
r-release-osx-x86_64 0.1.3 OK
r-oldrel-windows-ix86+x86_64 0.1.3 6.00 24.00 30.00 OK
r-oldrel-osx-x86_64 0.1.3 OK

Check Details

Version: 0.1.3
Check: compiled code
Result: NOTE
    File ‘monreg/libs/monreg.so’:
     Found no calls to: ‘R_registerRoutines’, ‘R_useDynamicSymbols’
    
    It is good practice to register native routines and to disable symbol
    search.
    
    See ‘Writing portable packages’ in the ‘Writing R Extensions’ manual.
Flavors: r-devel-linux-x86_64-debian-clang, r-devel-linux-x86_64-debian-gcc, r-devel-linux-x86_64-fedora-clang, r-devel-linux-x86_64-fedora-gcc, r-patched-linux-x86_64, r-release-linux-x86_64