CRAN Package Check Results for Package monreg

Last updated on 2017-10-22 22:48:55.

Flavor Version Tinstall Tcheck Ttotal Status Flags
r-devel-linux-x86_64-debian-clang 0.1.3 1.38 11.28 12.66 NOTE
r-devel-linux-x86_64-debian-gcc 0.1.3 3.17 12.08 15.25 NOTE
r-devel-linux-x86_64-fedora-clang 0.1.3 21.23 NOTE
r-devel-linux-x86_64-fedora-gcc 0.1.3 19.96 NOTE
r-devel-windows-ix86+x86_64 0.1.3 10.00 27.00 37.00 OK
r-patched-linux-x86_64 0.1.3 1.52 11.26 12.78 NOTE
r-patched-solaris-x86 0.1.3 35.10 OK
r-release-linux-x86_64 0.1.3 1.47 11.14 12.61 NOTE
r-release-windows-ix86+x86_64 0.1.3 8.00 26.00 34.00 OK
r-release-osx-x86_64 0.1.3 OK
r-oldrel-windows-ix86+x86_64 0.1.3 6.00 24.00 30.00 OK
r-oldrel-osx-x86_64 0.1.3 OK

Check Details

Version: 0.1.3
Check: compiled code
Result: NOTE
    File ‘monreg/libs/monreg.so’:
     Found no calls to: ‘R_registerRoutines’, ‘R_useDynamicSymbols’
    
    It is good practice to register native routines and to disable symbol
    search.
    
    See ‘Writing portable packages’ in the ‘Writing R Extensions’ manual.
Flavors: r-devel-linux-x86_64-debian-clang, r-devel-linux-x86_64-debian-gcc, r-devel-linux-x86_64-fedora-clang, r-devel-linux-x86_64-fedora-gcc, r-patched-linux-x86_64, r-release-linux-x86_64