CRAN Package Check Results for Package monreg

Last updated on 2017-06-28 20:48:39.

Flavor Version Tinstall Tcheck Ttotal Status Flags
r-devel-linux-x86_64-debian-clang 0.1.3 1.73 10.97 12.71 NOTE
r-devel-linux-x86_64-debian-gcc 0.1.3 1.49 10.20 11.69 NOTE
r-devel-linux-x86_64-fedora-clang 0.1.3 20.34 NOTE
r-devel-linux-x86_64-fedora-gcc 0.1.3 19.54 NOTE
r-devel-windows-ix86+x86_64 0.1.3 10.00 26.00 36.00 OK
r-patched-linux-x86_64 0.1.3 1.50 10.47 11.97 NOTE
r-patched-solaris-sparc 0.1.3 123.70 OK
r-patched-solaris-x86 0.1.3 33.60 OK
r-release-linux-x86_64 0.1.3 1.41 10.81 12.23 NOTE
r-release-windows-ix86+x86_64 0.1.3 7.00 27.00 34.00 OK
r-release-osx-x86_64 0.1.3 OK
r-oldrel-windows-ix86+x86_64 0.1.3 6.00 24.00 30.00 OK
r-oldrel-osx-x86_64 0.1.3 OK

Check Details

Version: 0.1.3
Check: compiled code
Result: NOTE
    File ‘monreg/libs/monreg.so’:
     Found no calls to: ‘R_registerRoutines’, ‘R_useDynamicSymbols’
    
    It is good practice to register native routines and to disable symbol
    search.
    
    See ‘Writing portable packages’ in the ‘Writing R Extensions’ manual.
Flavors: r-devel-linux-x86_64-debian-clang, r-devel-linux-x86_64-debian-gcc, r-devel-linux-x86_64-fedora-clang, r-devel-linux-x86_64-fedora-gcc, r-patched-linux-x86_64, r-release-linux-x86_64