CRAN Package Check Results for Package moodleR

Last updated on 2021-12-06 08:51:18 CET.

Flavor Version Tinstall Tcheck Ttotal Status Flags
r-devel-linux-x86_64-debian-clang 0.3.2 10.69 112.78 123.47 OK
r-devel-linux-x86_64-debian-gcc 0.3.2 10.89 86.55 97.44 OK
r-devel-linux-x86_64-fedora-clang 0.3.2 153.87 NOTE
r-devel-linux-x86_64-fedora-gcc 0.3.2 138.61 NOTE
r-devel-windows-x86_64-new-UL 0.3.2 23.00 153.00 176.00 OK
r-devel-windows-x86_64-new-TK 0.3.2 NOTE
r-devel-windows-x86_64-old 0.3.2 18.00 97.00 115.00 OK
r-patched-linux-x86_64 0.3.2 10.62 98.67 109.29 OK
r-release-linux-x86_64 0.3.2 12.23 106.56 118.79 OK
r-release-macos-arm64 0.3.2 NOTE
r-release-macos-x86_64 0.3.2 NOTE
r-release-windows-ix86+x86_64 0.3.2 26.00 132.00 158.00 OK
r-oldrel-macos-x86_64 0.3.2 NOTE
r-oldrel-windows-ix86+x86_64 0.3.2 27.00 129.00 156.00 OK

Check Details

Version: 0.3.2
Check: dependencies in R code
Result: NOTE
    Namespace in Imports field not imported from: ‘here’
     All declared Imports should be used.
Flavors: r-devel-linux-x86_64-fedora-clang, r-devel-linux-x86_64-fedora-gcc, r-devel-windows-x86_64-new-TK, r-release-macos-arm64, r-release-macos-x86_64, r-oldrel-macos-x86_64