CRAN Package Check Results for Package moonsun

Last updated on 2015-05-30 06:46:54.

Flavor Version Tinstall Tcheck Ttotal Status Flags
r-devel-linux-x86_64-debian-clang 0.1.3 0.72 14.28 15.00 NOTE
r-devel-linux-x86_64-debian-gcc 0.1.3 0.68 13.96 14.64 NOTE
r-devel-linux-x86_64-fedora-clang 0.1.3 28.19 NOTE
r-devel-linux-x86_64-fedora-gcc 0.1.3 26.73 NOTE
r-devel-osx-x86_64-clang 0.1.3 31.99 NOTE
r-devel-windows-ix86+x86_64 0.1.3 3.00 21.00 24.00 OK
r-patched-linux-x86_64 0.1.3 0.67 13.86 14.53 NOTE
r-patched-solaris-sparc 0.1.3 182.60 NOTE
r-patched-solaris-x86 0.1.3 39.40 NOTE
r-release-linux-x86_64 0.1.3 0.85 13.93 14.78 NOTE
r-release-osx-x86_64-mavericks 0.1.3 OK
r-release-osx-x86_64-snowleopard 0.1.3 OK
r-release-windows-ix86+x86_64 0.1.3 2.00 26.00 28.00 OK
r-oldrel-windows-ix86+x86_64 0.1.3 5.00 24.00 29.00 OK

Check Details

Version: 0.1.3
Check: S3 generic/method consistency
Result: NOTE
    Found the following apparent S3 methods exported but not registered:
     format.dms format.jd format.time plot.apos plot.rst print.eqc
     print.jd print.time
    See section ‘Registering S3 methods’ in the ‘Writing R Extensions’
    manual.
Flavors: r-devel-linux-x86_64-debian-clang, r-devel-linux-x86_64-debian-gcc, r-devel-linux-x86_64-fedora-clang, r-devel-linux-x86_64-fedora-gcc, r-devel-osx-x86_64-clang, r-patched-linux-x86_64, r-patched-solaris-sparc, r-patched-solaris-x86, r-release-linux-x86_64