CRAN Package Check Results for Package moonsun

Last updated on 2015-03-04 19:50:22.

Flavor Version Tinstall Tcheck Ttotal Status Flags
r-devel-linux-x86_64-debian-clang 0.1.3 0.72 14.27 14.98 NOTE
r-devel-linux-x86_64-debian-gcc 0.1.3 0.68 13.77 14.44 NOTE
r-devel-linux-x86_64-fedora-clang 0.1.3 28.15 NOTE
r-devel-linux-x86_64-fedora-gcc 0.1.3 26.36 NOTE
r-devel-osx-x86_64-clang 0.1.3 29.86 NOTE
r-devel-windows-ix86+x86_64 0.1.3 4.00 23.00 27.00 OK
r-patched-linux-x86_64 0.1.3 0.74 14.75 15.48 OK
r-patched-solaris-sparc 0.1.3 186.70 OK
r-patched-solaris-x86 0.1.3 41.80 OK
r-release-linux-ix86 0.1.3 1.10 21.41 22.52 OK
r-release-linux-x86_64 0.1.3 1.02 14.58 15.60 OK
r-release-osx-x86_64-mavericks 0.1.3 OK
r-release-osx-x86_64-snowleopard 0.1.3 OK
r-release-windows-ix86+x86_64 0.1.3 2.00 22.00 24.00 OK
r-oldrel-windows-ix86+x86_64 0.1.3 2.00 22.00 24.00 OK

Check Details

Version: 0.1.3
Check: S3 generic/method consistency
Result: NOTE
    Found the following apparent S3 methods exported but not registered:
     format.dms format.jd format.time plot.apos plot.rst print.eqc
     print.jd print.time
    See section ‘Registering S3 methods’ in the ‘Writing R Extensions’
    manual.
Flavors: r-devel-linux-x86_64-debian-clang, r-devel-linux-x86_64-debian-gcc, r-devel-linux-x86_64-fedora-clang, r-devel-linux-x86_64-fedora-gcc, r-devel-osx-x86_64-clang