CRAN Package Check Results for Package moonsun

Last updated on 2015-07-01 03:47:37.

Flavor Version Tinstall Tcheck Ttotal Status Flags
r-devel-linux-x86_64-debian-clang 0.1.3 0.66 13.52 14.18 NOTE
r-devel-linux-x86_64-debian-gcc 0.1.3 0.65 14.32 14.97 NOTE
r-devel-linux-x86_64-fedora-clang 0.1.3 26.26 NOTE
r-devel-linux-x86_64-fedora-gcc 0.1.3 25.27 NOTE
r-devel-osx-x86_64-clang 0.1.3 28.05 NOTE
r-devel-windows-ix86+x86_64 0.1.3 4.00 30.00 34.00 OK
r-patched-linux-x86_64 0.1.3 0.67 14.31 14.98 NOTE
r-patched-solaris-sparc 0.1.3 182.60 NOTE
r-patched-solaris-x86 0.1.3 39.40 NOTE
r-release-linux-x86_64 0.1.3 0.72 15.28 16.00 NOTE
r-release-osx-x86_64-mavericks 0.1.3 OK
r-release-windows-ix86+x86_64 0.1.3 2.00 26.00 28.00 OK
r-oldrel-windows-ix86+x86_64 0.1.3 5.00 24.00 29.00 OK

Check Details

Version: 0.1.3
Check: S3 generic/method consistency
Result: NOTE
    Found the following apparent S3 methods exported but not registered:
     format.dms format.jd format.time plot.apos plot.rst print.eqc
     print.jd print.time
    See section ‘Registering S3 methods’ in the ‘Writing R Extensions’
    manual.
Flavors: r-devel-linux-x86_64-debian-clang, r-devel-linux-x86_64-debian-gcc, r-devel-linux-x86_64-fedora-clang, r-devel-linux-x86_64-fedora-gcc, r-devel-osx-x86_64-clang, r-patched-linux-x86_64, r-patched-solaris-sparc, r-patched-solaris-x86, r-release-linux-x86_64

Version: 0.1.3
Check: R code for possible problems
Result: NOTE
    plot.apos: no visible global function definition for ‘plot’
    plot.apos: no visible global function definition for ‘abline’
    plot.apos: no visible global function definition for ‘text’
    plot.rst: no visible global function definition for ‘matplot’
    plot.rst: no visible global function definition for ‘abline’
    plot.rst: no visible global function definition for ‘text’
    track : background: no visible global function definition for ‘par’
    track : background: no visible global function definition for ‘plot’
    track : background: no visible global function definition for ‘axTicks’
    track : background: no visible global function definition for ‘abline’
    track : background: no visible global function definition for ‘box’
    track : tracks: no visible global function definition for ‘lines’
    track : magselect: no visible global function definition for ‘na.omit’
    track : add.stars: no visible global function definition for ‘points’
    track : addlab.eqc: no visible global function definition for ‘points’
    track : addlab.eqc: no visible global function definition for ‘text’
    track : add.planet: no visible global function definition for ‘text’
    track : add.planet: no visible global function definition for ‘points’
    track : add.ecliptic: no visible global function definition for ‘lines’
    track : add.brightlab: no visible global function definition for ‘text’
    track: no visible global function definition for ‘par’
    track: no visible binding for global variable ‘axis’
    track: no visible global function definition for ‘title’
Flavors: r-devel-linux-x86_64-debian-clang, r-devel-linux-x86_64-debian-gcc, r-devel-linux-x86_64-fedora-clang, r-devel-linux-x86_64-fedora-gcc