CRAN Package Check Results for Package moonsun

Last updated on 2015-09-01 09:47:56.

Flavor Version Tinstall Tcheck Ttotal Status Flags
r-devel-linux-x86_64-debian-clang 0.1.3 0.68 13.67 14.36 NOTE
r-devel-linux-x86_64-debian-gcc 0.1.3 0.66 13.70 14.35 NOTE
r-devel-linux-x86_64-fedora-clang 0.1.3 27.05 NOTE
r-devel-linux-x86_64-fedora-gcc 0.1.3 25.46 NOTE
r-devel-osx-x86_64-clang 0.1.3 27.57 NOTE
r-devel-windows-ix86+x86_64 0.1.3 3.00 33.00 36.00 NOTE
r-patched-linux-x86_64 0.1.3 0.67 14.21 14.88 NOTE
r-patched-solaris-sparc 0.1.3 185.00 NOTE
r-patched-solaris-x86 0.1.3 40.10 NOTE
r-release-linux-x86_64 0.1.3 0.68 14.08 14.76 NOTE
r-release-osx-x86_64-mavericks 0.1.3 OK
r-release-windows-ix86+x86_64 0.1.3 3.00 22.00 25.00 OK
r-oldrel-windows-ix86+x86_64 0.1.3 5.00 24.00 29.00 OK

Check Details

Version: 0.1.3
Check: S3 generic/method consistency
Result: NOTE
    Found the following apparent S3 methods exported but not registered:
     format.dms format.jd format.time plot.apos plot.rst print.eqc
     print.jd print.time
    See section ‘Registering S3 methods’ in the ‘Writing R Extensions’
    manual.
Flavors: r-devel-linux-x86_64-debian-clang, r-devel-linux-x86_64-debian-gcc, r-devel-linux-x86_64-fedora-clang, r-devel-linux-x86_64-fedora-gcc, r-devel-osx-x86_64-clang, r-patched-linux-x86_64, r-patched-solaris-sparc, r-patched-solaris-x86, r-release-linux-x86_64

Version: 0.1.3
Check: R code for possible problems
Result: NOTE
    plot.apos: no visible global function definition for ‘plot’
    plot.apos: no visible global function definition for ‘abline’
    plot.apos: no visible global function definition for ‘text’
    plot.rst: no visible global function definition for ‘matplot’
    plot.rst: no visible global function definition for ‘abline’
    plot.rst: no visible global function definition for ‘text’
    track : background: no visible global function definition for ‘par’
    track : background: no visible global function definition for ‘plot’
    track : background: no visible global function definition for ‘axTicks’
    track : background: no visible global function definition for ‘abline’
    track : background: no visible global function definition for ‘box’
    track : tracks: no visible global function definition for ‘lines’
    track : magselect: no visible global function definition for ‘na.omit’
    track : add.stars: no visible global function definition for ‘points’
    track : addlab.eqc: no visible global function definition for ‘points’
    track : addlab.eqc: no visible global function definition for ‘text’
    track : add.planet: no visible global function definition for ‘text’
    track : add.planet: no visible global function definition for ‘points’
    track : add.ecliptic: no visible global function definition for ‘lines’
    track : add.brightlab: no visible global function definition for ‘text’
    track: no visible global function definition for ‘par’
    track: no visible binding for global variable ‘axis’
    track: no visible global function definition for ‘title’
    Undefined global functions or variables:
     abline axTicks axis box lines matplot na.omit par plot points text
     title
    Consider adding
     importFrom("graphics", "abline", "axTicks", "axis", "box", "lines",
     "matplot", "par", "plot", "points", "text", "title")
     importFrom("stats", "na.omit")
    to your NAMESPACE.
Flavors: r-devel-linux-x86_64-debian-clang, r-devel-linux-x86_64-debian-gcc, r-devel-linux-x86_64-fedora-clang, r-devel-linux-x86_64-fedora-gcc, r-devel-windows-ix86+x86_64