CRAN Package Check Results for Package moonsun

Last updated on 2015-01-31 08:49:47.

Flavor Version Tinstall Tcheck Ttotal Status Flags
r-devel-linux-x86_64-debian-clang 0.1.3 0.75 14.38 15.13 NOTE
r-devel-linux-x86_64-debian-gcc 0.1.3 0.68 14.45 15.13 NOTE
r-devel-linux-x86_64-fedora-clang 0.1.3 30.81 NOTE
r-devel-linux-x86_64-fedora-gcc 0.1.3 30.61 NOTE
r-devel-osx-x86_64-clang 0.1.3 31.75 NOTE
r-devel-windows-ix86+x86_64 0.1.3 3.00 23.00 26.00 OK
r-patched-linux-x86_64 0.1.3 0.74 14.85 15.59 OK
r-patched-solaris-sparc 0.1.3 173.30 OK
r-patched-solaris-x86 0.1.3 42.10 OK
r-release-linux-ix86 0.1.3 1.04 21.14 22.18 OK
r-release-linux-x86_64 0.1.3 0.78 14.58 15.35 OK
r-release-osx-x86_64-mavericks 0.1.3 OK
r-release-osx-x86_64-snowleopard 0.1.3 OK
r-release-windows-ix86+x86_64 0.1.3 2.00 22.00 24.00 OK
r-oldrel-windows-ix86+x86_64 0.1.3 2.00 22.00 24.00 OK

Check Details

Version: 0.1.3
Check: S3 generic/method consistency
Result: NOTE
    Found the following apparent S3 methods exported but not registered:
     format.dms format.jd format.time print.eqc print.jd print.time
     plot.apos plot.rst
    See section ‘Registering S3 methods’ in the ‘Writing R Extensions’
    manual.
Flavors: r-devel-linux-x86_64-debian-clang, r-devel-linux-x86_64-debian-gcc, r-devel-linux-x86_64-fedora-clang, r-devel-linux-x86_64-fedora-gcc, r-devel-osx-x86_64-clang