CRAN Package Check Results for Package mopac

Last updated on 2024-04-23 13:52:27 CEST.

Flavor Version Tinstall Tcheck Ttotal Status Flags
r-devel-linux-x86_64-debian-clang 0.1.0 2.17 20.39 22.56 OK
r-devel-linux-x86_64-debian-gcc 0.1.0 1.45 15.73 17.18 OK
r-devel-linux-x86_64-fedora-clang 0.1.0 28.81 NOTE
r-devel-linux-x86_64-fedora-gcc 0.1.0 26.99 NOTE
r-prerel-macos-arm64 0.1.0 14.00 OK
r-prerel-windows-x86_64 0.1.0 4.00 39.00 43.00 OK
r-patched-linux-x86_64 0.1.0 2.43 19.30 21.73 OK
r-release-linux-x86_64 0.1.0 1.84 19.37 21.21 OK
r-release-macos-arm64 0.1.0 15.00 OK
r-release-macos-x86_64 0.1.0 18.00 OK
r-release-windows-x86_64 0.1.0 3.00 38.00 41.00 OK
r-oldrel-macos-arm64 0.1.0 16.00 OK
r-oldrel-windows-x86_64 0.1.0 4.00 42.00 46.00 OK

Check Details

Version: 0.1.0
Check: data for non-ASCII characters
Result: NOTE Note: found 13 marked UTF-8 strings Flavors: r-devel-linux-x86_64-fedora-clang, r-devel-linux-x86_64-fedora-gcc