CRAN Package Check Results for Package mopac

Last updated on 2021-11-29 15:51:18 CET.

Flavor Version Tinstall Tcheck Ttotal Status Flags
r-devel-linux-x86_64-debian-clang 0.1.0 2.07 18.65 20.72 OK
r-devel-linux-x86_64-debian-gcc 0.1.0 1.65 15.14 16.79 OK
r-devel-linux-x86_64-fedora-clang 0.1.0 36.77 NOTE
r-devel-linux-x86_64-fedora-gcc 0.1.0 26.06 NOTE
r-devel-windows-x86_64-new-UL 0.1.0 8.00 54.00 62.00 OK
r-devel-windows-x86_64-new-TK 0.1.0 NOTE
r-devel-windows-x86_64-old 0.1.0 5.00 26.00 31.00 OK
r-patched-linux-x86_64 0.1.0 2.14 18.14 20.28 OK
r-patched-solaris-x86 0.1.0 42.50 NOTE
r-release-linux-x86_64 0.1.0 2.00 18.26 20.26 OK
r-release-macos-arm64 0.1.0 NOTE
r-release-macos-x86_64 0.1.0 NOTE
r-release-windows-ix86+x86_64 0.1.0 6.00 27.00 33.00 OK
r-oldrel-macos-x86_64 0.1.0 NOTE
r-oldrel-windows-ix86+x86_64 0.1.0 4.00 34.00 38.00 OK

Check Details

Version: 0.1.0
Check: data for non-ASCII characters
Result: NOTE
     Note: found 13 marked UTF-8 strings
Flavors: r-devel-linux-x86_64-fedora-clang, r-devel-linux-x86_64-fedora-gcc, r-devel-windows-x86_64-new-TK, r-patched-solaris-x86, r-release-macos-arm64, r-release-macos-x86_64, r-oldrel-macos-x86_64