CRAN Package Check Results for Package mopsocd

Last updated on 2017-01-22 22:48:28.

Flavor Version Tinstall Tcheck Ttotal Status Flags
r-devel-linux-x86_64-debian-clang 0.5.1 0.67 15.07 15.74 NOTE
r-devel-linux-x86_64-debian-gcc 0.5.1 0.57 14.68 15.25 NOTE
r-devel-linux-x86_64-fedora-clang 0.5.1 27.09 NOTE --no-stop-on-test-error
r-devel-linux-x86_64-fedora-gcc 0.5.1 29.94 NOTE --no-stop-on-test-error
r-devel-macos-x86_64-clang 0.5.1 23.99 NOTE --no-stop-on-test-error
r-devel-windows-ix86+x86_64 0.5.1 2.00 32.00 34.00 NOTE
r-patched-linux-x86_64 0.5.1 0.52 13.04 13.56 NOTE
r-patched-solaris-sparc 0.5.1 147.10 NOTE
r-patched-solaris-x86 0.5.1 34.80 NOTE
r-release-linux-x86_64 0.5.1 0.55 13.53 14.07 NOTE
r-release-osx-x86_64-mavericks 0.5.1 NOTE
r-release-windows-ix86+x86_64 0.5.1 3.00 29.00 32.00 NOTE
r-oldrel-windows-ix86+x86_64 0.5.1 4.00 37.00 41.00 OK

Check Details

Version: 0.5.1
Check: R code for possible problems
Result: NOTE
    mopsocd : initialize_pop: no visible global function definition for
     ‘runif’
    mopsocd : compute_velocity: no visible global function definition for
     ‘runif’
    mopsocd : mutate: no visible global function definition for ‘runif’
    Undefined global functions or variables:
     runif
    Consider adding
     importFrom("stats", "runif")
    to your NAMESPACE file.
Flavors: r-devel-linux-x86_64-debian-clang, r-devel-linux-x86_64-debian-gcc, r-devel-windows-ix86+x86_64, r-patched-linux-x86_64, r-patched-solaris-sparc, r-patched-solaris-x86, r-release-linux-x86_64, r-release-osx-x86_64-mavericks, r-release-windows-ix86+x86_64

Version: 0.5.1
Flags: --no-stop-on-test-error
Check: R code for possible problems
Result: NOTE
    mopsocd : initialize_pop: no visible global function definition for
     ‘runif’
    mopsocd : compute_velocity: no visible global function definition for
     ‘runif’
    mopsocd : mutate: no visible global function definition for ‘runif’
    Undefined global functions or variables:
     runif
    Consider adding
     importFrom("stats", "runif")
    to your NAMESPACE file.
Flavors: r-devel-linux-x86_64-fedora-clang, r-devel-linux-x86_64-fedora-gcc, r-devel-macos-x86_64-clang