CRAN Package Check Results for Package mopsocd

Last updated on 2017-07-22 21:48:22.

Flavor Version Tinstall Tcheck Ttotal Status Flags
r-devel-linux-x86_64-debian-clang 0.5.1 0.56 21.30 21.86 NOTE
r-devel-linux-x86_64-debian-gcc 0.5.1 0.56 20.95 21.51 NOTE
r-devel-linux-x86_64-fedora-clang 0.5.1 28.59 NOTE
r-devel-linux-x86_64-fedora-gcc 0.5.1 25.53 NOTE
r-devel-windows-ix86+x86_64 0.5.1 2.00 30.00 32.00 NOTE
r-patched-linux-x86_64 0.5.1 0.58 21.61 22.20 NOTE
r-patched-solaris-x86 0.5.1 41.20 NOTE
r-release-linux-x86_64 0.5.1 0.61 21.30 21.91 NOTE
r-release-windows-ix86+x86_64 0.5.1 2.00 62.00 64.00 NOTE
r-release-osx-x86_64 0.5.1 NOTE
r-oldrel-windows-ix86+x86_64 0.5.1 2.00 29.00 31.00 NOTE
r-oldrel-osx-x86_64 0.5.1 NOTE

Check Details

Version: 0.5.1
Check: R code for possible problems
Result: NOTE
    mopsocd : initialize_pop: no visible global function definition for
     ‘runif’
    mopsocd : compute_velocity: no visible global function definition for
     ‘runif’
    mopsocd : mutate: no visible global function definition for ‘runif’
    Undefined global functions or variables:
     runif
    Consider adding
     importFrom("stats", "runif")
    to your NAMESPACE file.
Flavors: r-devel-linux-x86_64-debian-clang, r-devel-linux-x86_64-debian-gcc, r-devel-linux-x86_64-fedora-clang, r-devel-linux-x86_64-fedora-gcc, r-devel-windows-ix86+x86_64, r-patched-linux-x86_64, r-patched-solaris-x86, r-release-linux-x86_64, r-release-windows-ix86+x86_64, r-release-osx-x86_64, r-oldrel-windows-ix86+x86_64, r-oldrel-osx-x86_64