CRAN Package Check Results for Package mopsocd

Last updated on 2015-08-04 19:50:38.

Flavor Version Tinstall Tcheck Ttotal Status Flags
r-devel-linux-x86_64-debian-clang 0.5.1 0.48 12.68 13.15 NOTE
r-devel-linux-x86_64-debian-gcc 0.5.1 0.46 12.24 12.70 NOTE
r-devel-linux-x86_64-fedora-clang 0.5.1 25.74 NOTE
r-devel-linux-x86_64-fedora-gcc 0.5.1 24.88 NOTE
r-devel-osx-x86_64-clang 0.5.1 25.86 OK
r-devel-windows-ix86+x86_64 0.5.1 2.00 21.00 23.00 NOTE
r-patched-linux-x86_64 0.5.1 0.55 13.04 13.59 OK
r-patched-solaris-sparc 0.5.1 174.30 OK
r-patched-solaris-x86 0.5.1 37.00 OK
r-release-linux-x86_64 0.5.1 0.50 12.99 13.49 OK
r-release-osx-x86_64-mavericks 0.5.1 OK
r-release-windows-ix86+x86_64 0.5.1 3.00 22.00 25.00 OK
r-oldrel-windows-ix86+x86_64 0.5.1 3.00 24.00 27.00 OK

Check Details

Version: 0.5.1
Check: R code for possible problems
Result: NOTE
    mopsocd : initialize_pop: no visible global function definition for
     ‘runif’
    mopsocd : compute_velocity: no visible global function definition for
     ‘runif’
    mopsocd : mutate: no visible global function definition for ‘runif’
    Undefined global functions or variables:
     runif
    Consider adding
     importFrom("stats", "runif")
    to your NAMESPACE.
Flavors: r-devel-linux-x86_64-debian-clang, r-devel-linux-x86_64-debian-gcc, r-devel-linux-x86_64-fedora-clang, r-devel-linux-x86_64-fedora-gcc, r-devel-windows-ix86+x86_64