CRAN Package Check Results for Package mopsocd

Last updated on 2015-07-04 17:47:29.

Flavor Version Tinstall Tcheck Ttotal Status Flags
r-devel-linux-x86_64-debian-clang 0.5.1 0.52 12.48 13.00 NOTE
r-devel-linux-x86_64-debian-gcc 0.5.1 0.46 12.46 12.92 NOTE
r-devel-linux-x86_64-fedora-clang 0.5.1 25.02 NOTE
r-devel-linux-x86_64-fedora-gcc 0.5.1 24.47 NOTE
r-devel-osx-x86_64-clang 0.5.1 24.25 OK
r-devel-windows-ix86+x86_64 0.5.1 3.00 29.00 32.00 OK
r-patched-linux-x86_64 0.5.1 0.49 13.06 13.54 OK
r-patched-solaris-sparc 0.5.1 185.80 OK
r-patched-solaris-x86 0.5.1 36.60 OK
r-release-linux-x86_64 0.5.1 0.60 13.16 13.76 OK
r-release-osx-x86_64-mavericks 0.5.1 OK
r-release-windows-ix86+x86_64 0.5.1 2.00 22.00 24.00 OK
r-oldrel-windows-ix86+x86_64 0.5.1 3.00 23.00 26.00 OK

Check Details

Version: 0.5.1
Check: R code for possible problems
Result: NOTE
    mopsocd : initialize_pop: no visible global function definition for
     ‘runif’
    mopsocd : compute_velocity: no visible global function definition for
     ‘runif’
    mopsocd : mutate: no visible global function definition for ‘runif’
    Undefined global functions or variables:
     runif
Flavors: r-devel-linux-x86_64-debian-clang, r-devel-linux-x86_64-debian-gcc, r-devel-linux-x86_64-fedora-clang, r-devel-linux-x86_64-fedora-gcc