CRAN Package Check Results for Package mopsocd

Last updated on 2016-04-30 15:47:04.

Flavor Version Tinstall Tcheck Ttotal Status Flags
r-devel-linux-x86_64-debian-gcc 0.5.1 0.53 13.35 13.88 NOTE
r-devel-linux-x86_64-fedora-clang 0.5.1 24.40 NOTE
r-devel-linux-x86_64-fedora-gcc 0.5.1 22.64 NOTE
r-devel-osx-x86_64-clang 0.5.1 27.35 NOTE
r-devel-windows-ix86+x86_64 0.5.1 2.00 30.00 32.00 NOTE
r-patched-linux-x86_64 0.5.1 0.53 13.13 13.66 NOTE
r-patched-solaris-sparc 0.5.1 146.80 NOTE
r-patched-solaris-x86 0.5.1 33.20 NOTE
r-release-linux-x86_64 0.5.1 0.54 14.09 14.63 OK
r-release-osx-x86_64-mavericks 0.5.1 OK
r-release-windows-ix86+x86_64 0.5.1 2.00 20.00 22.00 OK
r-oldrel-windows-ix86+x86_64 0.5.1 3.00 24.00 27.00 OK

Check Details

Version: 0.5.1
Check: R code for possible problems
Result: NOTE
    mopsocd : initialize_pop: no visible global function definition for
     ‘runif’
    mopsocd : compute_velocity: no visible global function definition for
     ‘runif’
    mopsocd : mutate: no visible global function definition for ‘runif’
    Undefined global functions or variables:
     runif
    Consider adding
     importFrom("stats", "runif")
    to your NAMESPACE file.
Flavors: r-devel-linux-x86_64-debian-gcc, r-devel-linux-x86_64-fedora-clang, r-devel-linux-x86_64-fedora-gcc, r-devel-osx-x86_64-clang, r-devel-windows-ix86+x86_64, r-patched-linux-x86_64, r-patched-solaris-sparc, r-patched-solaris-x86