CRAN Package Check Results for Package mopsocd

Last updated on 2016-06-27 23:47:09.

Flavor Version Tinstall Tcheck Ttotal Status Flags
r-devel-linux-x86_64-debian-gcc 0.5.1 0.58 13.50 14.08 NOTE
r-devel-linux-x86_64-fedora-clang 0.5.1 24.73 NOTE
r-devel-linux-x86_64-fedora-gcc 0.5.1 22.65 NOTE
r-devel-osx-x86_64-clang 0.5.1 20.65 NOTE
r-devel-windows-ix86+x86_64 0.5.1 2.00 30.00 32.00 NOTE
r-patched-linux-x86_64 0.5.1 0.69 14.88 15.57 NOTE
r-patched-solaris-sparc 0.5.1 145.10 NOTE
r-patched-solaris-x86 0.5.1 32.20 NOTE
r-release-linux-x86_64 0.5.1 0.53 12.95 13.47 NOTE
r-release-osx-x86_64-mavericks 0.5.1 NOTE
r-release-windows-ix86+x86_64 0.5.1 2.00 30.00 32.00 NOTE
r-oldrel-windows-ix86+x86_64 0.5.1 2.00 29.00 31.00 OK

Check Details

Version: 0.5.1
Check: R code for possible problems
Result: NOTE
    mopsocd : initialize_pop: no visible global function definition for
     ‘runif’
    mopsocd : compute_velocity: no visible global function definition for
     ‘runif’
    mopsocd : mutate: no visible global function definition for ‘runif’
    Undefined global functions or variables:
     runif
    Consider adding
     importFrom("stats", "runif")
    to your NAMESPACE file.
Flavors: r-devel-linux-x86_64-debian-gcc, r-devel-linux-x86_64-fedora-clang, r-devel-linux-x86_64-fedora-gcc, r-devel-osx-x86_64-clang, r-devel-windows-ix86+x86_64, r-patched-linux-x86_64, r-patched-solaris-sparc, r-patched-solaris-x86, r-release-linux-x86_64, r-release-osx-x86_64-mavericks, r-release-windows-ix86+x86_64