CRAN Package Check Results for Package mopsocd

Last updated on 2018-02-24 08:49:10 CET.

Flavor Version Tinstall Tcheck Ttotal Status Flags
r-devel-linux-x86_64-debian-clang 0.5.1 1.41 22.85 24.26 NOTE
r-devel-linux-x86_64-debian-gcc 0.5.1 0.96 17.54 18.50 NOTE
r-devel-linux-x86_64-fedora-clang 0.5.1 30.13 NOTE
r-devel-linux-x86_64-fedora-gcc 0.5.1 27.54 NOTE
r-devel-windows-ix86+x86_64 0.5.1 3.00 29.00 32.00 NOTE
r-patched-linux-x86_64 0.5.1 0.59 22.60 23.19 NOTE
r-patched-solaris-x86 0.5.1 41.90 NOTE
r-release-linux-x86_64 0.5.1 0.67 22.91 23.58 NOTE
r-release-windows-ix86+x86_64 0.5.1 2.00 29.00 31.00 NOTE
r-release-osx-x86_64 0.5.1 NOTE
r-oldrel-windows-ix86+x86_64 0.5.1 2.00 29.00 31.00 NOTE
r-oldrel-osx-x86_64 0.5.1 NOTE

Check Details

Version: 0.5.1
Check: R code for possible problems
Result: NOTE
    mopsocd : initialize_pop: no visible global function definition for
     ‘runif’
    mopsocd : compute_velocity: no visible global function definition for
     ‘runif’
    mopsocd : mutate: no visible global function definition for ‘runif’
    Undefined global functions or variables:
     runif
    Consider adding
     importFrom("stats", "runif")
    to your NAMESPACE file.
Flavors: r-devel-linux-x86_64-debian-clang, r-devel-linux-x86_64-debian-gcc, r-devel-linux-x86_64-fedora-clang, r-devel-linux-x86_64-fedora-gcc, r-devel-windows-ix86+x86_64, r-patched-linux-x86_64, r-patched-solaris-x86, r-release-linux-x86_64, r-release-windows-ix86+x86_64, r-release-osx-x86_64, r-oldrel-windows-ix86+x86_64, r-oldrel-osx-x86_64