CRAN Package Check Results for Package mopsocd

Last updated on 2016-07-30 14:49:47.

Flavor Version Tinstall Tcheck Ttotal Status Flags
r-devel-linux-x86_64-debian-clang 0.5.1 0.48 13.38 13.86 NOTE
r-devel-linux-x86_64-debian-gcc 0.5.1 0.48 13.01 13.49 NOTE
r-devel-linux-x86_64-fedora-clang 0.5.1 23.93 NOTE
r-devel-linux-x86_64-fedora-gcc 0.5.1 22.18 NOTE
r-devel-osx-x86_64-clang 0.5.1 20.52 NOTE
r-devel-windows-ix86+x86_64 0.5.1 2.00 32.00 34.00 NOTE
r-patched-linux-x86_64 0.5.1 0.53 13.01 13.54 NOTE
r-patched-solaris-sparc 0.5.1 145.10 NOTE
r-patched-solaris-x86 0.5.1 31.30 NOTE
r-release-linux-x86_64 0.5.1 0.68 15.69 16.36 NOTE
r-release-osx-x86_64-mavericks 0.5.1 NOTE
r-release-windows-ix86+x86_64 0.5.1 2.00 30.00 32.00 NOTE
r-oldrel-windows-ix86+x86_64 0.5.1 2.00 29.00 31.00 OK

Check Details

Version: 0.5.1
Check: R code for possible problems
Result: NOTE
    mopsocd : initialize_pop: no visible global function definition for
     ‘runif’
    mopsocd : compute_velocity: no visible global function definition for
     ‘runif’
    mopsocd : mutate: no visible global function definition for ‘runif’
    Undefined global functions or variables:
     runif
    Consider adding
     importFrom("stats", "runif")
    to your NAMESPACE file.
Flavors: r-devel-linux-x86_64-debian-clang, r-devel-linux-x86_64-debian-gcc, r-devel-linux-x86_64-fedora-clang, r-devel-linux-x86_64-fedora-gcc, r-devel-osx-x86_64-clang, r-devel-windows-ix86+x86_64, r-patched-linux-x86_64, r-patched-solaris-sparc, r-patched-solaris-x86, r-release-linux-x86_64, r-release-osx-x86_64-mavericks, r-release-windows-ix86+x86_64