CRAN Package Check Results for Package mopsocd

Last updated on 2018-09-19 20:46:35 CEST.

Flavor Version Tinstall Tcheck Ttotal Status Flags
r-devel-linux-x86_64-debian-clang 0.5.1 0.97 24.67 25.64 NOTE
r-devel-linux-x86_64-debian-gcc 0.5.1 1.04 19.24 20.28 NOTE
r-devel-linux-x86_64-fedora-clang 0.5.1 35.36 NOTE
r-devel-linux-x86_64-fedora-gcc 0.5.1 29.41 NOTE
r-devel-windows-ix86+x86_64 0.5.1 3.00 33.00 36.00 NOTE
r-patched-linux-x86_64 0.5.1 1.23 23.12 24.35 NOTE
r-patched-solaris-x86 0.5.1 46.30 NOTE
r-release-linux-x86_64 0.5.1 0.88 22.78 23.66 NOTE
r-release-windows-ix86+x86_64 0.5.1 4.00 30.00 34.00 NOTE
r-release-osx-x86_64 0.5.1 NOTE
r-oldrel-windows-ix86+x86_64 0.5.1 3.00 40.00 43.00 NOTE
r-oldrel-osx-x86_64 0.5.1 NOTE

Check Details

Version: 0.5.1
Check: R code for possible problems
Result: NOTE
    mopsocd : initialize_pop: no visible global function definition for
     ‘runif’
    mopsocd : compute_velocity: no visible global function definition for
     ‘runif’
    mopsocd : mutate: no visible global function definition for ‘runif’
    Undefined global functions or variables:
     runif
    Consider adding
     importFrom("stats", "runif")
    to your NAMESPACE file.
Flavors: r-devel-linux-x86_64-debian-clang, r-devel-linux-x86_64-debian-gcc, r-devel-linux-x86_64-fedora-clang, r-devel-linux-x86_64-fedora-gcc, r-devel-windows-ix86+x86_64, r-patched-linux-x86_64, r-patched-solaris-x86, r-release-linux-x86_64, r-release-windows-ix86+x86_64, r-release-osx-x86_64, r-oldrel-windows-ix86+x86_64, r-oldrel-osx-x86_64