CRAN Package Check Results for Package mopsocd

Last updated on 2017-04-24 08:48:03.

Flavor Version Tinstall Tcheck Ttotal Status Flags
r-devel-linux-x86_64-debian-clang 0.5.1 0.59 16.10 16.69 NOTE
r-devel-linux-x86_64-debian-gcc 0.5.1 0.55 14.90 15.45 NOTE
r-devel-linux-x86_64-fedora-clang 0.5.1 30.86 NOTE --no-stop-on-test-error
r-devel-linux-x86_64-fedora-gcc 0.5.1 26.41 NOTE --no-stop-on-test-error
r-devel-windows-ix86+x86_64 0.5.1 2.00 32.00 34.00 NOTE
r-patched-linux-x86_64 0.5.1 0.58 14.91 15.49 NOTE
r-patched-solaris-sparc 0.5.1 173.40 NOTE
r-patched-solaris-x86 0.5.1 41.60 NOTE
r-release-linux-x86_64 0.5.1 0.54 15.14 15.68 NOTE
r-release-windows-ix86+x86_64 0.5.1 2.00 30.00 32.00 NOTE
r-release-osx-x86_64 0.5.1 NOTE
r-oldrel-windows-ix86+x86_64 0.5.1 5.00 39.00 44.00 NOTE
r-oldrel-osx-x86_64 0.5.1 NOTE

Check Details

Version: 0.5.1
Check: R code for possible problems
Result: NOTE
    mopsocd : initialize_pop: no visible global function definition for
     ‘runif’
    mopsocd : compute_velocity: no visible global function definition for
     ‘runif’
    mopsocd : mutate: no visible global function definition for ‘runif’
    Undefined global functions or variables:
     runif
    Consider adding
     importFrom("stats", "runif")
    to your NAMESPACE file.
Flavors: r-devel-linux-x86_64-debian-clang, r-devel-linux-x86_64-debian-gcc, r-devel-windows-ix86+x86_64, r-patched-linux-x86_64, r-patched-solaris-sparc, r-patched-solaris-x86, r-release-linux-x86_64, r-release-windows-ix86+x86_64, r-release-osx-x86_64, r-oldrel-windows-ix86+x86_64, r-oldrel-osx-x86_64

Version: 0.5.1
Flags: --no-stop-on-test-error
Check: R code for possible problems
Result: NOTE
    mopsocd : initialize_pop: no visible global function definition for
     ‘runif’
    mopsocd : compute_velocity: no visible global function definition for
     ‘runif’
    mopsocd : mutate: no visible global function definition for ‘runif’
    Undefined global functions or variables:
     runif
    Consider adding
     importFrom("stats", "runif")
    to your NAMESPACE file.
Flavors: r-devel-linux-x86_64-fedora-clang, r-devel-linux-x86_64-fedora-gcc