CRAN Package Check Results for Package mopsocd

Last updated on 2016-02-10 21:47:23.

Flavor Version Tinstall Tcheck Ttotal Status Flags
r-devel-linux-x86_64-debian-gcc 0.5.1 0.49 13.01 13.50 NOTE
r-devel-linux-x86_64-fedora-clang 0.5.1 25.38 NOTE
r-devel-linux-x86_64-fedora-gcc 0.5.1 26.70 NOTE
r-devel-osx-x86_64-clang 0.5.1 26.27 NOTE
r-devel-windows-ix86+x86_64 0.5.1 4.00 23.00 27.00 NOTE
r-patched-linux-x86_64 0.5.1 0.58 13.46 14.04 OK
r-patched-solaris-sparc 0.5.1 152.70 OK
r-patched-solaris-x86 0.5.1 33.40 OK
r-release-linux-x86_64 0.5.1 0.55 12.95 13.50 OK
r-release-osx-x86_64-mavericks 0.5.1 OK
r-release-windows-ix86+x86_64 0.5.1 2.00 20.00 22.00 OK
r-oldrel-windows-ix86+x86_64 0.5.1 3.00 24.00 27.00 OK

Check Details

Version: 0.5.1
Check: R code for possible problems
Result: NOTE
    mopsocd : initialize_pop: no visible global function definition for
     ‘runif’
    mopsocd : compute_velocity: no visible global function definition for
     ‘runif’
    mopsocd : mutate: no visible global function definition for ‘runif’
    Undefined global functions or variables:
     runif
    Consider adding
     importFrom("stats", "runif")
    to your NAMESPACE file.
Flavors: r-devel-linux-x86_64-debian-gcc, r-devel-linux-x86_64-fedora-clang, r-devel-linux-x86_64-fedora-gcc, r-devel-osx-x86_64-clang, r-devel-windows-ix86+x86_64