CRAN Package Check Results for Package mosaic

Last updated on 2014-09-02 10:51:51.

Flavor Version Tinstall Tcheck Ttotal Status Flags
r-devel-linux-x86_64-debian-clang 0.9.1-3 11.12 124.89 136.01 NOTE
r-devel-linux-x86_64-debian-gcc 0.9.1-3 9.80 125.38 135.18 NOTE
r-devel-linux-x86_64-fedora-clang 0.9.1-3 319.08 NOTE
r-devel-linux-x86_64-fedora-gcc 0.9.1-3 303.43 NOTE
r-devel-osx-x86_64-clang 0.9.1-3 237.19 NOTE
r-devel-windows-ix86+x86_64 0.9.1-3 19.00 199.00 218.00 NOTE
r-patched-linux-x86_64 0.9.1-3 9.93 136.29 146.22 NOTE
r-patched-solaris-sparc 0.9.1-3 1523.70 NOTE
r-patched-solaris-x86 0.9.1-3 407.40 NOTE
r-release-linux-ix86 0.9.1-3 12.31 167.51 179.82 NOTE
r-release-linux-x86_64 0.9.1-3 9.55 135.76 145.30 NOTE
r-release-osx-x86_64-mavericks 0.9.1-3 NOTE
r-release-osx-x86_64-snowleopard 0.9.1-3 ERROR
r-release-windows-ix86+x86_64 0.9.1-3 22.00 221.00 243.00 NOTE
r-oldrel-windows-ix86+x86_64 0.9.1-3 20.00 246.00 266.00 NOTE

Check Details

Version: 0.9.1-3
Check: package dependencies
Result: NOTE
    Package which this enhances but not available for checking: ‘manipulate’
Flavors: r-devel-linux-x86_64-debian-clang, r-devel-linux-x86_64-debian-gcc, r-devel-linux-x86_64-fedora-clang, r-devel-linux-x86_64-fedora-gcc, r-devel-osx-x86_64-clang, r-devel-windows-ix86+x86_64, r-patched-linux-x86_64, r-patched-solaris-sparc, r-patched-solaris-x86, r-release-linux-ix86, r-release-linux-x86_64, r-release-osx-x86_64-mavericks, r-release-windows-ix86+x86_64, r-oldrel-windows-ix86+x86_64

Version: 0.9.1-3
Check: installed package size
Result: NOTE
     installed size is 9.0Mb
     sub-directories of 1Mb or more:
     R 1.8Mb
     doc 6.7Mb
Flavors: r-devel-linux-x86_64-debian-clang, r-devel-linux-x86_64-debian-gcc, r-devel-linux-x86_64-fedora-clang, r-devel-linux-x86_64-fedora-gcc, r-devel-osx-x86_64-clang, r-devel-windows-ix86+x86_64, r-patched-linux-x86_64, r-patched-solaris-sparc, r-patched-solaris-x86, r-release-linux-ix86, r-release-linux-x86_64, r-release-osx-x86_64-mavericks, r-release-windows-ix86+x86_64, r-oldrel-windows-ix86+x86_64

Version: 0.9.1-3
Check: re-building of vignette outputs
Result: NOTE
    Error in re-building vignettes:
     ...
    Warning: running command 'kpsewhich framed.sty' had status 1
    Warning in test_latex_pkg("framed", system.file("misc", "framed.sty", package = "knitr")) :
     unable to find LaTeX package 'framed'; will use a copy from knitr
    Error in texi2dvi(file = file, pdf = TRUE, clean = clean, quiet = quiet, :
     Running 'texi2dvi' on 'mosaicresources.tex' failed.
    LaTeX errors:
    ! LaTeX Error: File `xstring.sty' not found.
    
    Type X to quit or <RETURN> to proceed,
    or enter new name. (Default extension: sty)
    
    test/mosaic/vignettes/mosaicresources.tex:63: ==> Fatal error occurred, no out
    put PDF file produced!
    Calls: buildVignettes -> texi2pdf -> texi2dvi
    Execution halted
Flavor: r-release-osx-x86_64-mavericks

Version: 0.9.1-3
Check: package dependencies
Result: ERROR
    Package required but not available: ‘mosaicData’
    
    Package which this enhances but not available for checking: ‘manipulate’
    
    See the information on DESCRIPTION files in the chapter ‘Creating R
    packages’ of the ‘Writing R Extensions’ manual.
Flavor: r-release-osx-x86_64-snowleopard