CRAN Package Check Results for Package mosaic

Last updated on 2016-09-30 15:47:22.

Flavor Version Tinstall Tcheck Ttotal Status Flags
r-devel-linux-x86_64-debian-clang 0.14.4 10.79 250.93 261.71 NOTE
r-devel-linux-x86_64-debian-gcc 0.14.4 10.45 233.62 244.08 NOTE
r-devel-linux-x86_64-fedora-clang 0.14.4 501.83 NOTE
r-devel-linux-x86_64-fedora-gcc 0.14.4 455.05 NOTE
r-devel-macos-x86_64-clang 0.14.4 371.41 NOTE
r-devel-windows-ix86+x86_64 0.14.4 36.00 570.00 606.00 NOTE
r-patched-linux-x86_64 0.14.4 10.79 220.93 231.73 NOTE
r-patched-solaris-sparc 0.14.4 2491.70 NOTE
r-patched-solaris-x86 0.14.4 592.90 NOTE
r-release-linux-x86_64 0.14.4 11.30 242.41 253.71 NOTE
r-release-osx-x86_64-mavericks 0.14.4 NOTE
r-release-windows-ix86+x86_64 0.14.4 21.00 450.00 471.00 NOTE
r-oldrel-windows-ix86+x86_64 0.14.4 39.00 578.00 617.00 NOTE

Check Details

Version: 0.14.4
Check: installed package size
Result: NOTE
     installed size is 9.3Mb
     sub-directories of 1Mb or more:
     R 1.8Mb
     doc 6.9Mb
Flavors: r-devel-linux-x86_64-debian-clang, r-devel-linux-x86_64-debian-gcc, r-devel-linux-x86_64-fedora-clang, r-devel-linux-x86_64-fedora-gcc, r-devel-macos-x86_64-clang, r-devel-windows-ix86+x86_64, r-patched-linux-x86_64, r-patched-solaris-sparc, r-patched-solaris-x86, r-release-linux-x86_64, r-release-osx-x86_64-mavericks, r-release-windows-ix86+x86_64, r-oldrel-windows-ix86+x86_64