CRAN Package Check Results for Package mosaic

Last updated on 2015-01-30 14:48:53.

Flavor Version Tinstall Tcheck Ttotal Status Flags
r-devel-linux-x86_64-debian-clang 0.9.2-2 10.26 140.73 151.00 NOTE
r-devel-linux-x86_64-debian-gcc 0.9.2-2 9.15 136.28 145.43 NOTE
r-devel-linux-x86_64-fedora-clang 0.9.2-2 308.62 NOTE
r-devel-linux-x86_64-fedora-gcc 0.9.2-2 296.27 NOTE
r-devel-osx-x86_64-clang 0.9.2-2 278.73 NOTE
r-devel-windows-ix86+x86_64 0.9.2-2 29.00 193.00 222.00 NOTE
r-patched-linux-x86_64 0.9.2-2 10.64 153.78 164.42 NOTE
r-patched-solaris-sparc 0.9.2-2 1680.40 NOTE
r-patched-solaris-x86 0.9.2-2 392.10 NOTE
r-release-linux-ix86 0.9.2-2 13.14 166.86 180.01 NOTE
r-release-linux-x86_64 0.9.2-2 11.20 151.44 162.65 NOTE
r-release-osx-x86_64-mavericks 0.9.2-2 NOTE
r-release-osx-x86_64-snowleopard 0.9.2-2 NOTE
r-release-windows-ix86+x86_64 0.9.2-2 25.00 238.00 263.00 NOTE
r-oldrel-windows-ix86+x86_64 0.9.2-2 24.00 241.00 265.00 NOTE

Check Details

Version: 0.9.2-2
Check: installed package size
Result: NOTE
     installed size is 9.5Mb
     sub-directories of 1Mb or more:
     R 1.8Mb
     doc 7.1Mb
Flavors: r-devel-linux-x86_64-debian-clang, r-devel-linux-x86_64-debian-gcc, r-devel-linux-x86_64-fedora-clang, r-devel-linux-x86_64-fedora-gcc, r-devel-osx-x86_64-clang, r-devel-windows-ix86+x86_64, r-patched-linux-x86_64, r-patched-solaris-sparc, r-patched-solaris-x86, r-release-linux-ix86, r-release-linux-x86_64, r-release-osx-x86_64-mavericks, r-release-osx-x86_64-snowleopard, r-release-windows-ix86+x86_64, r-oldrel-windows-ix86+x86_64

Version: 0.9.2-2
Check: package dependencies
Result: NOTE
    Package suggested but not available for checking: 'tidyr'
Flavor: r-oldrel-windows-ix86+x86_64