CRAN Package Check Results for Package mosaic

Last updated on 2015-04-27 11:48:44.

Flavor Version Tinstall Tcheck Ttotal Status Flags
r-devel-linux-x86_64-debian-clang 0.9.2-2 12.33 128.42 140.75 ERROR
r-devel-linux-x86_64-debian-gcc 0.9.2-2 11.61 127.02 138.63 ERROR
r-devel-linux-x86_64-fedora-clang 0.9.2-2 283.96 ERROR
r-devel-linux-x86_64-fedora-gcc 0.9.2-2 265.76 ERROR
r-devel-osx-x86_64-clang 0.9.2-2 230.72 ERROR
r-devel-windows-ix86+x86_64 0.9.2-2 30.00 181.00 211.00 ERROR
r-patched-linux-x86_64 0.9.2-2 11.91 129.48 141.39 ERROR
r-patched-solaris-sparc 0.9.2-2 1641.20 ERROR
r-patched-solaris-x86 0.9.2-2 336.60 ERROR
r-release-linux-x86_64 0.9.2-2 11.70 123.15 134.85 ERROR
r-release-osx-x86_64-mavericks 0.9.2-2 ERROR
r-release-osx-x86_64-snowleopard 0.9.2-2 ERROR
r-release-windows-ix86+x86_64 0.9.2-2 37.00 236.00 273.00 ERROR
r-oldrel-windows-ix86+x86_64 0.9.2-2 32.00 131.00 163.00 ERROR

Check Details

Version: 0.9.2-2
Check: installed package size
Result: NOTE
     installed size is 9.5Mb
     sub-directories of 1Mb or more:
     R 1.8Mb
     doc 7.1Mb
Flavors: r-devel-linux-x86_64-debian-clang, r-devel-linux-x86_64-debian-gcc, r-devel-linux-x86_64-fedora-clang, r-devel-linux-x86_64-fedora-gcc, r-devel-osx-x86_64-clang, r-devel-windows-ix86+x86_64, r-patched-solaris-sparc, r-patched-solaris-x86, r-release-linux-x86_64, r-release-windows-ix86+x86_64, r-oldrel-windows-ix86+x86_64

Version: 0.9.2-2
Check: examples
Result: ERROR
    Running examples in ‘mosaic-Ex.R’ failed
    The error most likely occurred in:
    
    > ### Name: CIAdata
    > ### Title: Return a dataset based on the CIA World Factbook
    > ### Aliases: CIAdata
    >
    > ### ** Examples
    >
    > head(CIAdata())
     Category Field Name Code Unit
    1 Geography Area area 2147 sq km
    2 People and Society Population pop 2119 people
    3 People and Society Population growth rate growth 2002 %
    4 People and Society Birth rate birth 2054 births/1000 people
    5 People and Society Death rate death 2066 deaths/1000 people
    6 People and Society Net migration rate migr 2112 migrants/1000 people
    > gdpData <- CIAdata("pop")
    Loading required namespace: RCurl
    Error in names(table) <- c("country", name) :
     'names' attribute [2] must be the same length as the vector [0]
    Calls: CIAdata
    Execution halted
Flavors: r-devel-linux-x86_64-debian-clang, r-devel-linux-x86_64-debian-gcc, r-devel-linux-x86_64-fedora-clang, r-devel-linux-x86_64-fedora-gcc, r-devel-osx-x86_64-clang, r-devel-windows-ix86+x86_64, r-patched-solaris-sparc, r-patched-solaris-x86, r-release-linux-x86_64, r-release-windows-ix86+x86_64, r-oldrel-windows-ix86+x86_64

Version: 0.9.2-2
Check: package dependencies
Result: ERROR
    Package suggested but not available for checking: ‘R.rsp’
    
    VignetteBuilder package required for checking but installed: ‘R.rsp’
    
    See section ‘The DESCRIPTION file’ in the ‘Writing R Extensions’
    manual.
Flavor: r-release-osx-x86_64-mavericks

Version: 0.9.2-2
Check: package dependencies
Result: ERROR
    Packages required but not available:
     ‘car’ ‘dplyr’ ‘ggplot2’ ‘mosaicData’ ‘latticeExtra’ ‘gridExtra’
     ‘ggdendro’
    
    Packages suggested but not available for checking: ‘tidyr’ ‘knitr’
    
    VignetteBuilder package required for checking but not installed: ‘knitr’
    
    Files named as vignettes but with no recognized vignette engine:
     ‘inst/doc/mosaicresources.Rnw’
    (Is a VignetteBuilder field missing?)
    
    See section ‘The DESCRIPTION file’ in the ‘Writing R Extensions’
    manual.
Flavor: r-release-osx-x86_64-snowleopard