CRAN Package Check Results for Package mosaic

Last updated on 2016-07-26 23:48:23.

Flavor Version Tinstall Tcheck Ttotal Status Flags
r-devel-linux-x86_64-debian-clang 0.14 12.67 264.58 277.25 NOTE
r-devel-linux-x86_64-debian-gcc 0.14 12.96 262.28 275.24 NOTE
r-devel-linux-x86_64-fedora-clang 0.14 478.22 NOTE
r-devel-linux-x86_64-fedora-gcc 0.14 451.79 NOTE
r-devel-osx-x86_64-clang 0.14 391.73 NOTE
r-devel-windows-ix86+x86_64 0.14 31.00 478.00 509.00 NOTE
r-patched-linux-x86_64 0.14 12.05 259.73 271.78 NOTE
r-patched-solaris-sparc 0.14 2557.10 NOTE
r-patched-solaris-x86 0.14 589.10 NOTE
r-release-linux-x86_64 0.14 12.56 260.46 273.02 NOTE
r-release-osx-x86_64-mavericks 0.14 NOTE
r-release-windows-ix86+x86_64 0.14 32.00 574.00 606.00 NOTE
r-oldrel-windows-ix86+x86_64 0.14 39.00 465.00 504.00 NOTE

Check Details

Version: 0.14
Check: installed package size
Result: NOTE
     installed size is 9.3Mb
     sub-directories of 1Mb or more:
     R 1.8Mb
     doc 6.9Mb
Flavors: r-devel-linux-x86_64-debian-clang, r-devel-linux-x86_64-debian-gcc, r-devel-linux-x86_64-fedora-clang, r-devel-linux-x86_64-fedora-gcc, r-devel-osx-x86_64-clang, r-devel-windows-ix86+x86_64, r-patched-linux-x86_64, r-patched-solaris-sparc, r-patched-solaris-x86, r-release-linux-x86_64, r-release-osx-x86_64-mavericks, r-release-windows-ix86+x86_64, r-oldrel-windows-ix86+x86_64

Version: 0.14
Check: dependencies in R code
Result: NOTE
    Invalid MIT-MAGIC-COOKIE-1 key
Flavor: r-release-osx-x86_64-mavericks