CRAN Package Check Results for Package mosaic

Last updated on 2016-06-29 05:48:41.

Flavor Version Tinstall Tcheck Ttotal Status Flags
r-devel-linux-x86_64-debian-gcc 0.14 12.66 234.01 246.66 NOTE
r-devel-linux-x86_64-fedora-clang 0.14 469.65 NOTE
r-devel-linux-x86_64-fedora-gcc 0.14 450.71 NOTE
r-devel-osx-x86_64-clang 0.14 385.73 NOTE
r-devel-windows-ix86+x86_64 0.14 23.00 423.00 446.00 NOTE
r-patched-linux-x86_64 0.14 11.73 224.50 236.23 NOTE
r-patched-solaris-sparc 0.14 2557.10 NOTE
r-patched-solaris-x86 0.14 590.60 NOTE
r-release-linux-x86_64 0.14 11.33 218.20 229.54 NOTE
r-release-osx-x86_64-mavericks 0.14 NOTE
r-release-windows-ix86+x86_64 0.14 33.00 423.00 456.00 NOTE
r-oldrel-windows-ix86+x86_64 0.14 41.00 573.00 614.00 NOTE

Check Details

Version: 0.14
Check: installed package size
Result: NOTE
     installed size is 9.3Mb
     sub-directories of 1Mb or more:
     R 1.8Mb
     doc 6.9Mb
Flavors: r-devel-linux-x86_64-debian-gcc, r-devel-linux-x86_64-fedora-clang, r-devel-linux-x86_64-fedora-gcc, r-devel-osx-x86_64-clang, r-devel-windows-ix86+x86_64, r-patched-linux-x86_64, r-patched-solaris-sparc, r-patched-solaris-x86, r-release-linux-x86_64, r-release-osx-x86_64-mavericks, r-release-windows-ix86+x86_64, r-oldrel-windows-ix86+x86_64

Version: 0.14
Check: dependencies in R code
Result: NOTE
    Invalid MIT-MAGIC-COOKIE-1 key
Flavor: r-release-osx-x86_64-mavericks