CRAN Package Check Results for Package mosaic

Last updated on 2016-05-29 08:46:39.

Flavor Version Tinstall Tcheck Ttotal Status Flags
r-devel-linux-x86_64-debian-gcc 0.13.0 12.00 228.16 240.16 OK
r-devel-linux-x86_64-fedora-clang 0.13.0 484.80 OK
r-devel-linux-x86_64-fedora-gcc 0.13.0 463.51 OK
r-devel-osx-x86_64-clang 0.13.0 625.79 OK
r-devel-windows-ix86+x86_64 0.13.0 26.00 402.00 428.00 OK
r-patched-linux-x86_64 0.13.0 11.50 223.56 235.06 OK
r-patched-solaris-sparc 0.13.0 2683.90 NOTE
r-patched-solaris-x86 0.13.0 600.70 NOTE
r-release-linux-x86_64 0.13.0 12.11 219.26 231.37 OK
r-release-osx-x86_64-mavericks 0.13.0 NOTE
r-release-windows-ix86+x86_64 0.13.0 38.00 416.00 454.00 OK
r-oldrel-windows-ix86+x86_64 0.13.0 30.00 411.00 441.00 OK

Check Details

Version: 0.13.0
Check: installed package size
Result: NOTE
     installed size is 5.4Mb
     sub-directories of 1Mb or more:
     R 2.0Mb
     doc 2.8Mb
Flavors: r-patched-solaris-sparc, r-patched-solaris-x86

Version: 0.13.0
Check: dependencies in R code
Result: NOTE
    Invalid MIT-MAGIC-COOKIE-1 key
Flavor: r-release-osx-x86_64-mavericks