CRAN Package Check Results for Package mosaic

Last updated on 2017-03-27 06:48:21.

Flavor Version Tinstall Tcheck Ttotal Status Flags
r-devel-linux-x86_64-debian-clang 0.14.4 9.21 254.37 263.59 NOTE
r-devel-linux-x86_64-debian-gcc 0.14.4 9.33 244.46 253.79 NOTE
r-devel-linux-x86_64-fedora-clang 0.14.4 525.59 NOTE --no-stop-on-test-error
r-devel-linux-x86_64-fedora-gcc 0.14.4 513.94 NOTE --no-stop-on-test-error
r-devel-macos-x86_64-clang 0.14.4 401.69 NOTE --no-stop-on-test-error
r-patched-linux-x86_64 0.14.4 9.50 239.62 249.12 NOTE
r-patched-solaris-sparc 0.14.4 2979.20 NOTE
r-patched-solaris-x86 0.14.4 645.20 NOTE
r-release-linux-x86_64 0.14.4 8.93 222.19 231.12 NOTE
r-release-osx-x86_64-mavericks 0.14.4 NOTE
r-release-windows-ix86+x86_64 0.14.4 30.00 576.00 606.00 NOTE
r-oldrel-windows-ix86+x86_64 0.14.4 28.00 434.00 462.00 NOTE

Check Details

Version: 0.14.4
Check: R code for possible problems
Result: NOTE
    mMap: no visible binding for global variable ‘facet’
    mScatter: no visible binding for global variable ‘facet’
    mUniplot: no visible binding for global variable ‘facet’
    Undefined global functions or variables:
     facet
Flavors: r-devel-linux-x86_64-debian-clang, r-devel-linux-x86_64-debian-gcc, r-patched-linux-x86_64, r-patched-solaris-sparc, r-patched-solaris-x86, r-release-linux-x86_64, r-release-windows-ix86+x86_64

Version: 0.14.4
Flags: --no-stop-on-test-error
Check: installed package size
Result: NOTE
     installed size is 9.3Mb
     sub-directories of 1Mb or more:
     R 1.8Mb
     doc 6.9Mb
Flavors: r-devel-linux-x86_64-fedora-clang, r-devel-linux-x86_64-fedora-gcc, r-devel-macos-x86_64-clang

Version: 0.14.4
Flags: --no-stop-on-test-error
Check: R code for possible problems
Result: NOTE
    mMap: no visible binding for global variable ‘facet’
    mScatter: no visible binding for global variable ‘facet’
    mUniplot: no visible binding for global variable ‘facet’
    Undefined global functions or variables:
     facet
Flavors: r-devel-linux-x86_64-fedora-clang, r-devel-linux-x86_64-fedora-gcc, r-devel-macos-x86_64-clang

Version: 0.14.4
Check: installed package size
Result: NOTE
     installed size is 9.7Mb
     sub-directories of 1Mb or more:
     R 2.0Mb
     doc 7.1Mb
Flavors: r-patched-solaris-sparc, r-patched-solaris-x86, r-release-osx-x86_64-mavericks, r-release-windows-ix86+x86_64, r-oldrel-windows-ix86+x86_64

Version: 0.14.4
Check: R code for possible problems
Result: NOTE
    mMap: no visible binding for global variable 'facet'
    mScatter: no visible binding for global variable 'facet'
    mUniplot: no visible binding for global variable 'facet'
Flavor: r-oldrel-windows-ix86+x86_64