CRAN Package Check Results for Package mosaic

Last updated on 2015-02-28 07:50:07.

Flavor Version Tinstall Tcheck Ttotal Status Flags
r-devel-linux-x86_64-debian-clang 0.9.2-2 11.45 166.44 177.89 NOTE
r-devel-linux-x86_64-debian-gcc 0.9.2-2 10.91 159.16 170.07 NOTE
r-devel-linux-x86_64-fedora-clang 0.9.2-2 357.40 NOTE
r-devel-linux-x86_64-fedora-gcc 0.9.2-2 335.48 NOTE
r-devel-osx-x86_64-clang 0.9.2-2 304.07 NOTE
r-devel-windows-ix86+x86_64 0.9.2-2 30.00 239.00 269.00 NOTE
r-patched-linux-x86_64 0.9.2-2 15.00 202.25 217.25 NOTE
r-patched-solaris-sparc 0.9.2-2 1680.40 NOTE
r-patched-solaris-x86 0.9.2-2 556.30 NOTE
r-release-linux-ix86 0.9.2-2 17.27 234.25 251.52 NOTE
r-release-linux-x86_64 0.9.2-2 15.02 196.45 211.48 NOTE
r-release-osx-x86_64-mavericks 0.9.2-2 NOTE
r-release-osx-x86_64-snowleopard 0.9.2-2 NOTE
r-release-windows-ix86+x86_64 0.9.2-2 33.00 289.00 322.00 NOTE
r-oldrel-windows-ix86+x86_64 0.9.2-2 32.00 307.00 339.00 NOTE

Check Details

Version: 0.9.2-2
Check: installed package size
Result: NOTE
     installed size is 9.5Mb
     sub-directories of 1Mb or more:
     R 1.8Mb
     doc 7.1Mb
Flavors: r-devel-linux-x86_64-debian-clang, r-devel-linux-x86_64-debian-gcc, r-devel-linux-x86_64-fedora-clang, r-devel-linux-x86_64-fedora-gcc, r-devel-osx-x86_64-clang, r-devel-windows-ix86+x86_64, r-patched-linux-x86_64, r-patched-solaris-sparc, r-patched-solaris-x86, r-release-linux-ix86, r-release-linux-x86_64, r-release-osx-x86_64-mavericks, r-release-osx-x86_64-snowleopard, r-release-windows-ix86+x86_64, r-oldrel-windows-ix86+x86_64

Version: 0.9.2-2
Check: package dependencies
Result: NOTE
    Package suggested but not available for checking: 'tidyr'
Flavor: r-oldrel-windows-ix86+x86_64