CRAN Package Check Results for Package mosaic

Last updated on 2014-04-25 05:47:19.

Flavor Version Tinstall Tcheck Ttotal Status Flags
r-devel-linux-x86_64-debian-clang 0.8-18 4.21 81.03 85.24 NOTE
r-devel-linux-x86_64-debian-gcc 0.8-18 4.11 80.13 84.24 NOTE
r-devel-linux-x86_64-fedora-clang 0.8-18 212.27 NOTE
r-devel-linux-x86_64-fedora-gcc 0.8-18 208.83 NOTE
r-devel-osx-x86_64-clang 0.8-18 131.14 NOTE
r-devel-osx-x86_64-gcc 0.8-18 ERROR
r-devel-windows-ix86+x86_64 0.8-18 11.00 105.00 116.00 NOTE
r-patched-linux-x86_64 0.8-18 4.44 74.32 78.76 NOTE
r-patched-solaris-sparc 0.8-18 903.00 NOTE
r-patched-solaris-x86 0.8-18 215.10 NOTE
r-release-linux-ix86 0.8-18 7.00 123.00 130.00 NOTE
r-release-linux-x86_64 0.8-18 4.13 80.30 84.43 NOTE
r-release-osx-x86_64-mavericks 0.8-18 WARN
r-release-osx-x86_64-snowleopard 0.8-18 NOTE
r-release-windows-ix86+x86_64 0.8-18 12.00 124.00 136.00 NOTE
r-oldrel-windows-ix86+x86_64 0.8-18 12.00 124.00 136.00 NOTE

Check Details

Version: 0.8-18
Check: package dependencies
Result: NOTE
    Package suggested but not available for checking: ‘manipulate’
Flavors: r-devel-linux-x86_64-debian-clang, r-devel-linux-x86_64-debian-gcc, r-devel-linux-x86_64-fedora-clang, r-devel-linux-x86_64-fedora-gcc, r-devel-osx-x86_64-clang, r-devel-windows-ix86+x86_64, r-patched-linux-x86_64, r-patched-solaris-sparc, r-patched-solaris-x86, r-release-linux-ix86, r-release-linux-x86_64, r-release-osx-x86_64-snowleopard, r-release-windows-ix86+x86_64, r-oldrel-windows-ix86+x86_64

Version: 0.8-18
Check: data for non-ASCII characters
Result: NOTE
     Note: found 7 marked UTF-8 strings
Flavors: r-devel-linux-x86_64-debian-clang, r-devel-linux-x86_64-debian-gcc, r-devel-linux-x86_64-fedora-clang, r-devel-linux-x86_64-fedora-gcc, r-devel-osx-x86_64-clang, r-devel-windows-ix86+x86_64, r-patched-linux-x86_64, r-patched-solaris-sparc, r-patched-solaris-x86, r-release-linux-ix86, r-release-linux-x86_64, r-release-osx-x86_64-mavericks, r-release-osx-x86_64-snowleopard, r-release-windows-ix86+x86_64, r-oldrel-windows-ix86+x86_64

Version: 0.8-18
Check: package dependencies
Result: ERROR
    Packages required but not available: ‘car’ ‘Hmisc’
    
    Packages suggested but not available for checking:
     ‘ggplot2’ ‘maptools’ ‘manipulate’ ‘knitr’
    
    Files named as vignettes but with no recognized vignette engine:
     ‘inst/doc/mosaic-resources.Rnw’
    (Is a VignetteBuilder field missing?)
    
    See the information on DESCRIPTION files in the chapter ‘Creating R
    packages’ of the ‘Writing R Extensions’ manual.
Flavor: r-devel-osx-x86_64-gcc

Version: 0.8-18
Check: installed package size
Result: NOTE
     installed size is 5.7Mb
     sub-directories of 1Mb or more:
     doc 4.0Mb
Flavors: r-patched-solaris-sparc, r-patched-solaris-x86

Version: 0.8-18
Check: package dependencies
Result: NOTE
    Packages suggested but not available for checking: ‘maptools’ ‘manipulate’
Flavor: r-release-osx-x86_64-mavericks

Version: 0.8-18
Check: PDF version of manual
Result: WARNING
    LaTeX errors when creating PDF version.
    This typically indicates Rd problems.
    LaTeX errors found:
    ! LaTeX Error: File `upquote.sty' not found.
    
    Type X to quit or <RETURN> to proceed,
    or enter new name. (Default extension: sty)
    
    463eb35/Rd2.tex:8: ==> Fatal error occurred, no output PDF file produced!
Flavor: r-release-osx-x86_64-mavericks