CRAN Package Check Results for Package mosaic

Last updated on 2015-09-04 08:50:39.

Flavor Version Tinstall Tcheck Ttotal Status Flags
r-devel-linux-x86_64-debian-clang 0.10.0 11.38 195.33 206.70 NOTE
r-devel-linux-x86_64-debian-gcc 0.10.0 12.07 190.97 203.04 NOTE
r-devel-linux-x86_64-fedora-clang 0.10.0 429.83 NOTE
r-devel-linux-x86_64-fedora-gcc 0.10.0 408.45 NOTE
r-devel-osx-x86_64-clang 0.10.0 382.13 NOTE
r-devel-windows-ix86+x86_64 0.10.0 30.00 315.00 345.00 NOTE
r-patched-linux-x86_64 0.10.0 11.78 217.28 229.06 NOTE
r-patched-solaris-sparc 0.10.0 2574.50 NOTE
r-patched-solaris-x86 0.10.0 551.40 NOTE
r-release-linux-x86_64 0.10.0 11.73 204.48 216.21 NOTE
r-release-osx-x86_64-mavericks 0.10.0 OK
r-release-windows-ix86+x86_64 0.10.0 37.00 366.00 403.00 NOTE
r-oldrel-windows-ix86+x86_64 0.10.0 36.00 465.00 501.00 NOTE

Check Details

Version: 0.10.0
Check: R code for possible problems
Result: NOTE
    .cull_for_do: no visible global function definition for ‘anova’
    .cull_for_do: no visible global function definition for ‘coef’
    .fileTypeAction: no visible binding for global variable ‘read.csv’
    .findPoints: no visible global function definition for ‘runif’
    .interpolatingFunction: no visible global function definition for
     ‘model.frame’
    .interpolatingFunction: no visible global function definition for
     ‘model.response’
    .interpolatingFunction: no visible global function definition for
     ‘approxfun’
    .interpolatingFunction: no visible global function definition for
     ‘splinefun’
    .mosaic.get.ci: no visible global function definition for ‘qt’
    .mosaic.get.ci2: no visible global function definition for ‘qt’
    .plot_multi_norm: no visible global function definition for ‘dnorm’
    .plot_multi_norm : <anonymous>: no visible binding for global variable
     ‘dnorm’
    .plot_one_norm: no visible global function definition for ‘dnorm’
    .plot_one_norm : <anonymous>: no visible binding for global variable
     ‘dnorm’
    .plot_one_norm : <anonymous>: no visible global function definition for
     ‘dnorm’
    .read.csv: no visible global function definition for ‘read.csv’
    CIsim: no visible binding for global variable ‘rnorm’
    SAD_: no visible global function definition for ‘na.omit’
    TukeyHSD.formula: no visible global function definition for ‘lm’
    TukeyHSD.lm: no visible global function definition for ‘aov’
    agresti_ci: no visible global function definition for ‘qnorm’
    bargraph: no visible global function definition for ‘as.formula’
    bargraph: no visible global function definition for ‘xtabs’
    bargraph: no visible binding for global variable ‘xtabs’
    cdata_v: no visible global function definition for ‘setNames’
    chisq.default: no visible global function definition for ‘chisq.test’
    coef.nlsfunction: no visible global function definition for ‘coef’
    col.mosaic: no visible global function definition for
     ‘colorRampPalette’
    col.mosaic: no visible global function definition for ‘gray’
    col.mosaic: no visible global function definition for ‘heat.colors’
    confint.groupwiseModel: no visible global function definition for ‘qt’
    confint.summary.lm: no visible global function definition for ‘coef’
    confint.summary.lm: no visible global function definition for ‘qt’
    confint.summary.lm: no visible global function definition for ‘vcov’
    diffmean: no visible global function definition for ‘tail’
    diffprop: no visible global function definition for ‘tail’
    dt3: no visible global function definition for ‘dt’
    fetchData: no visible global function definition for ‘data’
    fetchGapminder: no visible global function definition for ‘tail’
    fetchGoogle: no visible global function definition for ‘read.csv’
    findZeros: no visible global function definition for ‘uniroot’
    findZerosMult: no visible global function definition for ‘uniroot’
    findZerosMult: no visible global function definition for ‘runif’
    fitSpline: no visible global function definition for ‘lm’
    fitSpline: no visible global function definition for ‘coef’
    fortify.hclust: no visible global function definition for ‘cutree’
    fortify.summary.glm: no visible global function definition for ‘coef’
    fortify.summary.glm: no visible global function definition for ‘qnorm’
    fortify.summary.lm: no visible global function definition for ‘coef’
    fortify.summary.lm: no visible global function definition for ‘confint’
    getVarFormula: no visible global function definition for ‘model.matrix’
    googleMap : <anonymous>: no visible global function definition for
     ‘browseURL’
    integrateODE: no visible global function definition for ‘approxfun’
    is_discrete_dist: no visible global function definition for ‘ppoints’
    linearModel: no visible global function definition for ‘lm’
    linearModel: no visible global function definition for ‘update’
    linearModel : F: no visible global function definition for ‘coef’
    linearModel : F: no visible global function definition for ‘predict’
    makeAntiDfun: no visible global function definition for ‘runif’
    makeColorscheme : result: no visible global function definition for
     ‘col2rgb’
    makeColorscheme : result : <anonymous>: no visible global function
     definition for ‘rgb’
    mat: no visible global function definition for ‘update’
    mat: no visible global function definition for ‘model.matrix’
    mplot.lm: no visible global function definition for ‘plot’
    mplot.lm: no visible global function definition for ‘qnorm’
    mplot.lm : <anonymous>: no visible global function definition for
     ‘update’
    mplot.summary.glm: no visible binding for global variable ‘coef’
    mplot.summary.lm: no visible binding for global variable ‘coef’
    orrr: no visible global function definition for ‘qnorm’
    panel.cumfreq: no visible global function definition for ‘ppoints’
    panel.cumfreq: no visible global function definition for ‘aggregate’
    panel.dotPlot: no visible global function definition for ‘hist’
    panel.freqpolygon: no visible global function definition for ‘hist’
    panel.lmbands: no visible global function definition for ‘lm’
    panel.plotFun: no visible binding for global variable ‘topo.colors’
    panel.plotFun1: no visible global function definition for ‘str’
    panel.xhistogram: no visible binding for global variable ‘dnorm’
    panel.xhistogram: no visible binding for global variable ‘dexp’
    panel.xhistogram: no visible binding for global variable ‘dlnorm’
    panel.xhistogram: no visible binding for global variable ‘dpois’
    panel.xhistogram: no visible binding for global variable ‘dbeta’
    panel.xhistogram: no visible binding for global variable ‘dweibull’
    panel.xhistogram: no visible binding for global variable ‘dcauchy’
    panel.xhistogram: no visible binding for global variable ‘dgamma’
    panel.xhistogram: no visible binding for global variable ‘dchisq’
    panel.xhistogram: no visible global function definition for ‘hist’
    plotDist: no visible global function definition for ‘ppoints’
    plotDist: no visible global function definition for ‘approxfun’
    plotFun: no visible binding for global variable ‘topo.colors’
    plotFun: no visible binding for global variable ‘dist’
    plotFun : funPlot.draw.contour: no visible binding for global variable
     ‘topo.colors’
    plot_multi_dist: no visible global function definition for ‘ppoints’
    plus4_ci: no visible global function definition for ‘qnorm’
    print.groupwiseModel: no visible global function definition for ‘coef’
    print.msummary.glm: no visible global function definition for
     ‘capture.output’
    print.msummary.lm: no visible global function definition for
     ‘capture.output’
    print.msummary.lm: no visible global function definition for
     ‘printCoefmat’
    qdata_v: no visible global function definition for ‘setNames’
    rand: no visible binding for global variable ‘rnorm’
    read.file: no visible global function definition for ‘read.csv’
    read.file: no visible global function definition for ‘read.table’
    rflip: no visible global function definition for ‘rbinom’
    rfun: no visible global function definition for ‘runif’
    rgeo: no visible global function definition for ‘runif’
    rgeo2: no visible global function definition for ‘runif’
    rpoly2: no visible global function definition for ‘runif’
    rspin: no visible global function definition for ‘rmultinom’
    sample.default: no visible global function definition for ‘aggregate’
    smoother: no visible global function definition for ‘loess’
    smoother: no visible global function definition for ‘loess.control’
    smoother : F: no visible global function definition for ‘predict’
    statTally: no visible global function definition for ‘wilcox.test’
    statTally: no visible global function definition for ‘stem’
    summary.groupwiseModel: no visible global function definition for
     ‘resid’
    summary.groupwiseModel: no visible global function definition for
     ‘confint’
    tally.default: no visible global function definition for ‘addmargins’
    theme.mosaic: no visible global function definition for
     ‘colorRampPalette’
    theme.mosaic: no visible global function definition for ‘gray’
    theme.mosaic: no visible global function definition for ‘heat.colors’
    wald_ci: no visible global function definition for ‘qnorm’
    xchisq.test: no visible global function definition for ‘chisq.test’
    xhistogramBreaks: no visible global function definition for ‘tail’
    xpnorm: no visible global function definition for ‘dnorm’
    xpnorm: no visible global function definition for ‘pnorm’
    xqnorm: no visible global function definition for ‘qnorm’
    makeFun,glm : result: no visible binding for global variable ‘predict’
    makeFun,glm: no visible global function definition for ‘coef’
    makeFun,glm: multiple local function definitions for ‘result’ with
     different formal arguments
    makeFun,lm : result: no visible binding for global variable ‘predict’
    makeFun,lm: no visible global function definition for ‘coef’
    makeFun,lm: multiple local function definitions for ‘result’ with
     different formal arguments
    makeFun,nls: no visible global function definition for ‘coef’
    makeFun,nls : result: no visible binding for global variable ‘predict’
    makeFun,nls: multiple local function definitions for ‘result’ with
     different formal arguments
    project,formula: no visible global function definition for
     ‘model.frame’
    project,formula: no visible global function definition for
     ‘model.response’
    project,matrix: no visible global function definition for ‘lsfit’
    Undefined global functions or variables:
     addmargins aggregate anova aov approxfun as.formula browseURL
     capture.output chisq.test coef col2rgb colorRampPalette confint
     cutree data dbeta dcauchy dchisq dexp dgamma dist dlnorm dnorm dpois
     dt dweibull gray heat.colors hist lm loess loess.control lsfit
     model.frame model.matrix model.response na.omit plot pnorm ppoints
     predict printCoefmat qnorm qt rbinom read.csv read.table resid rgb
     rmultinom rnorm runif setNames splinefun stem str tail topo.colors
     uniroot update vcov wilcox.test xtabs
    Consider adding
     importFrom("grDevices", "col2rgb", "colorRampPalette", "gray",
     "heat.colors", "rgb", "topo.colors")
     importFrom("graphics", "hist", "plot", "stem")
     importFrom("stats", "addmargins", "aggregate", "anova", "aov",
     "approxfun", "as.formula", "chisq.test", "coef", "confint",
     "cutree", "dbeta", "dcauchy", "dchisq", "dexp", "dgamma",
     "dist", "dlnorm", "dnorm", "dpois", "dt", "dweibull", "lm",
     "loess", "loess.control", "lsfit", "model.frame",
     "model.matrix", "model.response", "na.omit", "pnorm",
     "ppoints", "predict", "printCoefmat", "qnorm", "qt",
     "rbinom", "resid", "rmultinom", "rnorm", "runif",
     "setNames", "splinefun", "uniroot", "update", "vcov",
     "wilcox.test", "xtabs")
     importFrom("utils", "browseURL", "capture.output", "data", "read.csv",
     "read.table", "str", "tail")
    to your NAMESPACE.
Flavors: r-devel-linux-x86_64-debian-clang, r-devel-linux-x86_64-debian-gcc, r-devel-linux-x86_64-fedora-clang, r-devel-linux-x86_64-fedora-gcc, r-devel-windows-ix86+x86_64

Version: 0.10.0
Check: R code for possible problems
Result: NOTE
    makeFun,glm: multiple local function definitions for ‘result’ with
     different formal arguments
    makeFun,lm: multiple local function definitions for ‘result’ with
     different formal arguments
    makeFun,nls: multiple local function definitions for ‘result’ with
     different formal arguments
Flavor: r-devel-osx-x86_64-clang

Version: 0.10.0
Check: R code for possible problems
Result: NOTE
    makeFun,glm : .local: multiple local function definitions for ‘result’
     with different formal arguments
    makeFun,lm : .local: multiple local function definitions for ‘result’
     with different formal arguments
    makeFun,nls : .local: multiple local function definitions for ‘result’
     with different formal arguments
Flavors: r-patched-linux-x86_64, r-patched-solaris-sparc, r-patched-solaris-x86, r-release-linux-x86_64, r-release-windows-ix86+x86_64, r-oldrel-windows-ix86+x86_64

Version: 0.10.0
Check: installed package size
Result: NOTE
     installed size is 5.1Mb
     sub-directories of 1Mb or more:
     R 2.0Mb
     doc 2.5Mb
Flavors: r-patched-solaris-sparc, r-patched-solaris-x86