CRAN Package Check Results for Package mosaic

Last updated on 2015-05-25 11:48:27.

Flavor Version Tinstall Tcheck Ttotal Status Flags
r-devel-linux-x86_64-debian-clang 0.10.0 11.49 202.32 213.81 OK
r-devel-linux-x86_64-debian-gcc 0.10.0 11.16 195.13 206.29 OK
r-devel-linux-x86_64-fedora-clang 0.10.0 220.56 OK
r-devel-linux-x86_64-fedora-gcc 0.10.0 423.43 OK
r-devel-osx-x86_64-clang 0.10.0 379.27 OK
r-devel-windows-ix86+x86_64 0.10.0 25.00 308.00 333.00 OK
r-patched-linux-x86_64 0.10.0 11.02 203.98 215.00 OK
r-patched-solaris-sparc 0.10.0 23.30 ERROR
r-patched-solaris-x86 0.10.0 5.50 ERROR
r-release-linux-x86_64 0.10.0 11.58 198.56 210.15 OK
r-release-osx-x86_64-mavericks 0.10.0 OK
r-release-osx-x86_64-snowleopard 0.9.2-2 ERROR
r-release-windows-ix86+x86_64 0.10.0 20.00 244.00 264.00 OK
r-oldrel-windows-ix86+x86_64 0.9.2-2 36.00 153.00 189.00 ERROR

Check Details

Version: 0.10.0
Check: package dependencies
Result: ERROR
    Package required but not available: ‘readr’
    
    See section ‘The DESCRIPTION file’ in the ‘Writing R Extensions’
    manual.
Flavors: r-patched-solaris-sparc, r-patched-solaris-x86

Version: 0.9.2-2
Check: package dependencies
Result: ERROR
    Packages required but not available:
     ‘car’ ‘dplyr’ ‘ggplot2’ ‘mosaicData’ ‘latticeExtra’ ‘gridExtra’
     ‘ggdendro’
    
    Packages suggested but not available for checking: ‘tidyr’ ‘knitr’
    
    VignetteBuilder package required for checking but not installed: ‘knitr’
    
    Files named as vignettes but with no recognized vignette engine:
     ‘inst/doc/mosaicresources.Rnw’
    (Is a VignetteBuilder field missing?)
    
    See section ‘The DESCRIPTION file’ in the ‘Writing R Extensions’
    manual.
Flavor: r-release-osx-x86_64-snowleopard

Version: 0.9.2-2
Check: installed package size
Result: NOTE
     installed size is 9.4Mb
     sub-directories of 1Mb or more:
     R 1.8Mb
     doc 7.0Mb
Flavor: r-oldrel-windows-ix86+x86_64

Version: 0.9.2-2
Check: examples
Result: ERROR
    Running examples in 'mosaic-Ex.R' failed
    The error most likely occurred in:
    
    > ### Name: CIAdata
    > ### Title: Return a dataset based on the CIA World Factbook
    > ### Aliases: CIAdata
    >
    > ### ** Examples
    >
    > head(CIAdata())
     Category Field Name Code Unit
    1 Geography Area area 2147 sq km
    2 People and Society Population pop 2119 people
    3 People and Society Population growth rate growth 2002 %
    4 People and Society Birth rate birth 2054 births/1000 people
    5 People and Society Death rate death 2066 deaths/1000 people
    6 People and Society Net migration rate migr 2112 migrants/1000 people
    > gdpData <- CIAdata("pop")
    Loading required namespace: RCurl
    Error in names(table) <- c("country", name) :
     'names' attribute [2] must be the same length as the vector [0]
    Calls: CIAdata
    Execution halted
Flavor: r-oldrel-windows-ix86+x86_64