CRAN Package Check Results for Package mosaic

Last updated on 2016-02-14 10:46:49.

Flavor Version Tinstall Tcheck Ttotal Status Flags
r-devel-linux-x86_64-debian-gcc 0.13.0 11.53 219.28 230.81 OK
r-devel-linux-x86_64-fedora-clang 0.13.0 476.17 OK
r-devel-linux-x86_64-fedora-gcc 0.13.0 437.99 OK
r-devel-osx-x86_64-clang 0.13.0 619.42 OK
r-devel-windows-ix86+x86_64 0.13.0 34.00 400.00 434.00 OK
r-patched-linux-x86_64 0.13.0 12.41 229.46 241.87 OK
r-patched-solaris-sparc 0.13.0 2734.50 NOTE
r-patched-solaris-x86 0.13.0 627.70 NOTE
r-release-linux-x86_64 0.13.0 12.29 233.68 245.98 OK
r-release-osx-x86_64-mavericks 0.13.0 OK
r-release-windows-ix86+x86_64 0.13.0 36.00 357.00 393.00 OK
r-oldrel-windows-ix86+x86_64 0.13.0 51.00 552.00 603.00 OK

Check Details

Version: 0.13.0
Check: installed package size
Result: NOTE
     installed size is 5.4Mb
     sub-directories of 1Mb or more:
     R 2.0Mb
     doc 2.8Mb
Flavors: r-patched-solaris-sparc, r-patched-solaris-x86