CRAN Package Check Results for Package mosaic

Last updated on 2017-01-24 23:49:58.

Flavor Version Tinstall Tcheck Ttotal Status Flags
r-devel-linux-x86_64-debian-clang 0.14.4 9.07 245.17 254.24 NOTE
r-devel-linux-x86_64-debian-gcc 0.14.4 8.97 242.29 251.25 NOTE
r-devel-linux-x86_64-fedora-clang 0.14.4 511.98 NOTE --no-stop-on-test-error
r-devel-linux-x86_64-fedora-gcc 0.14.4 511.66 NOTE --no-stop-on-test-error
r-devel-macos-x86_64-clang 0.14.4 395.15 NOTE --no-stop-on-test-error
r-devel-windows-ix86+x86_64 0.14.4 35.00 613.00 648.00 NOTE
r-patched-linux-x86_64 0.14.4 9.05 231.85 240.90 NOTE
r-patched-solaris-sparc 0.14.4 2686.40 NOTE
r-patched-solaris-x86 0.14.4 584.90 NOTE
r-release-linux-x86_64 0.14.4 9.13 237.08 246.20 NOTE
r-release-osx-x86_64-mavericks 0.14.4 NOTE
r-release-windows-ix86+x86_64 0.14.4 29.00 578.00 607.00 NOTE
r-oldrel-windows-ix86+x86_64 0.14.4 50.00 585.00 635.00 NOTE

Check Details

Version: 0.14.4
Check: R code for possible problems
Result: NOTE
    mMap: no visible binding for global variable ‘facet’
    mScatter: no visible binding for global variable ‘facet’
    mUniplot: no visible binding for global variable ‘facet’
    Undefined global functions or variables:
     facet
Flavors: r-devel-linux-x86_64-debian-clang, r-devel-linux-x86_64-debian-gcc, r-devel-windows-ix86+x86_64, r-patched-linux-x86_64, r-patched-solaris-sparc, r-patched-solaris-x86, r-release-linux-x86_64, r-release-windows-ix86+x86_64

Version: 0.14.4
Flags: --no-stop-on-test-error
Check: installed package size
Result: NOTE
     installed size is 9.3Mb
     sub-directories of 1Mb or more:
     R 1.8Mb
     doc 6.9Mb
Flavors: r-devel-linux-x86_64-fedora-clang, r-devel-linux-x86_64-fedora-gcc, r-devel-macos-x86_64-clang

Version: 0.14.4
Flags: --no-stop-on-test-error
Check: R code for possible problems
Result: NOTE
    mMap: no visible binding for global variable ‘facet’
    mScatter: no visible binding for global variable ‘facet’
    mUniplot: no visible binding for global variable ‘facet’
    Undefined global functions or variables:
     facet
Flavors: r-devel-linux-x86_64-fedora-clang, r-devel-linux-x86_64-fedora-gcc, r-devel-macos-x86_64-clang

Version: 0.14.4
Check: installed package size
Result: NOTE
     installed size is 9.2Mb
     sub-directories of 1Mb or more:
     R 1.8Mb
     doc 6.8Mb
Flavors: r-devel-windows-ix86+x86_64, r-patched-solaris-sparc, r-patched-solaris-x86, r-release-osx-x86_64-mavericks, r-release-windows-ix86+x86_64, r-oldrel-windows-ix86+x86_64

Version: 0.14.4
Check: R code for possible problems
Result: NOTE
    mMap: no visible binding for global variable 'facet'
    mScatter: no visible binding for global variable 'facet'
    mUniplot: no visible binding for global variable 'facet'
Flavor: r-oldrel-windows-ix86+x86_64