CRAN Package Check Results for Package mosaic

Last updated on 2016-12-08 02:48:31.

Flavor Version Tinstall Tcheck Ttotal Status Flags
r-devel-linux-x86_64-debian-clang 0.14.4 9.05 259.94 268.99 NOTE
r-devel-linux-x86_64-debian-gcc 0.14.4 9.11 251.37 260.48 NOTE
r-devel-linux-x86_64-fedora-clang 0.14.4 548.45 NOTE --no-stop-on-test-error
r-devel-linux-x86_64-fedora-gcc 0.14.4 552.64 NOTE --no-stop-on-test-error
r-devel-macos-x86_64-clang 0.14.4 409.34 NOTE --no-stop-on-test-error
r-devel-windows-ix86+x86_64 0.14.4 22.00 455.00 477.00 NOTE
r-patched-linux-x86_64 0.14.4 9.25 224.40 233.65 NOTE
r-patched-solaris-sparc 0.14.4 2639.00 NOTE
r-patched-solaris-x86 0.14.4 593.40 NOTE
r-release-linux-x86_64 0.14.4 8.63 233.82 242.45 NOTE
r-release-osx-x86_64-mavericks 0.14.4 NOTE
r-release-windows-ix86+x86_64 0.14.4 24.00 418.00 442.00 NOTE
r-oldrel-windows-ix86+x86_64 0.14.4 34.00 576.00 610.00 NOTE

Check Details

Version: 0.14.4
Check: R code for possible problems
Result: NOTE
    mMap: no visible binding for global variable ‘facet’
    mScatter: no visible binding for global variable ‘facet’
    mUniplot: no visible binding for global variable ‘facet’
    Undefined global functions or variables:
     facet
Flavors: r-devel-linux-x86_64-debian-clang, r-devel-linux-x86_64-debian-gcc, r-devel-windows-ix86+x86_64, r-patched-linux-x86_64, r-patched-solaris-sparc, r-patched-solaris-x86, r-release-linux-x86_64, r-release-windows-ix86+x86_64

Version: 0.14.4
Flags: --no-stop-on-test-error
Check: installed package size
Result: NOTE
     installed size is 9.3Mb
     sub-directories of 1Mb or more:
     R 1.8Mb
     doc 6.9Mb
Flavors: r-devel-linux-x86_64-fedora-clang, r-devel-linux-x86_64-fedora-gcc, r-devel-macos-x86_64-clang

Version: 0.14.4
Flags: --no-stop-on-test-error
Check: R code for possible problems
Result: NOTE
    mMap: no visible binding for global variable ‘facet’
    mScatter: no visible binding for global variable ‘facet’
    mUniplot: no visible binding for global variable ‘facet’
    Undefined global functions or variables:
     facet
Flavors: r-devel-linux-x86_64-fedora-clang, r-devel-linux-x86_64-fedora-gcc, r-devel-macos-x86_64-clang

Version: 0.14.4
Check: installed package size
Result: NOTE
     installed size is 9.2Mb
     sub-directories of 1Mb or more:
     R 1.8Mb
     doc 6.8Mb
Flavors: r-devel-windows-ix86+x86_64, r-patched-solaris-sparc, r-patched-solaris-x86, r-release-osx-x86_64-mavericks, r-release-windows-ix86+x86_64, r-oldrel-windows-ix86+x86_64

Version: 0.14.4
Check: R code for possible problems
Result: NOTE
    mMap: no visible binding for global variable 'facet'
    mScatter: no visible binding for global variable 'facet'
    mUniplot: no visible binding for global variable 'facet'
Flavor: r-oldrel-windows-ix86+x86_64