CRAN Package Check Results for Package mosaic

Last updated on 2014-11-26 16:49:03.

Flavor Version Tinstall Tcheck Ttotal Status Flags
r-devel-linux-x86_64-debian-clang 0.9.1-3 11.87 146.44 158.30 NOTE
r-devel-linux-x86_64-debian-gcc 0.9.1-3 9.97 138.44 148.41 NOTE
r-devel-linux-x86_64-fedora-clang 0.9.1-3 313.14 NOTE
r-devel-linux-x86_64-fedora-gcc 0.9.1-3 297.36 NOTE
r-devel-osx-x86_64-clang 0.9.1-3 259.01 NOTE
r-devel-windows-ix86+x86_64 0.9.1-3 22.00 200.00 222.00 NOTE
r-patched-linux-x86_64 0.9.1-3 9.96 151.00 160.96 NOTE
r-patched-solaris-sparc 0.9.1-3 1523.70 NOTE
r-patched-solaris-x86 0.9.1-3 369.90 NOTE
r-release-linux-ix86 0.9.1-3 13.29 162.44 175.73 NOTE
r-release-linux-x86_64 0.9.1-3 10.80 148.16 158.96 NOTE
r-release-osx-x86_64-mavericks 0.9.1-3 NOTE
r-release-osx-x86_64-snowleopard 0.9.1-3 NOTE
r-release-windows-ix86+x86_64 0.9.1-3 21.00 218.00 239.00 NOTE
r-oldrel-windows-ix86+x86_64 0.9.1-3 22.00 225.00 247.00 NOTE

Check Details

Version: 0.9.1-3
Check: package dependencies
Result: NOTE
    Package which this enhances but not available for checking: ‘manipulate’
Flavors: r-devel-linux-x86_64-debian-clang, r-devel-linux-x86_64-debian-gcc, r-devel-linux-x86_64-fedora-clang, r-devel-linux-x86_64-fedora-gcc, r-devel-osx-x86_64-clang, r-devel-windows-ix86+x86_64, r-patched-linux-x86_64, r-patched-solaris-sparc, r-patched-solaris-x86, r-release-linux-ix86, r-release-linux-x86_64, r-release-osx-x86_64-mavericks, r-release-osx-x86_64-snowleopard, r-release-windows-ix86+x86_64, r-oldrel-windows-ix86+x86_64

Version: 0.9.1-3
Check: installed package size
Result: NOTE
     installed size is 9.0Mb
     sub-directories of 1Mb or more:
     R 1.8Mb
     doc 6.7Mb
Flavors: r-devel-linux-x86_64-debian-clang, r-devel-linux-x86_64-debian-gcc, r-devel-linux-x86_64-fedora-clang, r-devel-linux-x86_64-fedora-gcc, r-devel-osx-x86_64-clang, r-devel-windows-ix86+x86_64, r-patched-linux-x86_64, r-patched-solaris-sparc, r-patched-solaris-x86, r-release-linux-ix86, r-release-linux-x86_64, r-release-osx-x86_64-mavericks, r-release-osx-x86_64-snowleopard, r-release-windows-ix86+x86_64, r-oldrel-windows-ix86+x86_64

Version: 0.9.1-3
Check: re-building of vignette outputs
Result: NOTE
    Error in re-building vignettes:
     ...
    Warning: running command 'kpsewhich framed.sty' had status 1
    Warning in test_latex_pkg("framed", system.file("misc", "framed.sty", package = "knitr")) :
     unable to find LaTeX package 'framed'; will use a copy from knitr
    Error in texi2dvi(file = file, pdf = TRUE, clean = clean, quiet = quiet, :
     Running 'texi2dvi' on 'mosaicresources.tex' failed.
    LaTeX errors:
    ! LaTeX Error: File `xstring.sty' not found.
    
    Type X to quit or <RETURN> to proceed,
    or enter new name. (Default extension: sty)
    
    test/mosaic/vignettes/mosaicresources.tex:63: ==> Fatal error occurred, no out
    put PDF file produced!
    Calls: buildVignettes -> texi2pdf -> texi2dvi
    Execution halted
Flavor: r-release-osx-x86_64-mavericks