CRAN Package Check Results for Package mosaic

Last updated on 2016-08-25 17:47:57.

Flavor Version Tinstall Tcheck Ttotal Status Flags
r-devel-linux-x86_64-debian-clang 0.14.4 10.80 239.48 250.28 NOTE
r-devel-linux-x86_64-debian-gcc 0.14.4 10.96 223.03 233.99 NOTE
r-devel-linux-x86_64-fedora-clang 0.14.4 482.47 NOTE
r-devel-linux-x86_64-fedora-gcc 0.14.4 457.23 NOTE
r-devel-osx-x86_64-clang 0.14.4 398.12 NOTE
r-devel-windows-ix86+x86_64 0.14.4 30.00 575.00 605.00 NOTE
r-patched-linux-x86_64 0.14.4 10.97 231.56 242.54 NOTE
r-patched-solaris-sparc 0.14.4 2491.70 NOTE
r-patched-solaris-x86 0.14.4 585.10 NOTE
r-release-linux-x86_64 0.14.4 10.58 226.94 237.52 NOTE
r-release-osx-x86_64-mavericks 0.14.4 NOTE
r-release-windows-ix86+x86_64 0.14.4 34.00 550.00 584.00 NOTE
r-oldrel-windows-ix86+x86_64 0.14.4 28.00 427.00 455.00 NOTE

Check Details

Version: 0.14.4
Check: installed package size
Result: NOTE
     installed size is 9.3Mb
     sub-directories of 1Mb or more:
     R 1.8Mb
     doc 6.9Mb
Flavors: r-devel-linux-x86_64-debian-clang, r-devel-linux-x86_64-debian-gcc, r-devel-linux-x86_64-fedora-clang, r-devel-linux-x86_64-fedora-gcc, r-devel-osx-x86_64-clang, r-devel-windows-ix86+x86_64, r-patched-linux-x86_64, r-patched-solaris-sparc, r-patched-solaris-x86, r-release-linux-x86_64, r-release-osx-x86_64-mavericks, r-release-windows-ix86+x86_64, r-oldrel-windows-ix86+x86_64