CRAN Package Check Results for Package mosaic

Last updated on 2014-07-23 08:49:50.

Flavor Version Tinstall Tcheck Ttotal Status Flags
r-devel-linux-x86_64-debian-clang 0.9-0 7.66 105.84 113.51 NOTE
r-devel-linux-x86_64-debian-gcc 0.9-0 7.10 103.04 110.14 NOTE
r-devel-linux-x86_64-fedora-clang 0.9-0 267.43 NOTE
r-devel-linux-x86_64-fedora-gcc 0.9-0 259.29 NOTE
r-devel-osx-x86_64-clang 0.9-0 192.67 NOTE
r-devel-windows-ix86+x86_64 0.9-0 16.00 157.00 173.00 NOTE
r-patched-linux-x86_64 0.9-0 6.74 103.66 110.40 NOTE
r-patched-solaris-sparc 0.9-0 1169.90 NOTE
r-patched-solaris-x86 0.9-0 316.00 NOTE
r-release-linux-ix86 0.9-0 8.84 128.59 137.43 NOTE
r-release-linux-x86_64 0.9-0 6.82 108.18 115.00 NOTE
r-release-osx-x86_64-mavericks 0.9-0 NOTE
r-release-osx-x86_64-snowleopard 0.9-0 NOTE
r-release-windows-ix86+x86_64 0.9-0 17.00 161.00 178.00 NOTE
r-oldrel-windows-ix86+x86_64 0.9-0 19.00 162.00 181.00 NOTE

Check Details

Version: 0.9-0
Check: package dependencies
Result: NOTE
    Package suggested but not available for checking: ‘manipulate’
Flavors: r-devel-linux-x86_64-debian-clang, r-devel-linux-x86_64-debian-gcc, r-devel-linux-x86_64-fedora-clang, r-devel-linux-x86_64-fedora-gcc, r-devel-osx-x86_64-clang, r-devel-windows-ix86+x86_64, r-patched-linux-x86_64, r-patched-solaris-sparc, r-patched-solaris-x86, r-release-linux-ix86, r-release-linux-x86_64, r-release-osx-x86_64-mavericks, r-release-osx-x86_64-snowleopard, r-release-windows-ix86+x86_64, r-oldrel-windows-ix86+x86_64

Version: 0.9-0
Check: installed package size
Result: NOTE
     installed size is 9.8Mb
     sub-directories of 1Mb or more:
     data 6.2Mb
     doc 2.7Mb
Flavors: r-devel-linux-x86_64-debian-clang, r-devel-linux-x86_64-debian-gcc, r-devel-linux-x86_64-fedora-clang, r-devel-linux-x86_64-fedora-gcc, r-devel-osx-x86_64-clang, r-devel-windows-ix86+x86_64, r-patched-linux-x86_64, r-patched-solaris-sparc, r-patched-solaris-x86, r-release-linux-ix86, r-release-linux-x86_64, r-release-osx-x86_64-mavericks, r-release-osx-x86_64-snowleopard, r-release-windows-ix86+x86_64, r-oldrel-windows-ix86+x86_64

Version: 0.9-0
Check: data for non-ASCII characters
Result: NOTE
     Note: found 7 marked UTF-8 strings
Flavors: r-devel-linux-x86_64-debian-clang, r-devel-linux-x86_64-debian-gcc, r-devel-linux-x86_64-fedora-clang, r-devel-linux-x86_64-fedora-gcc, r-devel-osx-x86_64-clang, r-devel-windows-ix86+x86_64, r-patched-linux-x86_64, r-patched-solaris-sparc, r-patched-solaris-x86, r-release-linux-ix86, r-release-linux-x86_64, r-release-osx-x86_64-mavericks, r-release-osx-x86_64-snowleopard, r-release-windows-ix86+x86_64, r-oldrel-windows-ix86+x86_64