CRAN Package Check Results for Package mosaicCalc

Last updated on 2019-03-23 23:53:57 CET.

Flavor Version Tinstall Tcheck Ttotal Status Flags
r-devel-linux-x86_64-debian-clang 0.5.0 11.18 79.13 90.31 OK
r-devel-linux-x86_64-debian-gcc 0.5.0 9.69 63.12 72.81 OK
r-devel-linux-x86_64-fedora-clang 0.5.0 114.66 OK
r-devel-linux-x86_64-fedora-gcc 0.5.0 107.24 OK
r-devel-windows-ix86+x86_64 0.5.0 38.00 135.00 173.00 OK
r-patched-linux-x86_64 0.5.0 6.14 77.26 83.40 OK
r-patched-solaris-x86 0.5.0 164.30 OK
r-release-linux-x86_64 0.5.0 0.25 2.12 2.37 ERROR
r-release-windows-ix86+x86_64 0.5.0 16.00 94.00 110.00 OK
r-release-osx-x86_64 0.5.0 OK
r-oldrel-windows-ix86+x86_64 0.5.0 13.00 147.00 160.00 OK
r-oldrel-osx-x86_64 0.5.0 OK

Check Details

Version: 0.5.0
Check: whether package can be installed
Result: ERROR
    Installation failed.
Flavor: r-release-linux-x86_64