CRAN Package Check Results for Package mosaicData

Last updated on 2021-09-28 13:51:50 CEST.

Flavor Version Tinstall Tcheck Ttotal Status Flags
r-devel-linux-x86_64-debian-clang 0.20.2 3.71 39.85 43.56 OK
r-devel-linux-x86_64-debian-gcc 0.20.2 2.72 25.73 28.45 ERROR
r-devel-linux-x86_64-fedora-clang 0.20.2 54.09 ERROR
r-devel-linux-x86_64-fedora-gcc 0.20.2 43.60 ERROR
r-devel-windows-x86_64 0.20.2 6.00 44.00 50.00 OK
r-devel-windows-x86_64-gcc10-UCRT 0.20.2 NOTE
r-patched-linux-x86_64 0.20.2 5.00 38.17 43.17 OK
r-patched-solaris-x86 0.20.2 77.00 NOTE
r-release-linux-x86_64 0.20.2 3.50 38.70 42.20 OK
r-release-macos-arm64 0.20.2 NOTE
r-release-macos-x86_64 0.20.2 NOTE
r-release-windows-ix86+x86_64 0.20.2 10.00 49.00 59.00 OK
r-oldrel-macos-x86_64 0.20.2 NOTE
r-oldrel-windows-ix86+x86_64 0.20.2 28.00 47.00 75.00 OK

Check Details

Version: 0.20.2
Check: examples
Result: ERROR
    Running examples in ‘mosaicData-Ex.R’ failed
    The error most likely occurred in:
    
    > base::assign(".ptime", proc.time(), pos = "CheckExEnv")
    > ### Name: Birthdays
    > ### Title: US Births in 1969 - 1988
    > ### Aliases: Birthdays
    >
    > ### ** Examples
    >
    > data(Birthdays)
    > if (require(mosaic)) {
    + MI <- Birthdays %>% filter(state == "MI")
    + gf_point(births ~ date, Birthdays, data = MI)
    + gf_line(births ~ date, Birthdays, data = MI, color = ~ wday)
    + gf_line(births ~ date,
    + data = Birthdays %>% group_by(date) %>% summarise(births = sum(births)))
    + }
    Loading required package: mosaic
    
    The 'mosaic' package masks several functions from core packages in order to add
    additional features. The original behavior of these functions should not be affected by this.
    
    Attaching package: ‘mosaic’
    
    The following objects are masked from ‘package:dplyr’:
    
     count, do, tally
    
    The following object is masked from ‘package:Matrix’:
    
     mean
    
    The following object is masked from ‘package:ggplot2’:
    
     stat
    
    The following objects are masked from ‘package:stats’:
    
     IQR, binom.test, cor, cor.test, cov, fivenum, median, prop.test,
     quantile, sd, t.test, var
    
    The following objects are masked from ‘package:base’:
    
     max, mean, min, prod, range, sample, sum
    
    Error in duplicated.default(u) : duplicated() applies only to vectors
    Calls: gf_point ... as.vector -> union -> duplicated -> duplicated.default
    Execution halted
Flavor: r-devel-linux-x86_64-debian-gcc

Version: 0.20.2
Check: data for non-ASCII characters
Result: NOTE
     Note: found 7 marked UTF-8 strings
Flavors: r-devel-linux-x86_64-fedora-clang, r-devel-linux-x86_64-fedora-gcc, r-devel-windows-x86_64-gcc10-UCRT, r-patched-solaris-x86, r-release-macos-arm64, r-release-macos-x86_64, r-oldrel-macos-x86_64

Version: 0.20.2
Check: examples
Result: ERROR
    Running examples in ‘mosaicData-Ex.R’ failed
    The error most likely occurred in:
    
    > ### Name: Birthdays
    > ### Title: US Births in 1969 - 1988
    > ### Aliases: Birthdays
    >
    > ### ** Examples
    >
    > data(Birthdays)
    > if (require(mosaic)) {
    + MI <- Birthdays %>% filter(state == "MI")
    + gf_point(births ~ date, Birthdays, data = MI)
    + gf_line(births ~ date, Birthdays, data = MI, color = ~ wday)
    + gf_line(births ~ date,
    + data = Birthdays %>% group_by(date) %>% summarise(births = sum(births)))
    + }
    Loading required package: mosaic
    
    The 'mosaic' package masks several functions from core packages in order to add
    additional features. The original behavior of these functions should not be affected by this.
    
    Attaching package: ‘mosaic’
    
    The following objects are masked from ‘package:dplyr’:
    
     count, do, tally
    
    The following object is masked from ‘package:Matrix’:
    
     mean
    
    The following object is masked from ‘package:ggplot2’:
    
     stat
    
    The following objects are masked from ‘package:stats’:
    
     IQR, binom.test, cor, cor.test, cov, fivenum, median, prop.test,
     quantile, sd, t.test, var
    
    The following objects are masked from ‘package:base’:
    
     max, mean, min, prod, range, sample, sum
    
    Error in duplicated.default(u) : duplicated() applies only to vectors
    Calls: gf_point ... as.vector -> union -> duplicated -> duplicated.default
    Execution halted
Flavors: r-devel-linux-x86_64-fedora-clang, r-devel-linux-x86_64-fedora-gcc