CRAN Package Check Results for Package motif

Last updated on 2021-04-10 23:48:08 CEST.

Flavor Version Tinstall Tcheck Ttotal Status Flags
r-devel-linux-x86_64-debian-clang 0.4.1 107.68 127.43 235.11 NOTE
r-devel-linux-x86_64-debian-gcc 0.4.1 68.68 91.42 160.10 NOTE
r-devel-linux-x86_64-fedora-clang 0.4.1 315.77 NOTE
r-devel-linux-x86_64-fedora-gcc 0.4.1 275.09 NOTE
r-devel-windows-ix86+x86_64 0.4.1 175.00 173.00 348.00 NOTE
r-devel-windows-x86_64-gcc10-UCRT 0.4.1 NOTE
r-patched-linux-x86_64 0.4.1 71.79 116.74 188.53 OK
r-patched-solaris-x86 0.4.1 352.80 OK
r-release-linux-x86_64 0.4.1 75.81 114.33 190.14 OK
r-release-macos-x86_64 0.4.1 NOTE
r-release-windows-ix86+x86_64 0.4.1 220.00 226.00 446.00 NOTE
r-oldrel-macos-x86_64 0.4.1 NOTE
r-oldrel-windows-ix86+x86_64 0.4.1 218.00 223.00 441.00 NOTE

Additional issues

clang-UBSAN gcc-UBSAN

Check Details

Version: 0.4.1
Check: LazyData
Result: NOTE
     'LazyData' is specified without a 'data' directory
Flavors: r-devel-linux-x86_64-debian-clang, r-devel-linux-x86_64-debian-gcc, r-devel-linux-x86_64-fedora-clang, r-devel-linux-x86_64-fedora-gcc, r-devel-windows-ix86+x86_64, r-devel-windows-x86_64-gcc10-UCRT

Version: 0.4.1
Check: installed package size
Result: NOTE
     installed size is 6.8Mb
     sub-directories of 1Mb or more:
     libs 3.5Mb
     raster 2.2Mb
Flavors: r-devel-linux-x86_64-fedora-clang, r-devel-windows-ix86+x86_64, r-release-macos-x86_64, r-release-windows-ix86+x86_64, r-oldrel-macos-x86_64, r-oldrel-windows-ix86+x86_64