CRAN Package Check Results for Package moult

Last updated on 2021-12-04 04:52:31 CET.

Flavor Version Tinstall Tcheck Ttotal Status Flags
r-devel-linux-x86_64-debian-clang 2.2.0 7.94 66.54 74.48 ERROR
r-devel-linux-x86_64-debian-gcc 2.2.0 6.56 56.79 63.35 OK
r-devel-linux-x86_64-fedora-clang 2.2.0 109.50 OK
r-devel-linux-x86_64-fedora-gcc 2.2.0 95.68 ERROR
r-devel-windows-x86_64-new-UL 2.2.0 14.00 104.00 118.00 ERROR
r-devel-windows-x86_64-new-TK 2.2.0 ERROR
r-devel-windows-x86_64-old 2.2.0 12.00 61.00 73.00 ERROR
r-patched-linux-x86_64 2.2.0 8.77 65.20 73.97 OK
r-release-linux-x86_64 2.2.0 7.06 64.46 71.52 OK
r-release-macos-arm64 2.2.0 OK
r-release-macos-x86_64 2.2.0 OK
r-release-windows-ix86+x86_64 2.2.0 16.00 85.00 101.00 OK
r-oldrel-macos-x86_64 2.2.0 OK
r-oldrel-windows-ix86+x86_64 2.2.0 17.00 85.00 102.00 OK

Check Details

Version: 2.2.0
Check: examples
Result: ERROR
    Running examples in 'moult-Ex.R' failed
    The error most likely occurred in:
    
    > base::assign(".ptime", proc.time(), pos = "CheckExEnv")
    > ### Name: moult
    > ### Title: Models to analyse data of moult in birds
    > ### Aliases: moult print.moult summary.moult logLik.moult moult_alternative
    >
    > ### ** Examples
    >
    >
    > data(sanderlings)
    >
    > m2 <- moult(MIndex ~ Day, data = sanderlings)
    Error in `[.data.frame`(Day, PFMG == 0, 2) :
     'list' object cannot be coerced to type 'double'
    Calls: moult -> [ -> [.data.frame
    Execution halted
Flavor: r-devel-linux-x86_64-debian-clang

Version: 2.2.0
Check: examples
Result: ERROR
    Running examples in ‘moult-Ex.R’ failed
    The error most likely occurred in:
    
    > ### Name: moult
    > ### Title: Models to analyse data of moult in birds
    > ### Aliases: moult print.moult summary.moult logLik.moult moult_alternative
    >
    > ### ** Examples
    >
    >
    > data(sanderlings)
    >
    > m2 <- moult(MIndex ~ Day, data = sanderlings)
    Error in `[.data.frame`(Day, PFMG == 0, 2) :
     'list' object cannot be coerced to type 'double'
    Calls: moult -> [ -> [.data.frame
    Execution halted
Flavors: r-devel-linux-x86_64-fedora-gcc, r-devel-windows-x86_64-new-UL, r-devel-windows-x86_64-new-TK, r-devel-windows-x86_64-old