CRAN Package Check Results for Package mousetrap

Last updated on 2021-10-24 01:51:37 CEST.

Flavor Version Tinstall Tcheck Ttotal Status Flags
r-devel-linux-x86_64-debian-clang 3.2.0 108.15 100.46 208.61 OK
r-devel-linux-x86_64-debian-gcc 3.2.0 76.81 73.98 150.79 OK
r-devel-linux-x86_64-fedora-clang 3.2.0 317.69 NOTE
r-devel-linux-x86_64-fedora-gcc 3.2.0 267.32 OK
r-devel-windows-x86_64 3.2.0 145.00 148.00 293.00 OK
r-devel-windows-x86_64-gcc10-UCRT 3.2.0 OK
r-patched-linux-x86_64 3.2.0 98.80 97.94 196.74 OK
r-patched-solaris-x86 3.2.0 317.60 OK
r-release-linux-x86_64 3.2.0 78.51 95.06 173.57 OK
r-release-macos-arm64 3.2.0 NOTE
r-release-macos-x86_64 3.2.0 NOTE
r-release-windows-ix86+x86_64 3.2.0 198.00 204.00 402.00 NOTE
r-oldrel-macos-x86_64 3.2.0 NOTE
r-oldrel-windows-ix86+x86_64 3.2.0 263.00 210.00 473.00 NOTE

Check Details

Version: 3.2.0
Check: installed package size
Result: NOTE
     installed size is 5.5Mb
     sub-directories of 1Mb or more:
     data 2.0Mb
     libs 2.9Mb
Flavors: r-devel-linux-x86_64-fedora-clang, r-release-macos-arm64, r-release-macos-x86_64, r-release-windows-ix86+x86_64, r-oldrel-macos-x86_64, r-oldrel-windows-ix86+x86_64