CRAN Package Check Results for Package movMF

Last updated on 2014-04-23 17:47:48.

Flavor Version Tinstall Tcheck Ttotal Status Flags
r-devel-linux-x86_64-debian-clang 0.1-3 1.18 38.47 39.65 NOTE
r-devel-linux-x86_64-debian-gcc 0.1-3 1.16 38.40 39.56 NOTE
r-devel-linux-x86_64-fedora-clang 0.1-3 86.57 NOTE
r-devel-linux-x86_64-fedora-gcc 0.1-3 84.87 NOTE
r-devel-osx-x86_64-clang 0.1-3 81.86 NOTE
r-devel-osx-x86_64-gcc 0.1-3 WARN
r-devel-windows-ix86+x86_64 0.1-3 7.00 61.00 68.00 NOTE
r-patched-linux-x86_64 0.1-3 1.19 37.61 38.80 NOTE
r-patched-solaris-sparc 0.1-3 423.60 NOTE
r-patched-solaris-x86 0.1-3 94.80 NOTE
r-release-linux-ix86 0.1-3 2.00 125.00 127.00 NOTE
r-release-linux-x86_64 0.1-3 1.15 37.76 38.90 NOTE
r-release-osx-x86_64-mavericks 0.1-3 WARN
r-release-osx-x86_64-snowleopard 0.1-3 NOTE
r-release-windows-ix86+x86_64 0.1-3 7.00 58.00 65.00 NOTE
r-oldrel-windows-ix86+x86_64 0.1-3 7.00 59.00 66.00 NOTE

Check Details

Version: 0.1-3
Check: for unstated dependencies in vignettes
Result: NOTE
    'library' or 'require' call not declared from: ‘corpus.useR.2008.abstracts’
    'data(package=)' call not declared from: ‘corpus.useR.2008.abstracts’
Flavors: r-devel-linux-x86_64-debian-clang, r-devel-linux-x86_64-debian-gcc, r-devel-linux-x86_64-fedora-clang, r-devel-linux-x86_64-fedora-gcc, r-devel-osx-x86_64-clang, r-devel-osx-x86_64-gcc, r-devel-windows-ix86+x86_64, r-patched-linux-x86_64, r-patched-solaris-sparc, r-patched-solaris-x86, r-release-linux-ix86, r-release-linux-x86_64, r-release-osx-x86_64-mavericks, r-release-osx-x86_64-snowleopard, r-release-windows-ix86+x86_64, r-oldrel-windows-ix86+x86_64

Version: 0.1-3
Check: package dependencies
Result: NOTE
    Package suggested but not available for checking: ‘tm’
Flavor: r-devel-osx-x86_64-gcc

Version: 0.1-3
Check: running R code from vignettes
Result: WARNING
    Errors in running code in vignettes:
    when running code in ‘movMF.Rnw’
     ...
    > cat(paste("R> ", prompt(movMF, filename = NA)$usage[[2]]))
    R> movMF(x, k, control = list(), ...)
    > sapply(vMFs, BIC)
    [1] -169.4291 -200.3364 -211.5490 -206.9498 -202.4944
    
    > library("tm")
    
     When sourcing 'movMF.R':
    Error: there is no package called 'tm'
    Execution halted
Flavor: r-devel-osx-x86_64-gcc

Version: 0.1-3
Check: re-building of vignette outputs
Result: NOTE
    Error in re-building vignettes:
     ...
    
    Error: processing vignette 'movMF.Rnw' failed with diagnostics:
     chunk 12
    Error in library("tm") : there is no package called 'tm'
    Execution halted
Flavor: r-devel-osx-x86_64-gcc

Version: 0.1-3
Check: PDF version of manual
Result: WARNING
    LaTeX errors when creating PDF version.
    This typically indicates Rd problems.
    LaTeX errors found:
    ! LaTeX Error: File `upquote.sty' not found.
    
    Type X to quit or <RETURN> to proceed,
    or enter new name. (Default extension: sty)
    
    848e8bf/Rd2.tex:8: ==> Fatal error occurred, no output PDF file produced!
Flavor: r-release-osx-x86_64-mavericks