CRAN Package Check Results for Package movMF

Last updated on 2016-07-26 07:47:12.

Flavor Version Tinstall Tcheck Ttotal Status Flags
r-devel-linux-x86_64-debian-clang 0.2-0 1.60 32.35 33.95 NOTE
r-devel-linux-x86_64-debian-gcc 0.2-0 1.45 30.47 31.92 NOTE
r-devel-linux-x86_64-fedora-clang 0.2-0 49.06 NOTE
r-devel-linux-x86_64-fedora-gcc 0.2-0 48.70 NOTE
r-devel-osx-x86_64-clang 0.2-0 42.53 NOTE
r-devel-windows-ix86+x86_64 0.2-0 7.00 78.00 85.00 OK
r-patched-linux-x86_64 0.2-0 1.46 34.61 36.06 NOTE
r-patched-solaris-sparc 0.2-0 242.20 OK
r-patched-solaris-x86 0.2-0 54.50 OK
r-release-linux-x86_64 0.2-0 1.40 32.62 34.02 NOTE
r-release-osx-x86_64-mavericks 0.2-0 NOTE
r-release-windows-ix86+x86_64 0.2-0 7.00 72.00 79.00 OK
r-oldrel-windows-ix86+x86_64 0.2-0 10.00 100.00 110.00 OK

Check Details

Version: 0.2-0
Check: package dependencies
Result: NOTE
    Package suggested but not available for checking: ‘corpus.useR.2008.abstracts’
Flavors: r-devel-linux-x86_64-debian-clang, r-devel-linux-x86_64-debian-gcc, r-devel-linux-x86_64-fedora-clang, r-devel-linux-x86_64-fedora-gcc, r-devel-osx-x86_64-clang, r-patched-linux-x86_64, r-release-linux-x86_64, r-release-osx-x86_64-mavericks