CRAN Package Check Results for Package movMF

Last updated on 2016-12-10 07:47:34.

Flavor Version Tinstall Tcheck Ttotal Status Flags
r-devel-linux-x86_64-debian-clang 0.2-0 1.23 30.97 32.20 NOTE
r-devel-linux-x86_64-debian-gcc 0.2-0 1.20 31.50 32.69 NOTE
r-devel-linux-x86_64-fedora-clang 0.2-0 64.01 NOTE --no-stop-on-test-error
r-devel-linux-x86_64-fedora-gcc 0.2-0 56.89 NOTE --no-stop-on-test-error
r-devel-macos-x86_64-clang 0.2-0 47.37 NOTE --no-stop-on-test-error
r-devel-windows-ix86+x86_64 0.2-0 6.00 77.00 83.00 OK
r-patched-linux-x86_64 0.2-0 1.18 29.23 30.40 NOTE
r-patched-solaris-sparc 0.2-0 242.20 OK
r-patched-solaris-x86 0.2-0 54.50 OK
r-release-linux-x86_64 0.2-0 1.12 28.18 29.30 NOTE
r-release-osx-x86_64-mavericks 0.2-0 NOTE
r-release-windows-ix86+x86_64 0.2-0 6.00 54.00 60.00 OK
r-oldrel-windows-ix86+x86_64 0.2-0 11.00 73.00 84.00 OK

Check Details

Version: 0.2-0
Check: package dependencies
Result: NOTE
    Package suggested but not available for checking: ‘corpus.useR.2008.abstracts’
Flavors: r-devel-linux-x86_64-debian-clang, r-devel-linux-x86_64-debian-gcc, r-patched-linux-x86_64, r-release-linux-x86_64, r-release-osx-x86_64-mavericks

Version: 0.2-0
Flags: --no-stop-on-test-error
Check: package dependencies
Result: NOTE
    Package suggested but not available for checking: ‘corpus.useR.2008.abstracts’
Flavors: r-devel-linux-x86_64-fedora-clang, r-devel-linux-x86_64-fedora-gcc, r-devel-macos-x86_64-clang