CRAN Package Check Results for Package movMF

Last updated on 2014-09-18 01:48:04.

Flavor Version Tinstall Tcheck Ttotal Status Flags
r-devel-linux-x86_64-debian-clang 0.2-0 1.08 38.38 39.46 NOTE
r-devel-linux-x86_64-debian-gcc 0.2-0 1.10 37.57 38.67 NOTE
r-devel-linux-x86_64-fedora-clang 0.2-0 83.08 NOTE
r-devel-linux-x86_64-fedora-gcc 0.2-0 80.99 NOTE
r-devel-osx-x86_64-clang 0.2-0 75.54 NOTE
r-devel-windows-ix86+x86_64 0.2-0 7.00 61.00 68.00 OK
r-patched-linux-x86_64 0.2-0 1.16 36.67 37.84 NOTE
r-patched-solaris-sparc 0.2-0 462.70 OK
r-patched-solaris-x86 0.2-0 90.80 OK
r-release-linux-ix86 0.2-0 1.79 82.94 84.74 NOTE
r-release-linux-x86_64 0.2-0 1.15 38.95 40.10 NOTE
r-release-osx-x86_64-mavericks 0.2-0 NOTE
r-release-osx-x86_64-snowleopard 0.2-0 NOTE
r-release-windows-ix86+x86_64 0.2-0 7.00 64.00 71.00 OK
r-oldrel-windows-ix86+x86_64 0.2-0 8.00 61.00 69.00 OK

Check Details

Version: 0.2-0
Check: package dependencies
Result: NOTE
    Package suggested but not available for checking: ‘corpus.useR.2008.abstracts’
Flavors: r-devel-linux-x86_64-debian-clang, r-devel-linux-x86_64-debian-gcc, r-devel-linux-x86_64-fedora-clang, r-devel-linux-x86_64-fedora-gcc, r-devel-osx-x86_64-clang, r-patched-linux-x86_64, r-release-linux-ix86, r-release-linux-x86_64, r-release-osx-x86_64-mavericks, r-release-osx-x86_64-snowleopard