CRAN Package Check Results for Package movMF

Last updated on 2014-10-25 08:49:02.

Flavor Version Tinstall Tcheck Ttotal Status Flags
r-devel-linux-x86_64-debian-clang 0.2-0 1.19 40.55 41.74 NOTE
r-devel-linux-x86_64-debian-gcc 0.2-0 1.18 39.93 41.12 NOTE
r-devel-linux-x86_64-fedora-clang 0.2-0 84.28 NOTE
r-devel-linux-x86_64-fedora-gcc 0.2-0 80.57 NOTE
r-devel-osx-x86_64-clang 0.2-0 76.34 NOTE
r-devel-windows-ix86+x86_64 0.2-0 7.00 60.00 67.00 OK
r-patched-linux-x86_64 0.2-0 1.17 38.94 40.11 NOTE
r-patched-solaris-sparc 0.2-0 462.70 OK
r-patched-solaris-x86 0.2-0 93.90 OK
r-release-linux-ix86 0.2-0 1.76 51.49 53.26 NOTE
r-release-linux-x86_64 0.2-0 1.26 39.91 41.18 NOTE
r-release-osx-x86_64-mavericks 0.2-0 NOTE
r-release-osx-x86_64-snowleopard 0.2-0 NOTE
r-release-windows-ix86+x86_64 0.2-0 7.00 58.00 65.00 OK
r-oldrel-windows-ix86+x86_64 0.2-0 8.00 64.00 72.00 OK

Check Details

Version: 0.2-0
Check: package dependencies
Result: NOTE
    Package suggested but not available for checking: ‘corpus.useR.2008.abstracts’
Flavors: r-devel-linux-x86_64-debian-clang, r-devel-linux-x86_64-debian-gcc, r-devel-linux-x86_64-fedora-clang, r-devel-linux-x86_64-fedora-gcc, r-devel-osx-x86_64-clang, r-patched-linux-x86_64, r-release-linux-ix86, r-release-linux-x86_64, r-release-osx-x86_64-mavericks, r-release-osx-x86_64-snowleopard