CRAN Package Check Results for Package movMF

Last updated on 2016-08-27 04:51:01.

Flavor Version Tinstall Tcheck Ttotal Status Flags
r-devel-linux-x86_64-debian-clang 0.2-0 1.21 28.53 29.74 NOTE
r-devel-linux-x86_64-debian-gcc 0.2-0 1.78 35.29 37.07 NOTE
r-devel-linux-x86_64-fedora-clang 0.2-0 50.72 NOTE
r-devel-linux-x86_64-fedora-gcc 0.2-0 48.88 NOTE
r-devel-osx-x86_64-clang 0.2-0 41.69 NOTE
r-devel-windows-ix86+x86_64 0.2-0 10.00 51.00 61.00 OK
r-patched-linux-x86_64 0.2-0 1.00 27.02 28.02 NOTE
r-patched-solaris-sparc 0.2-0 242.20 OK
r-patched-solaris-x86 0.2-0 54.70 OK
r-release-linux-x86_64 0.2-0 1.20 27.26 28.46 NOTE
r-release-osx-x86_64-mavericks 0.2-0 NOTE
r-release-windows-ix86+x86_64 0.2-0 7.00 57.00 64.00 OK
r-oldrel-windows-ix86+x86_64 0.2-0 8.00 103.00 111.00 OK

Check Details

Version: 0.2-0
Check: package dependencies
Result: NOTE
    Package suggested but not available for checking: ‘corpus.useR.2008.abstracts’
Flavors: r-devel-linux-x86_64-debian-clang, r-devel-linux-x86_64-debian-gcc, r-devel-linux-x86_64-fedora-clang, r-devel-linux-x86_64-fedora-gcc, r-devel-osx-x86_64-clang, r-patched-linux-x86_64, r-release-linux-x86_64, r-release-osx-x86_64-mavericks