CRAN Package Check Results for Package movMF

Last updated on 2016-10-01 12:47:54.

Flavor Version Tinstall Tcheck Ttotal Status Flags
r-devel-linux-x86_64-debian-clang 0.2-0 1.28 29.57 30.85 NOTE
r-devel-linux-x86_64-debian-gcc 0.2-0 1.11 27.88 28.98 NOTE
r-devel-linux-x86_64-fedora-clang 0.2-0 54.87 NOTE
r-devel-linux-x86_64-fedora-gcc 0.2-0 49.93 NOTE
r-devel-macos-x86_64-clang 0.2-0 40.43 NOTE
r-devel-windows-ix86+x86_64 0.2-0 10.00 69.00 79.00 OK
r-patched-linux-x86_64 0.2-0 1.06 29.88 30.95 NOTE
r-patched-solaris-sparc 0.2-0 242.20 OK
r-patched-solaris-x86 0.2-0 53.60 OK
r-release-linux-x86_64 0.2-0 1.18 28.24 29.42 NOTE
r-release-osx-x86_64-mavericks 0.2-0 NOTE
r-release-windows-ix86+x86_64 0.2-0 6.00 55.00 61.00 OK
r-oldrel-windows-ix86+x86_64 0.2-0 16.00 93.00 109.00 OK

Check Details

Version: 0.2-0
Check: package dependencies
Result: NOTE
    Package suggested but not available for checking: ‘corpus.useR.2008.abstracts’
Flavors: r-devel-linux-x86_64-debian-clang, r-devel-linux-x86_64-debian-gcc, r-devel-linux-x86_64-fedora-clang, r-devel-linux-x86_64-fedora-gcc, r-devel-macos-x86_64-clang, r-patched-linux-x86_64, r-release-linux-x86_64, r-release-osx-x86_64-mavericks