CRAN Package Check Results for Package movMF

Last updated on 2014-12-22 14:48:45.

Flavor Version Tinstall Tcheck Ttotal Status Flags
r-devel-linux-x86_64-debian-clang 0.2-0 1.20 40.16 41.36 NOTE
r-devel-linux-x86_64-debian-gcc 0.2-0 1.13 39.24 40.38 NOTE
r-devel-linux-x86_64-fedora-clang 0.2-0 80.82 NOTE
r-devel-linux-x86_64-fedora-gcc 0.2-0 77.95 NOTE
r-devel-osx-x86_64-clang 0.2-0 79.08 NOTE
r-devel-windows-ix86+x86_64 0.2-0 8.00 65.00 73.00 OK
r-patched-linux-x86_64 0.2-0 1.20 43.84 45.04 NOTE
r-patched-solaris-sparc 0.2-0 457.40 OK
r-patched-solaris-x86 0.2-0 94.30 OK
r-release-linux-ix86 0.2-0 1.74 49.24 50.99 NOTE
r-release-linux-x86_64 0.2-0 1.14 41.26 42.40 NOTE
r-release-osx-x86_64-mavericks 0.2-0 NOTE
r-release-osx-x86_64-snowleopard 0.2-0 NOTE
r-release-windows-ix86+x86_64 0.2-0 9.00 65.00 74.00 OK
r-oldrel-windows-ix86+x86_64 0.2-0 8.00 62.00 70.00 OK

Check Details

Version: 0.2-0
Check: package dependencies
Result: NOTE
    Package suggested but not available for checking: ‘corpus.useR.2008.abstracts’
Flavors: r-devel-linux-x86_64-debian-clang, r-devel-linux-x86_64-debian-gcc, r-devel-linux-x86_64-fedora-clang, r-devel-linux-x86_64-fedora-gcc, r-devel-osx-x86_64-clang, r-patched-linux-x86_64, r-release-linux-ix86, r-release-linux-x86_64, r-release-osx-x86_64-mavericks, r-release-osx-x86_64-snowleopard