CRAN Package Check Results for Package movMF

Last updated on 2018-08-19 04:47:01 CEST.

Flavor Version Tinstall Tcheck Ttotal Status Flags
r-devel-linux-x86_64-debian-clang 0.2-2 2.75 41.94 44.69 NOTE
r-devel-linux-x86_64-debian-gcc 0.2-2 2.33 32.09 34.42 NOTE
r-devel-linux-x86_64-fedora-clang 0.2-2 53.73 NOTE
r-devel-linux-x86_64-fedora-gcc 0.2-2 52.52 NOTE
r-devel-windows-ix86+x86_64 0.2-2 14.00 83.00 97.00 NOTE
r-patched-linux-x86_64 0.2-2 3.50 39.04 42.54 NOTE
r-patched-solaris-x86 0.2-2 60.00 NOTE
r-release-linux-x86_64 0.2-2 3.27 39.17 42.44 NOTE
r-release-windows-ix86+x86_64 0.2-2 17.00 61.00 78.00 NOTE
r-release-osx-x86_64 0.2-2 NOTE
r-oldrel-windows-ix86+x86_64 0.2-2 8.00 79.00 87.00 OK
r-oldrel-osx-x86_64 0.2-2 NOTE

Check Details

Version: 0.2-2
Check: package dependencies
Result: NOTE
    Package suggested but not available for checking: ‘corpus.useR.2008.abstracts’
Flavors: r-devel-linux-x86_64-debian-clang, r-devel-linux-x86_64-debian-gcc, r-devel-linux-x86_64-fedora-clang, r-devel-linux-x86_64-fedora-gcc, r-devel-windows-ix86+x86_64, r-patched-linux-x86_64, r-patched-solaris-x86, r-release-linux-x86_64, r-release-windows-ix86+x86_64, r-release-osx-x86_64, r-oldrel-osx-x86_64