CRAN Package Check Results for Package movMF

Last updated on 2017-03-23 23:50:54.

Flavor Version Tinstall Tcheck Ttotal Status Flags
r-devel-linux-x86_64-debian-clang 0.2-1 1.24 31.49 32.73 NOTE
r-devel-linux-x86_64-debian-gcc 0.2-1 1.20 29.94 31.14 NOTE
r-devel-linux-x86_64-fedora-clang 0.2-1 55.74 NOTE --no-stop-on-test-error
r-devel-linux-x86_64-fedora-gcc 0.2-1 53.94 NOTE --no-stop-on-test-error
r-devel-macos-x86_64-clang 0.2-1 45.69 NOTE --no-stop-on-test-error
r-devel-windows-ix86+x86_64 0.2-1 8.00 81.00 89.00 OK
r-patched-linux-x86_64 0.2-1 1.10 27.25 28.35 NOTE
r-patched-solaris-sparc 0.2-1 277.20 OK
r-patched-solaris-x86 0.2-1 63.80 OK
r-release-linux-x86_64 0.2-1 1.12 26.23 27.35 NOTE
r-release-osx-x86_64-mavericks 0.2-1 NOTE
r-release-windows-ix86+x86_64 0.2-1 13.00 54.00 67.00 OK
r-oldrel-windows-ix86+x86_64 0.2-1 8.00 4.00 12.00 ERROR

Check Details

Version: 0.2-1
Check: package dependencies
Result: NOTE
    Package suggested but not available for checking: ‘corpus.useR.2008.abstracts’
Flavors: r-devel-linux-x86_64-debian-clang, r-devel-linux-x86_64-debian-gcc, r-patched-linux-x86_64, r-release-linux-x86_64, r-release-osx-x86_64-mavericks

Version: 0.2-1
Flags: --no-stop-on-test-error
Check: package dependencies
Result: NOTE
    Package suggested but not available for checking: ‘corpus.useR.2008.abstracts’
Flavors: r-devel-linux-x86_64-fedora-clang, r-devel-linux-x86_64-fedora-gcc, r-devel-macos-x86_64-clang

Version: 0.2-1
Check: package dependencies
Result: ERROR
    Package required and available but unsuitable version: 'slam'
    
    See section 'The DESCRIPTION file' in the 'Writing R Extensions'
    manual.
Flavor: r-oldrel-windows-ix86+x86_64