CRAN Package Check Results for Package movMF

Last updated on 2018-02-19 21:49:41 CET.

Flavor Version Tinstall Tcheck Ttotal Status Flags
r-devel-linux-x86_64-debian-clang 0.2-2 3.48 36.83 40.31 NOTE
r-devel-linux-x86_64-debian-gcc 0.2-2 1.93 29.43 31.36 NOTE
r-devel-linux-x86_64-fedora-clang 0.2-2 57.82 NOTE
r-devel-linux-x86_64-fedora-gcc 0.2-2 50.99 NOTE
r-devel-windows-ix86+x86_64 0.2-2 8.00 61.00 69.00 NOTE
r-patched-linux-x86_64 0.2-2 1.69 48.76 50.45 NOTE
r-patched-solaris-x86 0.2-2 73.40 NOTE
r-release-linux-x86_64 0.2-2 1.70 49.18 50.88 NOTE
r-release-windows-ix86+x86_64 0.2-2 10.00 84.00 94.00 OK
r-release-osx-x86_64 0.2-2 NOTE
r-oldrel-windows-ix86+x86_64 0.2-2 10.00 72.00 82.00 OK
r-oldrel-osx-x86_64 0.2-2 NOTE

Check Details

Version: 0.2-2
Check: package dependencies
Result: NOTE
    Package suggested but not available for checking: ‘corpus.useR.2008.abstracts’
Flavors: r-devel-linux-x86_64-debian-clang, r-devel-linux-x86_64-debian-gcc, r-devel-linux-x86_64-fedora-clang, r-devel-linux-x86_64-fedora-gcc, r-devel-windows-ix86+x86_64, r-patched-linux-x86_64, r-patched-solaris-x86, r-release-linux-x86_64, r-release-osx-x86_64, r-oldrel-osx-x86_64