CRAN Package Check Results for Package movMF

Last updated on 2015-05-28 23:47:50.

Flavor Version Tinstall Tcheck Ttotal Status Flags
r-devel-linux-x86_64-debian-clang 0.2-0 1.12 38.49 39.60 NOTE
r-devel-linux-x86_64-debian-gcc 0.2-0 1.05 36.86 37.91 NOTE
r-devel-linux-x86_64-fedora-clang 0.2-0 77.52 NOTE
r-devel-linux-x86_64-fedora-gcc 0.2-0 72.51 NOTE
r-devel-osx-x86_64-clang 0.2-0 80.87 NOTE
r-devel-windows-ix86+x86_64 0.2-0 8.00 60.00 68.00 OK
r-patched-linux-x86_64 0.2-0 1.03 37.32 38.35 NOTE
r-patched-solaris-sparc 0.2-0 405.10 OK
r-patched-solaris-x86 0.2-0 86.80 OK
r-release-linux-x86_64 0.2-0 1.03 37.41 38.44 NOTE
r-release-osx-x86_64-mavericks 0.2-0 NOTE
r-release-osx-x86_64-snowleopard 0.2-0 WARN
r-release-windows-ix86+x86_64 0.2-0 9.00 56.00 65.00 OK
r-oldrel-windows-ix86+x86_64 0.2-0 8.00 64.00 72.00 OK

Check Details

Version: 0.2-0
Check: package dependencies
Result: NOTE
    Package suggested but not available for checking: ‘corpus.useR.2008.abstracts’
Flavors: r-devel-linux-x86_64-debian-clang, r-devel-linux-x86_64-debian-gcc, r-devel-linux-x86_64-fedora-clang, r-devel-linux-x86_64-fedora-gcc, r-devel-osx-x86_64-clang, r-patched-linux-x86_64, r-release-linux-x86_64, r-release-osx-x86_64-mavericks

Version: 0.2-0
Check: package dependencies
Result: NOTE
    Packages suggested but not available for checking:
     ‘tm’ ‘corpus.useR.2008.abstracts’
Flavor: r-release-osx-x86_64-snowleopard

Version: 0.2-0
Check: running R code from vignettes
Result: WARN
    Errors in running code in vignettes:
    when running code in ‘movMF.Rnw’
     ...
    > cat(paste("R> ", prompt(movMF, filename = NA)$usage[[2]]))
    R> movMF(x, k, control = list(), ...)
    > sapply(vMFs, BIC)
    [1] -169.4291 -200.3364 -211.5490 -206.9498 -202.4944
    
    > library("tm")
    
     When sourcing 'movMF.R':
    Error: there is no package called 'tm'
    Execution halted
Flavor: r-release-osx-x86_64-snowleopard

Version: 0.2-0
Check: re-building of vignette outputs
Result: NOTE
    Error in re-building vignettes:
     ...
    
    Error: processing vignette 'movMF.Rnw' failed with diagnostics:
     chunk 12
    Error in library("tm") : there is no package called 'tm'
    Execution halted
Flavor: r-release-osx-x86_64-snowleopard