CRAN Package Check Results for Package movMF

Last updated on 2017-06-22 13:46:53.

Flavor Version Tinstall Tcheck Ttotal Status Flags
r-devel-linux-x86_64-debian-clang 0.2-1 1.46 33.55 35.01 NOTE
r-devel-linux-x86_64-debian-gcc 0.2-1 1.39 30.89 32.28 NOTE
r-devel-linux-x86_64-fedora-clang 0.2-1 57.41 NOTE
r-devel-linux-x86_64-fedora-gcc 0.2-1 55.49 NOTE
r-devel-windows-ix86+x86_64 0.2-1 11.00 62.00 73.00 OK
r-patched-linux-x86_64 0.2-1 1.36 32.54 33.90 NOTE
r-patched-solaris-sparc 0.2-1 277.20 OK
r-patched-solaris-x86 0.2-1 67.50 OK
r-release-linux-x86_64 0.2-1 1.16 31.32 32.48 NOTE
r-release-windows-ix86+x86_64 0.2-1 10.00 67.00 77.00 OK
r-release-osx-x86_64 0.2-1 NOTE
r-oldrel-windows-ix86+x86_64 0.2-1 12.00 58.00 70.00 OK
r-oldrel-osx-x86_64 0.2-1 NOTE

Check Details

Version: 0.2-1
Check: package dependencies
Result: NOTE
    Package suggested but not available for checking: ‘corpus.useR.2008.abstracts’
Flavors: r-devel-linux-x86_64-debian-clang, r-devel-linux-x86_64-debian-gcc, r-devel-linux-x86_64-fedora-clang, r-devel-linux-x86_64-fedora-gcc, r-patched-linux-x86_64, r-release-linux-x86_64, r-release-osx-x86_64, r-oldrel-osx-x86_64