CRAN Package Check Results for Package movMF

Last updated on 2016-04-30 15:47:04.

Flavor Version Tinstall Tcheck Ttotal Status Flags
r-devel-linux-x86_64-debian-gcc 0.2-0 1.08 26.44 27.52 NOTE
r-devel-linux-x86_64-fedora-clang 0.2-0 52.13 NOTE
r-devel-linux-x86_64-fedora-gcc 0.2-0 49.22 NOTE
r-devel-osx-x86_64-clang 0.2-0 61.97 NOTE
r-devel-windows-ix86+x86_64 0.2-0 5.00 58.00 63.00 OK
r-patched-linux-x86_64 0.2-0 1.02 25.78 26.80 NOTE
r-patched-solaris-sparc 0.2-0 245.00 OK
r-patched-solaris-x86 0.2-0 56.20 OK
r-release-linux-x86_64 0.2-0 1.11 39.25 40.36 NOTE
r-release-osx-x86_64-mavericks 0.2-0 NOTE
r-release-windows-ix86+x86_64 0.2-0 7.00 66.00 73.00 OK
r-oldrel-windows-ix86+x86_64 0.2-0 14.00 70.00 84.00 OK

Check Details

Version: 0.2-0
Check: package dependencies
Result: NOTE
    Package suggested but not available for checking: ‘corpus.useR.2008.abstracts’
Flavors: r-devel-linux-x86_64-debian-gcc, r-devel-linux-x86_64-fedora-clang, r-devel-linux-x86_64-fedora-gcc, r-devel-osx-x86_64-clang, r-patched-linux-x86_64, r-release-linux-x86_64, r-release-osx-x86_64-mavericks