CRAN Package Check Results for Package movMF

Last updated on 2018-10-17 02:49:04 CEST.

Flavor Version Tinstall Tcheck Ttotal Status Flags
r-devel-linux-x86_64-debian-clang 0.2-4 3.45 42.61 46.06 NOTE
r-devel-linux-x86_64-debian-gcc 0.2-4 2.73 33.25 35.98 NOTE
r-devel-linux-x86_64-fedora-clang 0.2-4 55.79 NOTE
r-devel-linux-x86_64-fedora-gcc 0.2-4 54.52 NOTE
r-devel-windows-ix86+x86_64 0.2-4 13.00 88.00 101.00 NOTE
r-patched-linux-x86_64 0.2-4 3.13 40.81 43.94 NOTE
r-patched-solaris-x86 0.2-4 70.80 NOTE
r-release-linux-x86_64 0.2-4 3.29 40.30 43.59 NOTE
r-release-windows-ix86+x86_64 0.2-4 10.00 85.00 95.00 NOTE
r-release-osx-x86_64 0.2-4 NOTE
r-oldrel-windows-ix86+x86_64 0.2-4 11.00 65.00 76.00 OK
r-oldrel-osx-x86_64 0.2-4 NOTE

Check Details

Version: 0.2-4
Check: package dependencies
Result: NOTE
    Package suggested but not available for checking: ‘corpus.useR.2008.abstracts’
Flavors: r-devel-linux-x86_64-debian-clang, r-devel-linux-x86_64-debian-gcc, r-devel-linux-x86_64-fedora-clang, r-devel-linux-x86_64-fedora-gcc, r-devel-windows-ix86+x86_64, r-patched-linux-x86_64, r-patched-solaris-x86, r-release-linux-x86_64, r-release-windows-ix86+x86_64, r-release-osx-x86_64, r-oldrel-osx-x86_64