CRAN Package Check Results for Package movMF

Last updated on 2016-02-13 23:47:09.

Flavor Version Tinstall Tcheck Ttotal Status Flags
r-devel-linux-x86_64-debian-gcc 0.2-0 1.06 25.10 26.16 NOTE
r-devel-linux-x86_64-fedora-clang 0.2-0 49.38 NOTE
r-devel-linux-x86_64-fedora-gcc 0.2-0 49.02 NOTE
r-devel-osx-x86_64-clang 0.2-0 62.27 NOTE
r-devel-windows-ix86+x86_64 0.2-0 11.00 43.00 54.00 OK
r-patched-linux-x86_64 0.2-0 1.16 38.46 39.62 NOTE
r-patched-solaris-sparc 0.2-0 391.70 OK
r-patched-solaris-x86 0.2-0 85.00 OK
r-release-linux-x86_64 0.2-0 1.20 36.90 38.10 NOTE
r-release-osx-x86_64-mavericks 0.2-0 NOTE
r-release-windows-ix86+x86_64 0.2-0 11.00 62.00 73.00 OK
r-oldrel-windows-ix86+x86_64 0.2-0 11.00 90.00 101.00 OK

Check Details

Version: 0.2-0
Check: package dependencies
Result: NOTE
    Package suggested but not available for checking: ‘corpus.useR.2008.abstracts’
Flavors: r-devel-linux-x86_64-debian-gcc, r-devel-linux-x86_64-fedora-clang, r-devel-linux-x86_64-fedora-gcc, r-devel-osx-x86_64-clang, r-patched-linux-x86_64, r-release-linux-x86_64, r-release-osx-x86_64-mavericks