CRAN Package Check Results for Package movMF

Last updated on 2017-01-16 17:49:22.

Flavor Version Tinstall Tcheck Ttotal Status Flags
r-devel-linux-x86_64-debian-clang 0.2-0 1.31 33.93 35.24 NOTE
r-devel-linux-x86_64-debian-gcc 0.2-0 1.18 30.02 31.20 NOTE
r-devel-linux-x86_64-fedora-clang 0.2-0 57.05 NOTE --no-stop-on-test-error
r-devel-linux-x86_64-fedora-gcc 0.2-0 53.12 NOTE --no-stop-on-test-error
r-devel-macos-x86_64-clang 0.2-0 46.25 NOTE --no-stop-on-test-error
r-devel-windows-ix86+x86_64 0.2-0 8.00 62.00 70.00 OK
r-patched-linux-x86_64 0.2-0 1.08 26.92 28.00 NOTE
r-patched-solaris-sparc 0.2-0 246.20 OK
r-patched-solaris-x86 0.2-0 55.50 OK
r-release-linux-x86_64 0.2-0 1.11 28.86 29.97 NOTE
r-release-osx-x86_64-mavericks 0.2-0 NOTE
r-release-windows-ix86+x86_64 0.2-0 10.00 58.00 68.00 OK
r-oldrel-windows-ix86+x86_64 0.2-0 7.00 77.00 84.00 OK

Check Details

Version: 0.2-0
Check: package dependencies
Result: NOTE
    Package suggested but not available for checking: ‘corpus.useR.2008.abstracts’
Flavors: r-devel-linux-x86_64-debian-clang, r-devel-linux-x86_64-debian-gcc, r-patched-linux-x86_64, r-release-linux-x86_64, r-release-osx-x86_64-mavericks

Version: 0.2-0
Flags: --no-stop-on-test-error
Check: package dependencies
Result: NOTE
    Package suggested but not available for checking: ‘corpus.useR.2008.abstracts’
Flavors: r-devel-linux-x86_64-fedora-clang, r-devel-linux-x86_64-fedora-gcc, r-devel-macos-x86_64-clang