CRAN Package Check Results for Package movMF

Last updated on 2018-04-25 08:51:28 CEST.

Flavor Version Tinstall Tcheck Ttotal Status Flags
r-devel-linux-x86_64-debian-clang 0.2-2 3.12 40.59 43.71 NOTE
r-devel-linux-x86_64-debian-gcc 0.2-2 2.36 29.88 32.24 NOTE
r-devel-linux-x86_64-fedora-clang 0.2-2 56.84 NOTE
r-devel-linux-x86_64-fedora-gcc 0.2-2 51.81 NOTE
r-devel-windows-ix86+x86_64 0.2-2 15.00 59.00 74.00 NOTE
r-patched-linux-x86_64 0.2-2 3.19 38.29 41.48 NOTE
r-patched-solaris-x86 0.2-2 70.00 NOTE
r-release-linux-x86_64 0.2-2 2.55 39.77 42.32 NOTE
r-release-windows-ix86+x86_64 0.2-2 15.00 59.00 74.00 NOTE
r-release-osx-x86_64 0.2-2 NOTE
r-oldrel-windows-ix86+x86_64 0.2-2 8.00 81.00 89.00 OK
r-oldrel-osx-x86_64 0.2-2 NOTE

Check Details

Version: 0.2-2
Check: package dependencies
Result: NOTE
    Package suggested but not available for checking: ‘corpus.useR.2008.abstracts’
Flavors: r-devel-linux-x86_64-debian-clang, r-devel-linux-x86_64-debian-gcc, r-devel-linux-x86_64-fedora-clang, r-devel-linux-x86_64-fedora-gcc, r-devel-windows-ix86+x86_64, r-patched-linux-x86_64, r-patched-solaris-x86, r-release-linux-x86_64, r-release-windows-ix86+x86_64, r-release-osx-x86_64, r-oldrel-osx-x86_64