CRAN Package Check Results for Package movMF

Last updated on 2015-08-28 12:48:00.

Flavor Version Tinstall Tcheck Ttotal Status Flags
r-devel-linux-x86_64-debian-clang 0.2-0 1.02 37.34 38.37 NOTE
r-devel-linux-x86_64-debian-gcc 0.2-0 1.00 38.02 39.02 NOTE
r-devel-linux-x86_64-fedora-clang 0.2-0 75.30 NOTE
r-devel-linux-x86_64-fedora-gcc 0.2-0 71.08 NOTE
r-devel-osx-x86_64-clang 0.2-0 78.61 NOTE
r-devel-windows-ix86+x86_64 0.2-0 11.00 65.00 76.00 OK
r-patched-linux-x86_64 0.2-0 1.05 40.52 41.57 NOTE
r-patched-solaris-sparc 0.2-0 415.80 OK
r-patched-solaris-x86 0.2-0 89.20 OK
r-release-linux-x86_64 0.2-0 1.09 40.46 41.54 NOTE
r-release-osx-x86_64-mavericks 0.2-0 NOTE
r-release-windows-ix86+x86_64 0.2-0 11.00 65.00 76.00 OK
r-oldrel-windows-ix86+x86_64 0.2-0 11.00 75.00 86.00 OK

Check Details

Version: 0.2-0
Check: package dependencies
Result: NOTE
    Package suggested but not available for checking: ‘corpus.useR.2008.abstracts’
Flavors: r-devel-linux-x86_64-debian-clang, r-devel-linux-x86_64-debian-gcc, r-devel-linux-x86_64-fedora-clang, r-devel-linux-x86_64-fedora-gcc, r-devel-osx-x86_64-clang, r-patched-linux-x86_64, r-release-linux-x86_64, r-release-osx-x86_64-mavericks