CRAN Package Check Results for Package movMF

Last updated on 2015-01-30 11:49:16.

Flavor Version Tinstall Tcheck Ttotal Status Flags
r-devel-linux-x86_64-debian-clang 0.2-0 1.06 37.77 38.83 NOTE
r-devel-linux-x86_64-debian-gcc 0.2-0 1.07 37.06 38.14 NOTE
r-devel-linux-x86_64-fedora-clang 0.2-0 80.02 NOTE
r-devel-linux-x86_64-fedora-gcc 0.2-0 76.44 NOTE
r-devel-osx-x86_64-clang 0.2-0 80.30 NOTE
r-devel-windows-ix86+x86_64 0.2-0 11.00 76.00 87.00 OK
r-patched-linux-x86_64 0.2-0 1.20 39.38 40.58 NOTE
r-patched-solaris-sparc 0.2-0 457.70 OK
r-patched-solaris-x86 0.2-0 95.00 OK
r-release-linux-ix86 0.2-0 1.73 49.13 50.86 NOTE
r-release-linux-x86_64 0.2-0 1.20 38.73 39.94 NOTE
r-release-osx-x86_64-mavericks 0.2-0 NOTE
r-release-osx-x86_64-snowleopard 0.2-0 NOTE
r-release-windows-ix86+x86_64 0.2-0 9.00 64.00 73.00 OK
r-oldrel-windows-ix86+x86_64 0.2-0 8.00 64.00 72.00 OK

Check Details

Version: 0.2-0
Check: package dependencies
Result: NOTE
    Package suggested but not available for checking: ‘corpus.useR.2008.abstracts’
Flavors: r-devel-linux-x86_64-debian-clang, r-devel-linux-x86_64-debian-gcc, r-devel-linux-x86_64-fedora-clang, r-devel-linux-x86_64-fedora-gcc, r-devel-osx-x86_64-clang, r-patched-linux-x86_64, r-release-linux-ix86, r-release-linux-x86_64, r-release-osx-x86_64-mavericks, r-release-osx-x86_64-snowleopard