CRAN Package Check Results for Package movMF

Last updated on 2019-03-22 05:50:23 CET.

Flavor Version Tinstall Tcheck Ttotal Status Flags
r-devel-linux-x86_64-debian-clang 0.2-4 4.20 48.77 52.97 NOTE
r-devel-linux-x86_64-debian-gcc 0.2-4 3.08 37.41 40.49 NOTE
r-devel-linux-x86_64-fedora-clang 0.2-4 62.29 NOTE
r-devel-linux-x86_64-fedora-gcc 0.2-4 61.66 NOTE
r-devel-windows-ix86+x86_64 0.2-4 15.00 92.00 107.00 NOTE
r-patched-linux-x86_64 0.2-4 3.11 46.31 49.42 NOTE
r-patched-solaris-x86 0.2-4 70.10 NOTE
r-release-linux-x86_64 0.2-4 2.86 45.80 48.66 NOTE
r-release-windows-ix86+x86_64 0.2-4 15.00 92.00 107.00 NOTE
r-release-osx-x86_64 0.2-4 NOTE
r-oldrel-windows-ix86+x86_64 0.2-4 12.00 82.00 94.00 OK
r-oldrel-osx-x86_64 0.2-4 NOTE

Check Details

Version: 0.2-4
Check: package dependencies
Result: NOTE
    Package suggested but not available for checking: 'corpus.useR.2008.abstracts'
Flavors: r-devel-linux-x86_64-debian-clang, r-devel-linux-x86_64-debian-gcc, r-devel-linux-x86_64-fedora-clang, r-devel-linux-x86_64-fedora-gcc, r-devel-windows-ix86+x86_64, r-patched-linux-x86_64, r-patched-solaris-x86, r-release-linux-x86_64, r-release-windows-ix86+x86_64, r-release-osx-x86_64, r-oldrel-osx-x86_64