CRAN Package Check Results for Package movMF

Last updated on 2017-08-18 04:46:50.

Flavor Version Tinstall Tcheck Ttotal Status Flags
r-devel-linux-x86_64-debian-clang 0.2-1 1.33 31.76 33.09 NOTE
r-devel-linux-x86_64-debian-gcc 0.2-1 1.18 30.40 31.58 NOTE
r-devel-linux-x86_64-fedora-clang 0.2-1 56.94 NOTE
r-devel-linux-x86_64-fedora-gcc 0.2-1 57.09 NOTE
r-devel-windows-ix86+x86_64 0.2-1 7.00 62.00 69.00 OK
r-patched-linux-x86_64 0.2-1 1.15 31.08 32.23 NOTE
r-patched-solaris-x86 0.2-1 62.50 OK
r-release-linux-x86_64 0.2-1 1.21 30.00 31.21 NOTE
r-release-windows-ix86+x86_64 0.2-1 7.00 56.00 63.00 OK
r-release-osx-x86_64 0.2-1 NOTE
r-oldrel-windows-ix86+x86_64 0.2-1 7.00 70.00 77.00 OK
r-oldrel-osx-x86_64 0.2-1 NOTE

Check Details

Version: 0.2-1
Check: package dependencies
Result: NOTE
    Package suggested but not available for checking: ‘corpus.useR.2008.abstracts’
Flavors: r-devel-linux-x86_64-debian-clang, r-devel-linux-x86_64-debian-gcc, r-devel-linux-x86_64-fedora-clang, r-devel-linux-x86_64-fedora-gcc, r-patched-linux-x86_64, r-release-linux-x86_64, r-release-osx-x86_64, r-oldrel-osx-x86_64