CRAN Package Check Results for Package movMF

Last updated on 2017-04-28 06:48:53.

Flavor Version Tinstall Tcheck Ttotal Status Flags
r-devel-linux-x86_64-debian-clang 0.2-1 1.27 30.24 31.51 NOTE
r-devel-linux-x86_64-debian-gcc 0.2-1 1.04 30.70 31.75 NOTE
r-devel-linux-x86_64-fedora-clang 0.2-1 63.02 NOTE --no-stop-on-test-error
r-devel-linux-x86_64-fedora-gcc 0.2-1 54.32 NOTE --no-stop-on-test-error
r-devel-windows-ix86+x86_64 0.2-1 9.00 73.00 82.00 OK
r-patched-linux-x86_64 0.2-1 1.16 30.36 31.52 NOTE
r-patched-solaris-sparc 0.2-1 277.20 OK
r-patched-solaris-x86 0.2-1 63.10 OK
r-release-linux-x86_64 0.2-1 1.11 30.82 31.92 NOTE
r-release-windows-ix86+x86_64 0.2-1 7.00 62.00 69.00 OK
r-release-osx-x86_64 0.2-1 NOTE
r-oldrel-windows-ix86+x86_64 0.2-1 12.00 58.00 70.00 OK
r-oldrel-osx-x86_64 0.2-1 NOTE

Check Details

Version: 0.2-1
Check: package dependencies
Result: NOTE
    Package suggested but not available for checking: ‘corpus.useR.2008.abstracts’
Flavors: r-devel-linux-x86_64-debian-clang, r-devel-linux-x86_64-debian-gcc, r-patched-linux-x86_64, r-release-linux-x86_64, r-release-osx-x86_64, r-oldrel-osx-x86_64

Version: 0.2-1
Flags: --no-stop-on-test-error
Check: package dependencies
Result: NOTE
    Package suggested but not available for checking: ‘corpus.useR.2008.abstracts’
Flavors: r-devel-linux-x86_64-fedora-clang, r-devel-linux-x86_64-fedora-gcc