CRAN Package Check Results for Package movMF

Last updated on 2016-06-29 05:48:41.

Flavor Version Tinstall Tcheck Ttotal Status Flags
r-devel-linux-x86_64-debian-gcc 0.2-0 1.30 30.60 31.89 NOTE
r-devel-linux-x86_64-fedora-clang 0.2-0 50.81 NOTE
r-devel-linux-x86_64-fedora-gcc 0.2-0 49.60 NOTE
r-devel-osx-x86_64-clang 0.2-0 44.83 NOTE
r-devel-windows-ix86+x86_64 0.2-0 5.00 56.00 61.00 OK
r-patched-linux-x86_64 0.2-0 1.10 29.57 30.67 NOTE
r-patched-solaris-sparc 0.2-0 242.20 OK
r-patched-solaris-x86 0.2-0 55.30 OK
r-release-linux-x86_64 0.2-0 1.04 26.17 27.21 NOTE
r-release-osx-x86_64-mavericks 0.2-0 NOTE
r-release-windows-ix86+x86_64 0.2-0 10.00 52.00 62.00 OK
r-oldrel-windows-ix86+x86_64 0.2-0 11.00 73.00 84.00 OK

Check Details

Version: 0.2-0
Check: package dependencies
Result: NOTE
    Package suggested but not available for checking: ‘corpus.useR.2008.abstracts’
Flavors: r-devel-linux-x86_64-debian-gcc, r-devel-linux-x86_64-fedora-clang, r-devel-linux-x86_64-fedora-gcc, r-devel-osx-x86_64-clang, r-patched-linux-x86_64, r-release-linux-x86_64, r-release-osx-x86_64-mavericks