CRAN Package Check Results for Package movMF

Last updated on 2015-07-01 06:48:43.

Flavor Version Tinstall Tcheck Ttotal Status Flags
r-devel-linux-x86_64-debian-clang 0.2-0 1.02 39.51 40.52 NOTE
r-devel-linux-x86_64-debian-gcc 0.2-0 0.98 38.47 39.45 NOTE
r-devel-linux-x86_64-fedora-clang 0.2-0 75.40 NOTE
r-devel-linux-x86_64-fedora-gcc 0.2-0 72.10 NOTE
r-devel-osx-x86_64-clang 0.2-0 81.09 NOTE
r-devel-windows-ix86+x86_64 0.2-0 7.00 60.00 67.00 OK
r-patched-linux-x86_64 0.2-0 1.08 37.04 38.12 NOTE
r-patched-solaris-sparc 0.2-0 405.10 OK
r-patched-solaris-x86 0.2-0 87.60 OK
r-release-linux-x86_64 0.2-0 1.00 37.31 38.31 NOTE
r-release-osx-x86_64-mavericks 0.2-0 NOTE
r-release-windows-ix86+x86_64 0.2-0 8.00 64.00 72.00 OK
r-oldrel-windows-ix86+x86_64 0.2-0 10.00 65.00 75.00 OK

Check Details

Version: 0.2-0
Check: package dependencies
Result: NOTE
    Package suggested but not available for checking: ‘corpus.useR.2008.abstracts’
Flavors: r-devel-linux-x86_64-debian-clang, r-devel-linux-x86_64-debian-gcc, r-devel-linux-x86_64-fedora-clang, r-devel-linux-x86_64-fedora-gcc, r-devel-osx-x86_64-clang, r-patched-linux-x86_64, r-release-linux-x86_64, r-release-osx-x86_64-mavericks