CRAN Package Check Results for Package movMF

Last updated on 2014-07-24 14:48:44.

Flavor Version Tinstall Tcheck Ttotal Status Flags
r-devel-linux-x86_64-debian-clang 0.2-0 1.06 38.60 39.66 NOTE
r-devel-linux-x86_64-debian-gcc 0.2-0 1.07 36.61 37.68 NOTE
r-devel-linux-x86_64-fedora-clang 0.2-0 85.55 NOTE
r-devel-linux-x86_64-fedora-gcc 0.2-0 84.63 NOTE
r-devel-osx-x86_64-clang 0.2-0 79.38 NOTE
r-devel-windows-ix86+x86_64 0.2-0 7.00 61.00 68.00 OK
r-patched-linux-x86_64 0.2-0 1.13 37.75 38.88 NOTE
r-patched-solaris-sparc 0.2-0 402.80 OK
r-patched-solaris-x86 0.2-0 100.80 OK
r-release-linux-ix86 0.2-0 1.81 70.70 72.51 NOTE
r-release-linux-x86_64 0.2-0 1.15 36.87 38.02 NOTE
r-release-osx-x86_64-mavericks 0.2-0 NOTE
r-release-osx-x86_64-snowleopard 0.2-0 NOTE
r-release-windows-ix86+x86_64 0.2-0 7.00 61.00 68.00 OK
r-oldrel-windows-ix86+x86_64 0.2-0 7.00 65.00 72.00 OK

Check Details

Version: 0.2-0
Check: package dependencies
Result: NOTE
    Package suggested but not available for checking: ‘corpus.useR.2008.abstracts’
Flavors: r-devel-linux-x86_64-debian-clang, r-devel-linux-x86_64-debian-gcc, r-devel-linux-x86_64-fedora-clang, r-devel-linux-x86_64-fedora-gcc, r-devel-osx-x86_64-clang, r-patched-linux-x86_64, r-release-linux-ix86, r-release-linux-x86_64, r-release-osx-x86_64-mavericks, r-release-osx-x86_64-snowleopard