CRAN Package Check Results for Package movMF

Last updated on 2015-03-29 09:49:25.

Flavor Version Tinstall Tcheck Ttotal Status Flags
r-devel-linux-x86_64-debian-clang 0.2-0 1.06 38.21 39.27 NOTE
r-devel-linux-x86_64-debian-gcc 0.2-0 1.07 37.09 38.16 NOTE
r-devel-linux-x86_64-fedora-clang 0.2-0 75.35 NOTE
r-devel-linux-x86_64-fedora-gcc 0.2-0 81.27 NOTE
r-devel-osx-x86_64-clang 0.2-0 94.83 NOTE
r-prerel-windows-ix86+x86_64 0.2-0 9.00 53.00 62.00 OK
r-prerel-linux-x86_64 0.2-0 1.04 36.53 37.58 NOTE
r-prerel-solaris-sparc 0.2-0 437.10 OK
r-prerel-solaris-x86 0.2-0 83.20 OK
r-release-linux-x86_64 0.2-0 1.14 38.15 39.29 NOTE
r-release-osx-x86_64-mavericks 0.2-0 NOTE
r-release-osx-x86_64-snowleopard 0.2-0 NOTE
r-release-windows-ix86+x86_64 0.2-0 7.00 60.00 67.00 OK
r-oldrel-windows-ix86+x86_64 0.2-0 8.00 67.00 75.00 OK

Check Details

Version: 0.2-0
Check: package dependencies
Result: NOTE
    Package suggested but not available for checking: ‘corpus.useR.2008.abstracts’
Flavors: r-devel-linux-x86_64-debian-clang, r-devel-linux-x86_64-debian-gcc, r-devel-linux-x86_64-fedora-clang, r-devel-linux-x86_64-fedora-gcc, r-devel-osx-x86_64-clang, r-prerel-linux-x86_64, r-release-linux-x86_64, r-release-osx-x86_64-mavericks, r-release-osx-x86_64-snowleopard