CRAN Package Check Results for Package movMF

Last updated on 2014-11-27 11:55:47.

Flavor Version Tinstall Tcheck Ttotal Status Flags
r-devel-linux-x86_64-debian-clang 0.2-0 1.19 38.86 40.05 NOTE
r-devel-linux-x86_64-debian-gcc 0.2-0 1.13 38.82 39.95 NOTE
r-devel-linux-x86_64-fedora-clang 0.2-0 79.75 NOTE
r-devel-linux-x86_64-fedora-gcc 0.2-0 81.80 NOTE
r-devel-osx-x86_64-clang 0.2-0 76.06 NOTE
r-devel-windows-ix86+x86_64 0.2-0 7.00 63.00 70.00 OK
r-patched-linux-x86_64 0.2-0 1.16 44.52 45.68 NOTE
r-patched-solaris-sparc 0.2-0 462.70 OK
r-patched-solaris-x86 0.2-0 92.70 OK
r-release-linux-ix86 0.2-0 1.76 98.12 99.88 NOTE
r-release-linux-x86_64 0.2-0 1.19 39.52 40.71 NOTE
r-release-osx-x86_64-mavericks 0.2-0 NOTE
r-release-osx-x86_64-snowleopard 0.2-0 NOTE
r-release-windows-ix86+x86_64 0.2-0 8.00 63.00 71.00 OK
r-oldrel-windows-ix86+x86_64 0.2-0 7.00 69.00 76.00 OK

Check Details

Version: 0.2-0
Check: package dependencies
Result: NOTE
    Package suggested but not available for checking: ‘corpus.useR.2008.abstracts’
Flavors: r-devel-linux-x86_64-debian-clang, r-devel-linux-x86_64-debian-gcc, r-devel-linux-x86_64-fedora-clang, r-devel-linux-x86_64-fedora-gcc, r-devel-osx-x86_64-clang, r-patched-linux-x86_64, r-release-linux-ix86, r-release-linux-x86_64, r-release-osx-x86_64-mavericks, r-release-osx-x86_64-snowleopard