CRAN Package Check Results for Package movMF

Last updated on 2017-10-17 00:51:50.

Flavor Version Tinstall Tcheck Ttotal Status Flags
r-devel-linux-x86_64-debian-clang 0.2-1 1.24 31.46 32.71 NOTE
r-devel-linux-x86_64-debian-gcc 0.2-1 1.48 35.81 37.29 NOTE
r-devel-linux-x86_64-fedora-clang 0.2-1 59.45 NOTE
r-devel-linux-x86_64-fedora-gcc 0.2-1 56.33 NOTE
r-devel-windows-ix86+x86_64 0.2-1 8.00 92.00 100.00 OK
r-patched-linux-x86_64 0.2-1 1.11 30.97 32.08 NOTE
r-patched-solaris-x86 0.2-1 63.70 OK
r-release-linux-x86_64 0.2-1 1.29 30.32 31.61 NOTE
r-release-windows-ix86+x86_64 0.2-1 8.00 58.00 66.00 OK
r-release-osx-x86_64 0.2-1 NOTE
r-oldrel-windows-ix86+x86_64 0.2-1 9.00 77.00 86.00 OK
r-oldrel-osx-x86_64 0.2-1 NOTE

Check Details

Version: 0.2-1
Check: package dependencies
Result: NOTE
    Package suggested but not available for checking: ‘corpus.useR.2008.abstracts’
Flavors: r-devel-linux-x86_64-debian-clang, r-devel-linux-x86_64-debian-gcc, r-devel-linux-x86_64-fedora-clang, r-devel-linux-x86_64-fedora-gcc, r-patched-linux-x86_64, r-release-linux-x86_64, r-release-osx-x86_64, r-oldrel-osx-x86_64