CRAN Package Check Results for Package movMF

Last updated on 2018-12-16 13:46:36 CET.

Flavor Version Tinstall Tcheck Ttotal Status Flags
r-devel-linux-x86_64-debian-clang 0.2-4 3.72 44.22 47.94 NOTE
r-devel-linux-x86_64-debian-gcc 0.2-4 2.80 32.10 34.90 NOTE
r-devel-linux-x86_64-fedora-clang 0.2-4 54.42 NOTE
r-devel-linux-x86_64-fedora-gcc 0.2-4 52.74 NOTE
r-devel-windows-ix86+x86_64 0.2-4 14.00 84.00 98.00 NOTE
r-patched-linux-x86_64 0.2-4 3.53 40.82 44.35 NOTE
r-patched-solaris-x86 0.2-4 71.20 NOTE
r-release-linux-x86_64 0.2-4 2.83 40.32 43.15 NOTE
r-release-windows-ix86+x86_64 0.2-4 12.00 88.00 100.00 NOTE
r-release-osx-x86_64 0.2-4 NOTE
r-oldrel-windows-ix86+x86_64 0.2-4 10.00 86.00 96.00 OK
r-oldrel-osx-x86_64 0.2-4 NOTE

Check Details

Version: 0.2-4
Check: package dependencies
Result: NOTE
    Package suggested but not available for checking: ‘corpus.useR.2008.abstracts’
Flavors: r-devel-linux-x86_64-debian-clang, r-devel-linux-x86_64-debian-gcc, r-devel-linux-x86_64-fedora-clang, r-devel-linux-x86_64-fedora-gcc, r-devel-windows-ix86+x86_64, r-patched-linux-x86_64, r-patched-solaris-x86, r-release-linux-x86_64, r-release-windows-ix86+x86_64, r-release-osx-x86_64, r-oldrel-osx-x86_64