CRAN Package Check Results for Package movMF

Last updated on 2016-05-29 10:46:39.

Flavor Version Tinstall Tcheck Ttotal Status Flags
r-devel-linux-x86_64-debian-gcc 0.2-0 1.11 26.64 27.75 NOTE
r-devel-linux-x86_64-fedora-clang 0.2-0 55.29 NOTE
r-devel-linux-x86_64-fedora-gcc 0.2-0 52.47 NOTE
r-devel-osx-x86_64-clang 0.2-0 62.81 NOTE
r-devel-windows-ix86+x86_64 0.2-0 5.00 50.00 55.00 OK
r-patched-linux-x86_64 0.2-0 1.08 26.83 27.92 NOTE
r-patched-solaris-sparc 0.2-0 243.60 OK
r-patched-solaris-x86 0.2-0 55.30 OK
r-release-linux-x86_64 0.2-0 0.98 26.91 27.89 NOTE
r-release-osx-x86_64-mavericks 0.2-0 NOTE
r-release-windows-ix86+x86_64 0.2-0 10.00 59.00 69.00 OK
r-oldrel-windows-ix86+x86_64 0.2-0 7.00 104.00 111.00 OK

Check Details

Version: 0.2-0
Check: package dependencies
Result: NOTE
    Package suggested but not available for checking: ‘corpus.useR.2008.abstracts’
Flavors: r-devel-linux-x86_64-debian-gcc, r-devel-linux-x86_64-fedora-clang, r-devel-linux-x86_64-fedora-gcc, r-devel-osx-x86_64-clang, r-patched-linux-x86_64, r-release-linux-x86_64, r-release-osx-x86_64-mavericks