CRAN Package Check Results for Package move

Last updated on 2021-11-30 00:51:34 CET.

Flavor Version Tinstall Tcheck Ttotal Status Flags
r-devel-linux-x86_64-debian-clang 4.0.6 49.80 487.69 537.49 NOTE
r-devel-linux-x86_64-debian-gcc 4.0.6 44.39 350.33 394.72 NOTE
r-devel-linux-x86_64-fedora-clang 4.0.6 651.14 NOTE
r-devel-linux-x86_64-fedora-gcc 4.0.6 650.44 NOTE
r-devel-windows-x86_64-new-UL 4.0.6 102.00 619.00 721.00 OK
r-devel-windows-x86_64-new-TK 4.0.6 NOTE
r-devel-windows-x86_64-old 4.0.6 84.00 440.00 524.00 OK
r-patched-linux-x86_64 4.0.6 60.55 467.54 528.09 NOTE
r-patched-solaris-x86 4.0.6 747.20 NOTE
r-release-linux-x86_64 4.0.6 50.27 464.02 514.29 NOTE
r-release-macos-arm64 4.0.6 NOTE
r-release-macos-x86_64 4.0.6 OK
r-release-windows-ix86+x86_64 4.0.6 111.00 641.00 752.00 NOTE
r-oldrel-macos-x86_64 4.0.6 OK
r-oldrel-windows-ix86+x86_64 4.0.6 81.00 630.00 711.00 NOTE

Check Details

Version: 4.0.6
Check: package dependencies
Result: NOTE
    Package suggested but not available for checking: 'amt'
Flavors: r-devel-linux-x86_64-debian-clang, r-devel-linux-x86_64-debian-gcc, r-devel-linux-x86_64-fedora-clang, r-devel-linux-x86_64-fedora-gcc, r-devel-windows-x86_64-new-TK, r-patched-linux-x86_64, r-patched-solaris-x86, r-release-linux-x86_64

Version: 4.0.6
Check: Rd cross-references
Result: NOTE
    Unknown package 'amt' in Rd xrefs
Flavors: r-devel-linux-x86_64-debian-clang, r-devel-linux-x86_64-debian-gcc, r-devel-linux-x86_64-fedora-clang, r-devel-linux-x86_64-fedora-gcc, r-devel-windows-x86_64-new-TK, r-patched-linux-x86_64, r-patched-solaris-x86, r-release-linux-x86_64

Version: 4.0.6
Check: package dependencies
Result: NOTE
    Package suggested but not available for checking: ‘ggplot2’
Flavor: r-release-macos-arm64

Version: 4.0.6
Check: installed package size
Result: NOTE
     installed size is 5.5Mb
     sub-directories of 1Mb or more:
     R 2.0Mb
Flavors: r-release-macos-arm64, r-release-windows-ix86+x86_64, r-oldrel-windows-ix86+x86_64