CRAN Package Check Results for Package mp

Last updated on 2022-11-26 10:58:03 CET.

Flavor Version Tinstall Tcheck Ttotal Status Flags
r-devel-linux-x86_64-debian-clang 0.4.1 61.73 30.50 92.23 OK
r-devel-linux-x86_64-debian-gcc 0.4.1 46.55 23.44 69.99 OK
r-devel-linux-x86_64-fedora-clang 0.4.1 147.12 NOTE
r-devel-linux-x86_64-fedora-gcc 0.4.1 128.51 NOTE
r-devel-windows-x86_64 0.4.1 55.00 77.00 132.00 OK
r-patched-linux-x86_64 0.4.1 OK
r-release-linux-x86_64 0.4.1 49.57 29.53 79.10 OK
r-release-macos-arm64 0.4.1 35.00 OK
r-release-macos-x86_64 0.4.1 45.00 OK
r-release-windows-x86_64 0.4.1 47.00 78.00 125.00 OK
r-oldrel-macos-arm64 0.4.1 37.00 OK
r-oldrel-macos-x86_64 0.4.1 66.00 OK
r-oldrel-windows-ix86+x86_64 0.4.1 154.00 76.00 230.00 OK

Check Details

Version: 0.4.1
Check: Rd cross-references
Result: NOTE
    Undeclared package ‘proxy’ in Rd xrefs
Flavor: r-devel-linux-x86_64-fedora-clang

Version: 0.4.1
Check: compiled code
Result: NOTE
    File ‘mp/libs/mp.so’:
     Found no calls to: ‘R_registerRoutines’, ‘R_useDynamicSymbols’
    
    It is good practice to register native routines and to disable symbol
    search.
    
    See ‘Writing portable packages’ in the ‘Writing R Extensions’ manual.
Flavors: r-devel-linux-x86_64-fedora-clang, r-devel-linux-x86_64-fedora-gcc