CRAN Package Check Results for Package mpa

Last updated on 2014-04-25 09:52:18.

Flavor Version Tinstall Tcheck Ttotal Status Flags
r-devel-linux-x86_64-debian-clang 0.7.3 0.61 11.90 12.51 NOTE
r-devel-linux-x86_64-debian-gcc 0.7.3 0.60 11.73 12.34 NOTE
r-devel-linux-x86_64-fedora-clang 0.7.3 23.91 NOTE
r-devel-linux-x86_64-fedora-gcc 0.7.3 22.68 NOTE
r-devel-osx-x86_64-clang 0.7.3 24.42 NOTE
r-devel-osx-x86_64-gcc 0.7.3 NOTE
r-devel-windows-ix86+x86_64 0.7.3 3.00 19.00 22.00 NOTE
r-patched-linux-x86_64 0.7.3 0.60 11.70 12.30 NOTE
r-patched-solaris-sparc 0.7.3 144.60 NOTE
r-patched-solaris-x86 0.7.3 38.40 NOTE
r-release-linux-ix86 0.7.3 1.00 25.00 26.00 NOTE
r-release-linux-x86_64 0.7.3 0.61 11.38 11.99 NOTE
r-release-osx-x86_64-mavericks 0.7.3 WARN
r-release-osx-x86_64-snowleopard 0.7.3 WARN
r-release-windows-ix86+x86_64 0.7.3 2.00 19.00 21.00 NOTE
r-oldrel-windows-ix86+x86_64 0.7.3 2.00 22.00 24.00 NOTE

Check Details

Version: 0.7.3
Check: R code for possible problems
Result: NOTE
    NB: .First.lib is obsolete and will not be used in R >= 3.0.0
    File ‘mpa/R/zzz.R’:
     .First.lib calls:
     cat("\n mpa: CoWords Method")
     cat("\n ")
     cat("\n Universidad Nacional de Colombia")
     cat("\n ")
     cat("\n Elaborado por: Daniel Rodriguez <dhrodriguezt@unal.edu.co>")
     cat("\n Campo Elias Pardo <cepardot@unal.edu.co>")
     cat("\n For help: ?mpa \n\n")
    
    Package startup functions should use ‘packageStartupMessage’ to
     generate messages.
    See section ‘Good practice’ in '?.onAttach'.
Flavors: r-devel-linux-x86_64-debian-clang, r-devel-linux-x86_64-debian-gcc, r-devel-linux-x86_64-fedora-clang, r-devel-linux-x86_64-fedora-gcc, r-devel-osx-x86_64-clang, r-devel-osx-x86_64-gcc, r-devel-windows-ix86+x86_64, r-patched-linux-x86_64, r-patched-solaris-sparc, r-patched-solaris-x86, r-release-linux-ix86, r-release-linux-x86_64, r-release-osx-x86_64-mavericks, r-release-osx-x86_64-snowleopard, r-release-windows-ix86+x86_64, r-oldrel-windows-ix86+x86_64

Version: 0.7.3
Check: data for non-ASCII characters
Result: NOTE
     Note: found 6 marked UTF-8 strings
Flavors: r-devel-linux-x86_64-debian-clang, r-devel-linux-x86_64-debian-gcc, r-devel-linux-x86_64-fedora-clang, r-devel-linux-x86_64-fedora-gcc, r-devel-osx-x86_64-clang, r-devel-osx-x86_64-gcc, r-devel-windows-ix86+x86_64, r-patched-linux-x86_64, r-patched-solaris-sparc, r-patched-solaris-x86, r-release-linux-ix86, r-release-linux-x86_64, r-release-osx-x86_64-mavericks, r-release-osx-x86_64-snowleopard, r-release-windows-ix86+x86_64, r-oldrel-windows-ix86+x86_64

Version: 0.7.3
Check: top-level files
Result: NOTE
    Non-standard file/directory found at top level:
     ‘mpa-Ex.R’
Flavors: r-devel-linux-x86_64-fedora-clang, r-devel-linux-x86_64-fedora-gcc

Version: 0.7.3
Check: PDF version of manual
Result: WARNING
    LaTeX errors when creating PDF version.
    This typically indicates Rd problems.
    LaTeX errors found:
    ! LaTeX Error: File `upquote.sty' not found.
    
    Type X to quit or <RETURN> to proceed,
    or enter new name. (Default extension: sty)
    
    ae22bd5/Rd2.tex:8: ==> Fatal error occurred, no output PDF file produced!
Flavor: r-release-osx-x86_64-mavericks

Version: 0.7.3
Check: examples
Result: WARNING
    checking a package with encoding 'latin1' in an ASCII locale
    
     OK
Flavor: r-release-osx-x86_64-snowleopard