CRAN Package Check Results for Package mpa

Last updated on 2017-06-23 21:48:09.

Flavor Version Tinstall Tcheck Ttotal Status Flags
r-devel-linux-x86_64-debian-clang 0.7.3 0.62 15.05 15.67 NOTE
r-devel-linux-x86_64-debian-gcc 0.7.3 0.62 14.21 14.84 NOTE
r-devel-linux-x86_64-fedora-clang 0.7.3 25.33 NOTE
r-devel-linux-x86_64-fedora-gcc 0.7.3 24.01 NOTE
r-devel-windows-ix86+x86_64 0.7.3 4.00 40.00 44.00 NOTE
r-patched-linux-x86_64 0.7.3 0.62 13.99 14.62 NOTE
r-patched-solaris-sparc 0.7.3 163.90 NOTE
r-patched-solaris-x86 0.7.3 41.30 NOTE
r-release-linux-x86_64 0.7.3 0.66 14.28 14.94 NOTE
r-release-windows-ix86+x86_64 0.7.3 3.00 42.00 45.00 NOTE
r-release-osx-x86_64 0.7.3 NOTE
r-oldrel-windows-ix86+x86_64 0.7.3 4.00 38.00 42.00 NOTE
r-oldrel-osx-x86_64 0.7.3 NOTE

Check Details

Version: 0.7.3
Check: DESCRIPTION meta-information
Result: NOTE
    Malformed Description field: should contain one or more complete sentences.
Flavors: r-devel-linux-x86_64-debian-clang, r-devel-linux-x86_64-debian-gcc, r-devel-linux-x86_64-fedora-clang, r-devel-linux-x86_64-fedora-gcc, r-devel-windows-ix86+x86_64, r-patched-linux-x86_64, r-patched-solaris-sparc, r-patched-solaris-x86, r-release-linux-x86_64, r-release-windows-ix86+x86_64, r-release-osx-x86_64, r-oldrel-windows-ix86+x86_64, r-oldrel-osx-x86_64

Version: 0.7.3
Check: top-level files
Result: NOTE
    Non-standard file/directory found at top level:
     ‘mpa-Ex.R’
Flavors: r-devel-linux-x86_64-debian-clang, r-devel-linux-x86_64-debian-gcc, r-devel-linux-x86_64-fedora-clang, r-devel-linux-x86_64-fedora-gcc, r-patched-linux-x86_64, r-release-linux-x86_64

Version: 0.7.3
Check: R code for possible problems
Result: NOTE
    NB: .First.lib is obsolete and will not be used in R >= 3.0.0
    File ‘mpa/R/zzz.R’:
     .First.lib calls:
     cat("\n mpa: CoWords Method")
     cat("\n ")
     cat("\n Universidad Nacional de Colombia")
     cat("\n ")
     cat("\n Elaborado por: Daniel Rodriguez <dhrodriguezt@unal.edu.co>")
     cat("\n Campo Elias Pardo <cepardot@unal.edu.co>")
     cat("\n For help: ?mpa \n\n")
    
    Package startup functions should use ‘packageStartupMessage’ to
     generate messages.
    See section ‘Good practice’ in '?.onAttach'.
    
    diagram.mpa: no visible global function definition for ‘plot’
    diagram.mpa: no visible global function definition for ‘abline’
    diagram.mpa: no visible global function definition for ‘text’
    plotmpa: no visible global function definition for ‘plot’
    Undefined global functions or variables:
     abline plot text
    Consider adding
     importFrom("graphics", "abline", "plot", "text")
    to your NAMESPACE file.
Flavors: r-devel-linux-x86_64-debian-clang, r-devel-linux-x86_64-debian-gcc, r-devel-linux-x86_64-fedora-clang, r-devel-linux-x86_64-fedora-gcc, r-devel-windows-ix86+x86_64, r-patched-linux-x86_64, r-patched-solaris-sparc, r-patched-solaris-x86, r-release-linux-x86_64, r-release-windows-ix86+x86_64, r-release-osx-x86_64, r-oldrel-windows-ix86+x86_64, r-oldrel-osx-x86_64

Version: 0.7.3
Check: data for non-ASCII characters
Result: NOTE
     Note: found 6 marked UTF-8 strings
Flavors: r-devel-linux-x86_64-fedora-clang, r-devel-linux-x86_64-fedora-gcc, r-patched-solaris-sparc, r-patched-solaris-x86, r-release-osx-x86_64, r-oldrel-osx-x86_64