CRAN Package Check Results for Package mpa

Last updated on 2014-07-22 19:47:53.

Flavor Version Tinstall Tcheck Ttotal Status Flags
r-devel-linux-x86_64-debian-clang 0.7.3 0.57 10.83 11.40 NOTE
r-devel-linux-x86_64-debian-gcc 0.7.3 0.55 10.84 11.38 NOTE
r-devel-linux-x86_64-fedora-clang 0.7.3 24.22 NOTE
r-devel-linux-x86_64-fedora-gcc 0.7.3 23.21 NOTE
r-devel-osx-x86_64-clang 0.7.3 28.26 NOTE
r-devel-windows-ix86+x86_64 0.7.3 2.00 18.00 20.00 NOTE
r-patched-linux-x86_64 0.7.3 0.56 10.86 11.42 NOTE
r-patched-solaris-sparc 0.7.3 144.60 NOTE
r-patched-solaris-x86 0.7.3 37.10 NOTE
r-release-linux-ix86 0.7.3 0.89 17.79 18.68 NOTE
r-release-linux-x86_64 0.7.3 0.57 11.54 12.12 NOTE
r-release-osx-x86_64-mavericks 0.7.3 NOTE
r-release-osx-x86_64-snowleopard 0.7.3 WARN
r-release-windows-ix86+x86_64 0.7.3 2.00 21.00 23.00 NOTE
r-oldrel-windows-ix86+x86_64 0.7.3 3.00 22.00 25.00 NOTE

Check Details

Version: 0.7.3
Check: R code for possible problems
Result: NOTE
    NB: .First.lib is obsolete and will not be used in R >= 3.0.0
    File ‘mpa/R/zzz.R’:
     .First.lib calls:
     cat("\n mpa: CoWords Method")
     cat("\n ")
     cat("\n Universidad Nacional de Colombia")
     cat("\n ")
     cat("\n Elaborado por: Daniel Rodriguez <dhrodriguezt@unal.edu.co>")
     cat("\n Campo Elias Pardo <cepardot@unal.edu.co>")
     cat("\n For help: ?mpa \n\n")
    
    Package startup functions should use ‘packageStartupMessage’ to
     generate messages.
    See section ‘Good practice’ in '?.onAttach'.
Flavors: r-devel-linux-x86_64-debian-clang, r-devel-linux-x86_64-debian-gcc, r-devel-linux-x86_64-fedora-clang, r-devel-linux-x86_64-fedora-gcc, r-devel-osx-x86_64-clang, r-devel-windows-ix86+x86_64, r-patched-linux-x86_64, r-patched-solaris-sparc, r-patched-solaris-x86, r-release-linux-ix86, r-release-linux-x86_64, r-release-osx-x86_64-mavericks, r-release-osx-x86_64-snowleopard, r-release-windows-ix86+x86_64, r-oldrel-windows-ix86+x86_64

Version: 0.7.3
Check: data for non-ASCII characters
Result: NOTE
     Note: found 6 marked UTF-8 strings
Flavors: r-devel-linux-x86_64-debian-clang, r-devel-linux-x86_64-debian-gcc, r-devel-linux-x86_64-fedora-clang, r-devel-linux-x86_64-fedora-gcc, r-devel-osx-x86_64-clang, r-devel-windows-ix86+x86_64, r-patched-linux-x86_64, r-patched-solaris-sparc, r-patched-solaris-x86, r-release-linux-ix86, r-release-linux-x86_64, r-release-osx-x86_64-mavericks, r-release-osx-x86_64-snowleopard, r-release-windows-ix86+x86_64, r-oldrel-windows-ix86+x86_64

Version: 0.7.3
Check: top-level files
Result: NOTE
    Non-standard file/directory found at top level:
     ‘mpa-Ex.R’
Flavors: r-devel-linux-x86_64-fedora-clang, r-devel-linux-x86_64-fedora-gcc

Version: 0.7.3
Check: examples
Result: WARNING
    checking a package with encoding 'latin1' in an ASCII locale
    
     OK
Flavor: r-release-osx-x86_64-snowleopard