CRAN Package Check Results for Package mpa

Last updated on 2015-01-26 19:48:26.

Flavor Version Tinstall Tcheck Ttotal Status Flags
r-devel-linux-x86_64-debian-clang 0.7.3 0.58 11.08 11.67 NOTE
r-devel-linux-x86_64-debian-gcc 0.7.3 0.60 11.16 11.76 NOTE
r-devel-linux-x86_64-fedora-clang 0.7.3 25.90 NOTE
r-devel-linux-x86_64-fedora-gcc 0.7.3 24.61 NOTE
r-devel-osx-x86_64-clang 0.7.3 27.20 NOTE
r-devel-windows-ix86+x86_64 0.7.3 5.00 24.00 29.00 NOTE
r-patched-linux-x86_64 0.7.3 0.66 11.98 12.63 NOTE
r-patched-solaris-sparc 0.7.3 169.80 NOTE
r-patched-solaris-x86 0.7.3 39.70 NOTE
r-release-linux-ix86 0.7.3 0.91 17.42 18.34 NOTE
r-release-linux-x86_64 0.7.3 0.66 11.98 12.63 NOTE
r-release-osx-x86_64-mavericks 0.7.3 NOTE
r-release-osx-x86_64-snowleopard 0.7.3 WARN
r-release-windows-ix86+x86_64 0.7.3 4.00 24.00 28.00 NOTE
r-oldrel-windows-ix86+x86_64 0.7.3 5.00 21.00 26.00 NOTE

Check Details

Version: 0.7.3
Check: top-level files
Result: NOTE
    Non-standard file/directory found at top level:
     ‘mpa-Ex.R’
Flavors: r-devel-linux-x86_64-debian-clang, r-devel-linux-x86_64-debian-gcc, r-devel-linux-x86_64-fedora-clang, r-devel-linux-x86_64-fedora-gcc, r-patched-linux-x86_64, r-release-linux-x86_64

Version: 0.7.3
Check: R code for possible problems
Result: NOTE
    NB: .First.lib is obsolete and will not be used in R >= 3.0.0
    File ‘mpa/R/zzz.R’:
     .First.lib calls:
     cat("\n mpa: CoWords Method")
     cat("\n ")
     cat("\n Universidad Nacional de Colombia")
     cat("\n ")
     cat("\n Elaborado por: Daniel Rodriguez <dhrodriguezt@unal.edu.co>")
     cat("\n Campo Elias Pardo <cepardot@unal.edu.co>")
     cat("\n For help: ?mpa \n\n")
    
    Package startup functions should use ‘packageStartupMessage’ to
     generate messages.
    See section ‘Good practice’ in '?.onAttach'.
Flavors: r-devel-linux-x86_64-debian-clang, r-devel-linux-x86_64-debian-gcc, r-devel-linux-x86_64-fedora-clang, r-devel-linux-x86_64-fedora-gcc, r-devel-osx-x86_64-clang, r-devel-windows-ix86+x86_64, r-patched-linux-x86_64, r-patched-solaris-sparc, r-patched-solaris-x86, r-release-linux-ix86, r-release-linux-x86_64, r-release-osx-x86_64-mavericks, r-release-osx-x86_64-snowleopard, r-release-windows-ix86+x86_64, r-oldrel-windows-ix86+x86_64

Version: 0.7.3
Check: data for non-ASCII characters
Result: NOTE
     Note: found 6 marked UTF-8 strings
Flavors: r-devel-linux-x86_64-debian-clang, r-devel-linux-x86_64-debian-gcc, r-devel-linux-x86_64-fedora-clang, r-devel-linux-x86_64-fedora-gcc, r-devel-osx-x86_64-clang, r-devel-windows-ix86+x86_64, r-patched-linux-x86_64, r-patched-solaris-sparc, r-patched-solaris-x86, r-release-linux-ix86, r-release-linux-x86_64, r-release-osx-x86_64-mavericks, r-release-osx-x86_64-snowleopard, r-release-windows-ix86+x86_64, r-oldrel-windows-ix86+x86_64

Version: 0.7.3
Check: examples
Result: WARN
    checking a package with encoding 'latin1' in an ASCII locale
    
     OK
Flavor: r-release-osx-x86_64-snowleopard