CRAN Package Check Results for Package mpbart

Last updated on 2020-09-28 04:47:37 CEST.

Flavor Version Tinstall Tcheck Ttotal Status Flags
r-devel-linux-x86_64-debian-clang 0.2 15.95 50.25 66.20 OK
r-devel-linux-x86_64-debian-gcc 0.2 10.73 39.11 49.84 OK
r-devel-linux-x86_64-fedora-clang 0.2 92.58 NOTE
r-devel-linux-x86_64-fedora-gcc 0.2 78.84 NOTE
r-devel-windows-ix86+x86_64 0.2 37.00 111.00 148.00 OK
r-patched-linux-x86_64 0.2 11.90 47.76 59.66 OK
r-patched-solaris-x86 0.2 126.80 OK
r-release-linux-x86_64 0.2 12.98 46.91 59.89 OK
r-release-macos-x86_64 0.2 OK
r-release-windows-ix86+x86_64 0.2 40.00 100.00 140.00 OK
r-oldrel-macos-x86_64 0.2 OK
r-oldrel-windows-ix86+x86_64 0.2 33.00 100.00 133.00 OK

Check Details

Version: 0.2
Check: compiled code
Result: NOTE
    File ‘mpbart/libs/mpbart.so’:
     Found no calls to: ‘R_registerRoutines’, ‘R_useDynamicSymbols’
    
    It is good practice to register native routines and to disable symbol
    search.
    
    See ‘Writing portable packages’ in the ‘Writing R Extensions’ manual.
Flavors: r-devel-linux-x86_64-fedora-clang, r-devel-linux-x86_64-fedora-gcc