CRAN Package Check Results for Package mplot

Last updated on 2017-12-14 06:47:08 CET.

Flavor Version Tinstall Tcheck Ttotal Status Flags
r-devel-linux-x86_64-debian-clang 0.8.1 2.00 58.99 60.99 NOTE
r-devel-linux-x86_64-debian-gcc 0.8.1 2.15 51.81 53.96 NOTE
r-devel-linux-x86_64-fedora-clang 0.8.1 79.93 NOTE
r-devel-linux-x86_64-fedora-gcc 0.8.1 80.46 NOTE
r-devel-windows-ix86+x86_64 0.8.1 11.00 106.00 117.00 OK
r-patched-linux-x86_64 0.8.1 2.86 67.52 70.38 OK
r-patched-solaris-x86 0.8.1 103.70 WARN
r-release-linux-x86_64 0.8.1 2.38 72.56 74.94 OK
r-release-windows-ix86+x86_64 0.8.1 8.00 86.00 94.00 OK
r-release-osx-x86_64 0.8.1 WARN
r-oldrel-windows-ix86+x86_64 0.8.1 7.00 127.00 134.00 OK
r-oldrel-osx-x86_64 0.8.1 WARN

Check Details

Version: 0.8.1
Check: files in ‘vignettes’
Result: NOTE
    Files named as vignettes but with no recognized vignette engine:
     ‘vignettes/af.Rmd’
     ‘vignettes/artificial.Rmd’
     ‘vignettes/background.Rmd’
     ‘vignettes/interactive.Rmd’
     ‘vignettes/msp.Rmd’
     ‘vignettes/people.Rmd’
     ‘vignettes/timing.Rmd’
     ‘vignettes/vip.Rmd’
    (Is a VignetteBuilder field missing?)
Flavors: r-devel-linux-x86_64-debian-clang, r-devel-linux-x86_64-debian-gcc, r-devel-linux-x86_64-fedora-clang, r-devel-linux-x86_64-fedora-gcc

Version: 0.8.1
Check: re-building of vignette outputs
Result: WARN
    Error in re-building vignettes:
     ...
    Warning in buildVignettes(dir = "/home/ripley/R/packages/tests32/mplot.Rcheck/vign_test/mplot") :
     Files named as vignettes but with no recognized vignette engine:
     ‘vignettes/af.Rmd’
     ‘vignettes/artificial.Rmd’
     ‘vignettes/background.Rmd’
     ‘vignettes/interactive.Rmd’
     ‘vignettes/msp.Rmd’
     ‘vignettes/people.Rmd’
     ‘vignettes/timing.Rmd’
     ‘vignettes/vip.Rmd’
    (Is a VignetteBuilder field missing?)
    Warning in engine$weave(file, quiet = quiet, encoding = enc) :
     Pandoc (>= 1.12.3) and/or pandoc-citeproc not available. Falling back to R Markdown v1.
    Creating a generic function for 'toJSON' from package 'jsonlite' in package 'googleVis'
    Warning in engine$weave(file, quiet = quiet, encoding = enc) :
     Pandoc (>= 1.12.3) and/or pandoc-citeproc not available. Falling back to R Markdown v1.
    Quitting from lines 19-21 (diabetes.Rmd)
    Error: processing vignette 'diabetes.Rmd' failed with diagnostics:
    cannot open the connection
    Execution halted
Flavor: r-patched-solaris-x86

Version: 0.8.1
Check: re-building of vignette outputs
Result: WARN
    Error in re-building vignettes:
     ...
    Warning in buildVignettes(dir = "/Volumes/SSD-Data/Builds/R-dev-web/QA/Simon/packages/el-capitan-x86_64/results/3.4/mplot.Rcheck/vign_test/mplot") :
     Files named as vignettes but with no recognized vignette engine:
     ‘vignettes/af.Rmd’
     ‘vignettes/artificial.Rmd’
     ‘vignettes/background.Rmd’
     ‘vignettes/interactive.Rmd’
     ‘vignettes/msp.Rmd’
     ‘vignettes/people.Rmd’
     ‘vignettes/timing.Rmd’
     ‘vignettes/vip.Rmd’
    (Is a VignetteBuilder field missing?)
    Warning in engine$weave(file, quiet = quiet, encoding = enc) :
     Pandoc (>= 1.12.3) and/or pandoc-citeproc not available. Falling back to R Markdown v1.
    Creating a generic function for 'toJSON' from package 'jsonlite' in package 'googleVis'
    Warning in engine$weave(file, quiet = quiet, encoding = enc) :
     Pandoc (>= 1.12.3) and/or pandoc-citeproc not available. Falling back to R Markdown v1.
    Quitting from lines 19-21 (diabetes.Rmd)
    Error: processing vignette 'diabetes.Rmd' failed with diagnostics:
    cannot open the connection
    Execution halted
Flavor: r-release-osx-x86_64

Version: 0.8.1
Check: re-building of vignette outputs
Result: WARN
    Error in re-building vignettes:
     ...
    Warning in buildVignettes(dir = "/Builds/CRAN-QA-Simon/packages/mavericks-x86_64/results/3.3/mplot.Rcheck/vign_test/mplot") :
     Files named as vignettes but with no recognized vignette engine:
     ‘vignettes/af.Rmd’
     ‘vignettes/artificial.Rmd’
     ‘vignettes/background.Rmd’
     ‘vignettes/interactive.Rmd’
     ‘vignettes/msp.Rmd’
     ‘vignettes/people.Rmd’
     ‘vignettes/timing.Rmd’
     ‘vignettes/vip.Rmd’
    (Is a VignetteBuilder field missing?)
    Warning in engine$weave(file, quiet = quiet, encoding = enc) :
     Pandoc (>= 1.12.3) and/or pandoc-citeproc not available. Falling back to R Markdown v1.
    Creating a generic function for 'toJSON' from package 'jsonlite' in package 'googleVis'
    Warning in engine$weave(file, quiet = quiet, encoding = enc) :
     Pandoc (>= 1.12.3) and/or pandoc-citeproc not available. Falling back to R Markdown v1.
    Quitting from lines 19-21 (diabetes.Rmd)
    Error: processing vignette 'diabetes.Rmd' failed with diagnostics:
    cannot open the connection
    Execution halted
Flavor: r-oldrel-osx-x86_64