CRAN Package Check Results for Package mpm

Last updated on 2015-07-28 15:48:12.

Flavor Version Tinstall Tcheck Ttotal Status Flags
r-devel-linux-x86_64-debian-clang 1.0-22 0.77 13.57 14.34 NOTE
r-devel-linux-x86_64-debian-gcc 1.0-22 0.68 13.12 13.80 NOTE
r-devel-linux-x86_64-fedora-clang 1.0-22 28.48 NOTE
r-devel-linux-x86_64-fedora-gcc 1.0-22 25.96 NOTE
r-devel-osx-x86_64-clang 1.0-22 26.02 NOTE
r-devel-windows-ix86+x86_64 1.0-22 3.00 23.00 26.00 NOTE
r-patched-linux-x86_64 1.0-22 0.94 13.84 14.78 NOTE
r-patched-solaris-sparc 1.0-22 186.60 NOTE
r-patched-solaris-x86 1.0-22 45.00 NOTE
r-release-linux-x86_64 1.0-22 0.80 14.56 15.36 NOTE
r-release-osx-x86_64-mavericks 1.0-22 NOTE
r-release-windows-ix86+x86_64 1.0-22 4.00 39.00 43.00 NOTE
r-oldrel-windows-ix86+x86_64 1.0-22 5.00 44.00 49.00 NOTE

Check Details

Version: 1.0-22
Check: dependencies in R code
Result: NOTE
    'library' or 'require' call to ‘MASS’ which was already attached by Depends.
     Please remove these calls from your code.
    Packages in Depends field not imported from:
     ‘KernSmooth’ ‘MASS’
     These packages need to be imported from (in the NAMESPACE file)
     for when this namespace is loaded but not attached.
Flavors: r-devel-linux-x86_64-debian-clang, r-devel-linux-x86_64-debian-gcc, r-devel-linux-x86_64-fedora-clang, r-devel-linux-x86_64-fedora-gcc, r-devel-osx-x86_64-clang, r-devel-windows-ix86+x86_64, r-patched-linux-x86_64, r-patched-solaris-sparc, r-patched-solaris-x86, r-release-linux-x86_64, r-release-osx-x86_64-mavericks, r-release-windows-ix86+x86_64, r-oldrel-windows-ix86+x86_64

Version: 1.0-22
Check: R code for possible problems
Result: NOTE
    export.summary.mpm: warning in complex(real = x$Rows[, FdimsR[1]], imag
     = x$Rows[, FdimsR[2]]): partial argument match of ‘imag’ to
     ‘imaginary’
    export.summary.mpm: warning in complex(real = x$Columns[, FdimsC[1]],
     imag = x$Columns[, FdimsC[2]]): partial argument match of ‘imag’ to
     ‘imaginary’
    .onAttach: no visible global function definition for
     ‘packageDescription’
    export.summary.mpm: no visible global function definition for
     ‘write.table’
    mpm: no visible binding for global variable ‘median’
    plot.mpm: no visible global function definition for ‘rainbow’
    plot.mpm: no visible global function definition for ‘quantile’
    plot.mpm: no visible global function definition for ‘par’
    plot.mpm: no visible global function definition for ‘points’
    plot.mpm: no visible global function definition for ‘smoothScatter’
    plot.mpm: no visible global function definition for ‘colorRampPalette’
    plot.mpm: no visible global function definition for ‘symbols’
    plot.mpm: no visible global function definition for ‘text’
    plot.mpm: no visible global function definition for ‘lines’
    plot.mpm: no visible global function definition for ‘box’
    Undefined global functions or variables:
     box colorRampPalette lines median packageDescription par points
     quantile rainbow smoothScatter symbols text write.table
    Consider adding
     importFrom("grDevices", "colorRampPalette", "rainbow")
     importFrom("graphics", "box", "lines", "par", "points",
     "smoothScatter", "symbols", "text")
     importFrom("stats", "median", "quantile")
     importFrom("utils", "packageDescription", "write.table")
    to your NAMESPACE.
Flavors: r-devel-linux-x86_64-debian-clang, r-devel-linux-x86_64-debian-gcc, r-devel-linux-x86_64-fedora-clang, r-devel-linux-x86_64-fedora-gcc, r-devel-windows-ix86+x86_64

Version: 1.0-22
Check: R code for possible problems
Result: NOTE
    export.summary.mpm: warning in complex(real = x$Rows[, FdimsR[1]], imag
     = x$Rows[, FdimsR[2]]): partial argument match of 'imag' to
     'imaginary'
    export.summary.mpm: warning in complex(real = x$Columns[, FdimsC[1]],
     imag = x$Columns[, FdimsC[2]]): partial argument match of 'imag' to
     'imaginary'
    plot.mpm: warning in symbols(ss[isel, 1], ss[isel, 2], circle =
     sqs[isel], inches = FALSE, lwd = 3, add = TRUE, fg = colors[2]):
     partial argument match of 'circle' to 'circles'
    plot.mpm: warning in symbols(ll[ii, 1], ll[ii, 2], square = sqs, inches
     = FALSE, lwd = 3, add = TRUE, fg = colors[2 + iGroup[i]]): partial
     argument match of 'square' to 'squares'
Flavors: r-devel-osx-x86_64-clang, r-patched-linux-x86_64, r-patched-solaris-sparc, r-patched-solaris-x86, r-release-linux-x86_64, r-release-osx-x86_64-mavericks, r-release-windows-ix86+x86_64, r-oldrel-windows-ix86+x86_64