CRAN Package Check Results for Package mpm

Last updated on 2014-07-23 23:48:27.

Flavor Version Tinstall Tcheck Ttotal Status Flags
r-devel-linux-x86_64-debian-clang 1.0-22 0.78 15.41 16.19 NOTE
r-devel-linux-x86_64-debian-gcc 1.0-22 0.73 14.31 15.04 NOTE
r-devel-linux-x86_64-fedora-clang 1.0-22 30.89 NOTE
r-devel-linux-x86_64-fedora-gcc 1.0-22 29.75 NOTE
r-devel-osx-x86_64-clang 1.0-22 32.04 NOTE
r-devel-windows-ix86+x86_64 1.0-22 3.00 23.00 26.00 NOTE
r-patched-linux-x86_64 1.0-22 0.77 14.38 15.15 NOTE
r-patched-solaris-sparc 1.0-22 168.60 NOTE
r-patched-solaris-x86 1.0-22 45.10 NOTE
r-release-linux-ix86 1.0-22 1.15 22.28 23.44 NOTE
r-release-linux-x86_64 1.0-22 1.00 14.92 15.92 NOTE
r-release-osx-x86_64-mavericks 1.0-22 NOTE
r-release-osx-x86_64-snowleopard 1.0-22 NOTE
r-release-windows-ix86+x86_64 1.0-22 4.00 23.00 27.00 NOTE
r-oldrel-windows-ix86+x86_64 1.0-22 3.00 24.00 27.00 NOTE

Check Details

Version: 1.0-22
Check: dependencies in R code
Result: NOTE
    'library' or 'require' call to ‘MASS’ which was already attached by Depends.
     Please remove these calls from your code.
    Packages in Depends field not imported from:
     ‘KernSmooth’ ‘MASS’
     These packages need to be imported from (in the NAMESPACE file)
     for when this namespace is loaded but not attached.
    See the information on DESCRIPTION files in the chapter ‘Creating R
    packages’ of the ‘Writing R Extensions’ manual.
Flavors: r-devel-linux-x86_64-debian-clang, r-devel-linux-x86_64-debian-gcc, r-devel-linux-x86_64-fedora-clang, r-devel-linux-x86_64-fedora-gcc, r-devel-osx-x86_64-clang, r-devel-windows-ix86+x86_64, r-patched-linux-x86_64, r-patched-solaris-sparc, r-patched-solaris-x86, r-release-linux-ix86, r-release-linux-x86_64, r-release-osx-x86_64-mavericks, r-release-windows-ix86+x86_64, r-oldrel-windows-ix86+x86_64

Version: 1.0-22
Check: R code for possible problems
Result: NOTE
    export.summary.mpm: warning in complex(real = x$Rows[, FdimsR[1]], imag
     = x$Rows[, FdimsR[2]]): partial argument match of 'imag' to
     'imaginary'
    export.summary.mpm: warning in complex(real = x$Columns[, FdimsC[1]],
     imag = x$Columns[, FdimsC[2]]): partial argument match of 'imag' to
     'imaginary'
    plot.mpm: warning in symbols(ss[isel, 1], ss[isel, 2], circle =
     sqs[isel], inches = FALSE, lwd = 3, add = TRUE, fg = colors[2]):
     partial argument match of 'circle' to 'circles'
    plot.mpm: warning in symbols(ll[ii, 1], ll[ii, 2], square = sqs, inches
     = FALSE, lwd = 3, add = TRUE, fg = colors[2 + iGroup[i]]): partial
     argument match of 'square' to 'squares'
Flavors: r-devel-linux-x86_64-debian-clang, r-devel-linux-x86_64-debian-gcc, r-devel-linux-x86_64-fedora-clang, r-devel-linux-x86_64-fedora-gcc, r-devel-osx-x86_64-clang, r-devel-windows-ix86+x86_64, r-patched-linux-x86_64, r-patched-solaris-sparc, r-patched-solaris-x86, r-release-linux-ix86, r-release-linux-x86_64, r-release-osx-x86_64-mavericks, r-release-osx-x86_64-snowleopard, r-release-windows-ix86+x86_64, r-oldrel-windows-ix86+x86_64

Version: 1.0-22
Check: dependencies in R code
Result: NOTE
    'library' or 'require' call to 'MASS' which was already attached by Depends.
     Please remove these calls from your code.
    See the information on DESCRIPTION files in the chapter 'Creating R
    packages' of the 'Writing R Extensions' manual.
Flavor: r-release-osx-x86_64-snowleopard