CRAN Package Check Results for Package mpm

Last updated on 2014-08-30 21:47:28.

Flavor Version Tinstall Tcheck Ttotal Status Flags
r-devel-linux-x86_64-debian-clang 1.0-22 0.92 13.96 14.88 NOTE
r-devel-linux-x86_64-debian-gcc 1.0-22 0.72 14.56 15.29 NOTE
r-devel-linux-x86_64-fedora-clang 1.0-22 29.46 NOTE
r-devel-linux-x86_64-fedora-gcc 1.0-22 27.58 NOTE
r-devel-osx-x86_64-clang 1.0-22 30.62 NOTE
r-devel-windows-ix86+x86_64 1.0-22 3.00 25.00 28.00 NOTE
r-patched-linux-x86_64 1.0-22 0.84 14.54 15.38 NOTE
r-patched-solaris-sparc 1.0-22 215.70 NOTE
r-patched-solaris-x86 1.0-22 47.60 NOTE
r-release-linux-ix86 1.0-22 1.19 22.10 23.29 NOTE
r-release-linux-x86_64 1.0-22 1.09 15.16 16.26 NOTE
r-release-osx-x86_64-mavericks 1.0-22 NOTE
r-release-osx-x86_64-snowleopard 1.0-22 NOTE
r-release-windows-ix86+x86_64 1.0-22 3.00 26.00 29.00 NOTE
r-oldrel-windows-ix86+x86_64 1.0-22 5.00 26.00 31.00 NOTE

Check Details

Version: 1.0-22
Check: dependencies in R code
Result: NOTE
    'library' or 'require' call to ‘MASS’ which was already attached by Depends.
     Please remove these calls from your code.
    Packages in Depends field not imported from:
     ‘KernSmooth’ ‘MASS’
     These packages need to be imported from (in the NAMESPACE file)
     for when this namespace is loaded but not attached.
    See the information on DESCRIPTION files in the chapter ‘Creating R
    packages’ of the ‘Writing R Extensions’ manual.
Flavors: r-devel-linux-x86_64-debian-clang, r-devel-linux-x86_64-debian-gcc, r-devel-linux-x86_64-fedora-clang, r-devel-linux-x86_64-fedora-gcc, r-devel-osx-x86_64-clang, r-devel-windows-ix86+x86_64, r-patched-linux-x86_64, r-patched-solaris-sparc, r-patched-solaris-x86, r-release-linux-ix86, r-release-linux-x86_64, r-release-osx-x86_64-mavericks, r-release-windows-ix86+x86_64, r-oldrel-windows-ix86+x86_64

Version: 1.0-22
Check: R code for possible problems
Result: NOTE
    export.summary.mpm: warning in complex(real = x$Rows[, FdimsR[1]], imag
     = x$Rows[, FdimsR[2]]): partial argument match of 'imag' to
     'imaginary'
    export.summary.mpm: warning in complex(real = x$Columns[, FdimsC[1]],
     imag = x$Columns[, FdimsC[2]]): partial argument match of 'imag' to
     'imaginary'
    plot.mpm: warning in symbols(ss[isel, 1], ss[isel, 2], circle =
     sqs[isel], inches = FALSE, lwd = 3, add = TRUE, fg = colors[2]):
     partial argument match of 'circle' to 'circles'
    plot.mpm: warning in symbols(ll[ii, 1], ll[ii, 2], square = sqs, inches
     = FALSE, lwd = 3, add = TRUE, fg = colors[2 + iGroup[i]]): partial
     argument match of 'square' to 'squares'
Flavors: r-devel-linux-x86_64-debian-clang, r-devel-linux-x86_64-debian-gcc, r-devel-linux-x86_64-fedora-clang, r-devel-linux-x86_64-fedora-gcc, r-devel-osx-x86_64-clang, r-devel-windows-ix86+x86_64, r-patched-linux-x86_64, r-patched-solaris-sparc, r-patched-solaris-x86, r-release-linux-ix86, r-release-linux-x86_64, r-release-osx-x86_64-mavericks, r-release-osx-x86_64-snowleopard, r-release-windows-ix86+x86_64, r-oldrel-windows-ix86+x86_64

Version: 1.0-22
Check: dependencies in R code
Result: NOTE
    'library' or 'require' call to 'MASS' which was already attached by Depends.
     Please remove these calls from your code.
    See the information on DESCRIPTION files in the chapter 'Creating R
    packages' of the 'Writing R Extensions' manual.
Flavor: r-release-osx-x86_64-snowleopard