CRAN Package Check Results for Package mpmcorrelogram

Last updated on 2015-06-30 04:46:42.

Flavor Version Tinstall Tcheck Ttotal Status Flags
r-devel-linux-x86_64-debian-clang 0.1-3 2.73 31.83 34.56 NOTE
r-devel-linux-x86_64-debian-gcc 0.1-3 2.71 33.11 35.82 NOTE
r-devel-linux-x86_64-fedora-clang 0.1-3 73.42 NOTE
r-devel-linux-x86_64-fedora-gcc 0.1-3 72.30 NOTE
r-devel-osx-x86_64-clang 0.1-3 67.33 NOTE
r-devel-windows-ix86+x86_64 0.1-3 6.00 77.00 83.00 NOTE
r-patched-linux-x86_64 0.1-3 2.77 32.23 35.00 NOTE
r-patched-solaris-sparc 0.1-3 436.40 NOTE
r-patched-solaris-x86 0.1-3 106.40 NOTE
r-release-linux-x86_64 0.1-3 2.62 32.16 34.78 NOTE
r-release-osx-x86_64-mavericks 0.1-3 NOTE
r-release-windows-ix86+x86_64 0.1-3 9.00 79.00 88.00 NOTE
r-oldrel-windows-ix86+x86_64 0.1-3 9.00 65.00 74.00 NOTE

Check Details

Version: 0.1-3
Check: dependencies in R code
Result: NOTE
    'library' or 'require' call to ‘vegan’ which was already attached by Depends.
     Please remove these calls from your code.
Flavors: r-devel-linux-x86_64-debian-clang, r-devel-linux-x86_64-debian-gcc, r-devel-linux-x86_64-fedora-clang, r-devel-linux-x86_64-fedora-gcc, r-devel-osx-x86_64-clang, r-devel-windows-ix86+x86_64, r-patched-linux-x86_64, r-patched-solaris-sparc, r-patched-solaris-x86, r-release-linux-x86_64, r-release-osx-x86_64-mavericks, r-release-windows-ix86+x86_64, r-oldrel-windows-ix86+x86_64

Version: 0.1-3
Check: R code for possible problems
Result: NOTE
    mpmcorrelogram: no visible global function definition for
     ‘mantel.partial’
Flavors: r-devel-linux-x86_64-debian-clang, r-devel-linux-x86_64-debian-gcc, r-devel-linux-x86_64-fedora-clang, r-devel-linux-x86_64-fedora-gcc, r-devel-osx-x86_64-clang, r-devel-windows-ix86+x86_64, r-patched-linux-x86_64, r-patched-solaris-sparc, r-patched-solaris-x86, r-release-linux-x86_64, r-release-osx-x86_64-mavericks, r-release-windows-ix86+x86_64, r-oldrel-windows-ix86+x86_64