CRAN Package Check Results for Package mpmcorrelogram

Last updated on 2016-07-24 02:47:43.

Flavor Version Tinstall Tcheck Ttotal Status Flags
r-devel-linux-x86_64-debian-clang 0.1-3 3.55 37.09 40.64 NOTE
r-devel-linux-x86_64-debian-gcc 0.1-3 3.09 38.91 42.00 NOTE
r-devel-linux-x86_64-fedora-clang 0.1-3 68.96 NOTE
r-devel-linux-x86_64-fedora-gcc 0.1-3 67.56 NOTE
r-devel-osx-x86_64-clang 0.1-3 54.02 NOTE
r-devel-windows-ix86+x86_64 0.1-3 7.00 59.00 66.00 NOTE
r-patched-linux-x86_64 0.1-3 3.59 35.36 38.95 NOTE
r-patched-solaris-sparc 0.1-3 377.40 NOTE
r-patched-solaris-x86 0.1-3 96.10 NOTE
r-release-linux-x86_64 0.1-3 3.01 36.12 39.13 NOTE
r-release-osx-x86_64-mavericks 0.1-3 NOTE
r-release-windows-ix86+x86_64 0.1-3 8.00 57.00 65.00 NOTE
r-oldrel-windows-ix86+x86_64 0.1-3 11.00 60.00 71.00 NOTE

Check Details

Version: 0.1-3
Check: dependencies in R code
Result: NOTE
    'library' or 'require' call to ‘vegan’ which was already attached by Depends.
     Please remove these calls from your code.
Flavors: r-devel-linux-x86_64-debian-clang, r-devel-linux-x86_64-debian-gcc, r-devel-linux-x86_64-fedora-clang, r-devel-linux-x86_64-fedora-gcc, r-devel-osx-x86_64-clang, r-devel-windows-ix86+x86_64, r-patched-linux-x86_64, r-patched-solaris-sparc, r-patched-solaris-x86, r-release-linux-x86_64, r-release-osx-x86_64-mavericks, r-release-windows-ix86+x86_64, r-oldrel-windows-ix86+x86_64

Version: 0.1-3
Check: R code for possible problems
Result: NOTE
    mpmcorrelogram: no visible global function definition for
     ‘mantel.partial’
    Undefined global functions or variables:
     mantel.partial
Flavors: r-devel-linux-x86_64-debian-clang, r-devel-linux-x86_64-debian-gcc, r-devel-linux-x86_64-fedora-clang, r-devel-linux-x86_64-fedora-gcc, r-devel-osx-x86_64-clang, r-devel-windows-ix86+x86_64, r-patched-linux-x86_64, r-patched-solaris-sparc, r-patched-solaris-x86, r-release-linux-x86_64, r-release-osx-x86_64-mavericks, r-release-windows-ix86+x86_64

Version: 0.1-3
Check: R code for possible problems
Result: NOTE
    mpmcorrelogram: no visible global function definition for
     'mantel.partial'
Flavor: r-oldrel-windows-ix86+x86_64