CRAN Package Check Results for Package mpmcorrelogram

Last updated on 2017-08-19 12:51:47.

Flavor Version Tinstall Tcheck Ttotal Status Flags
r-devel-linux-x86_64-debian-clang 0.1-3 2.48 32.57 35.05 NOTE
r-devel-linux-x86_64-debian-gcc 0.1-3 2.54 33.30 35.83 NOTE
r-devel-linux-x86_64-fedora-clang 0.1-3 83.38 NOTE
r-devel-linux-x86_64-fedora-gcc 0.1-3 81.03 NOTE
r-devel-windows-ix86+x86_64 0.1-3 8.00 59.00 67.00 NOTE
r-patched-linux-x86_64 0.1-3 2.41 32.40 34.82 NOTE
r-patched-solaris-x86 0.1-3 117.20 NOTE
r-release-linux-x86_64 0.1-3 2.43 32.32 34.75 NOTE
r-release-windows-ix86+x86_64 0.1-3 10.00 86.00 96.00 NOTE
r-release-osx-x86_64 0.1-3 NOTE
r-oldrel-windows-ix86+x86_64 0.1-3 7.00 75.00 82.00 NOTE
r-oldrel-osx-x86_64 0.1-3 NOTE

Check Details

Version: 0.1-3
Check: dependencies in R code
Result: NOTE
    'library' or 'require' call to ‘vegan’ which was already attached by Depends.
     Please remove these calls from your code.
Flavors: r-devel-linux-x86_64-debian-clang, r-devel-linux-x86_64-debian-gcc, r-devel-linux-x86_64-fedora-clang, r-devel-linux-x86_64-fedora-gcc, r-devel-windows-ix86+x86_64, r-patched-linux-x86_64, r-patched-solaris-x86, r-release-linux-x86_64, r-release-windows-ix86+x86_64, r-release-osx-x86_64, r-oldrel-windows-ix86+x86_64, r-oldrel-osx-x86_64

Version: 0.1-3
Check: R code for possible problems
Result: NOTE
    mpmcorrelogram: no visible global function definition for
     ‘mantel.partial’
    Undefined global functions or variables:
     mantel.partial
Flavors: r-devel-linux-x86_64-debian-clang, r-devel-linux-x86_64-debian-gcc, r-devel-linux-x86_64-fedora-clang, r-devel-linux-x86_64-fedora-gcc, r-devel-windows-ix86+x86_64, r-patched-linux-x86_64, r-patched-solaris-x86, r-release-linux-x86_64, r-release-windows-ix86+x86_64, r-release-osx-x86_64, r-oldrel-windows-ix86+x86_64, r-oldrel-osx-x86_64