CRAN Package Check Results for Package mpmcorrelogram

Last updated on 2014-07-26 05:50:42.

Flavor Version Tinstall Tcheck Ttotal Status Flags
r-devel-linux-x86_64-debian-clang 0.1-3 0.79 11.82 12.61 NOTE
r-devel-linux-x86_64-debian-gcc 0.1-3 0.78 11.49 12.28 NOTE
r-devel-linux-x86_64-fedora-clang 0.1-3 27.14 NOTE
r-devel-linux-x86_64-fedora-gcc 0.1-3 24.57 NOTE
r-devel-osx-x86_64-clang 0.1-3 27.94 NOTE
r-devel-windows-ix86+x86_64 0.1-3 3.00 22.00 25.00 NOTE
r-patched-linux-x86_64 0.1-3 0.80 11.86 12.66 NOTE
r-patched-solaris-sparc 0.1-3 148.80 NOTE
r-patched-solaris-x86 0.1-3 37.50 NOTE
r-release-linux-ix86 0.1-3 1.15 20.69 21.84 NOTE
r-release-linux-x86_64 0.1-3 0.84 12.44 13.29 NOTE
r-release-osx-x86_64-mavericks 0.1-3 NOTE
r-release-osx-x86_64-snowleopard 0.1-3 NOTE
r-release-windows-ix86+x86_64 0.1-3 3.00 21.00 24.00 NOTE
r-oldrel-windows-ix86+x86_64 0.1-3 3.00 23.00 26.00 NOTE

Check Details

Version: 0.1-3
Check: dependencies in R code
Result: NOTE
    'library' or 'require' call to ‘vegan’ which was already attached by Depends.
     Please remove these calls from your code.
    See the information on DESCRIPTION files in the chapter ‘Creating R
    packages’ of the ‘Writing R Extensions’ manual.
Flavors: r-devel-linux-x86_64-debian-clang, r-devel-linux-x86_64-debian-gcc, r-devel-linux-x86_64-fedora-clang, r-devel-linux-x86_64-fedora-gcc, r-devel-osx-x86_64-clang, r-devel-windows-ix86+x86_64, r-patched-linux-x86_64, r-patched-solaris-sparc, r-patched-solaris-x86, r-release-linux-ix86, r-release-linux-x86_64, r-release-osx-x86_64-mavericks, r-release-osx-x86_64-snowleopard, r-release-windows-ix86+x86_64, r-oldrel-windows-ix86+x86_64