CRAN Package Check Results for Package mpmcorrelogram

Last updated on 2017-02-27 19:50:46.

Flavor Version Tinstall Tcheck Ttotal Status Flags
r-devel-linux-x86_64-debian-clang 0.1-3 2.32 33.10 35.42 NOTE
r-devel-linux-x86_64-debian-gcc 0.1-3 2.46 31.76 34.23 NOTE
r-devel-linux-x86_64-fedora-clang 0.1-3 86.77 NOTE --no-stop-on-test-error
r-devel-linux-x86_64-fedora-gcc 0.1-3 77.37 NOTE --no-stop-on-test-error
r-devel-macos-x86_64-clang 0.1-3 58.24 NOTE --no-stop-on-test-error
r-devel-windows-ix86+x86_64 0.1-3 14.00 137.00 151.00 NOTE
r-patched-linux-x86_64 0.1-3 2.45 28.96 31.42 NOTE
r-patched-solaris-sparc 0.1-3 380.50 NOTE
r-patched-solaris-x86 0.1-3 83.60 NOTE
r-release-linux-x86_64 0.1-3 2.18 29.65 31.84 NOTE
r-release-osx-x86_64-mavericks 0.1-3 NOTE
r-release-windows-ix86+x86_64 0.1-3 14.00 50.00 64.00 NOTE
r-oldrel-windows-ix86+x86_64 0.1-3 13.00 97.00 110.00 NOTE

Check Details

Version: 0.1-3
Check: dependencies in R code
Result: NOTE
    'library' or 'require' call to ‘vegan’ which was already attached by Depends.
     Please remove these calls from your code.
Flavors: r-devel-linux-x86_64-debian-clang, r-devel-linux-x86_64-debian-gcc, r-devel-windows-ix86+x86_64, r-patched-linux-x86_64, r-patched-solaris-sparc, r-patched-solaris-x86, r-release-linux-x86_64, r-release-osx-x86_64-mavericks, r-release-windows-ix86+x86_64, r-oldrel-windows-ix86+x86_64

Version: 0.1-3
Check: R code for possible problems
Result: NOTE
    mpmcorrelogram: no visible global function definition for
     ‘mantel.partial’
    Undefined global functions or variables:
     mantel.partial
Flavors: r-devel-linux-x86_64-debian-clang, r-devel-linux-x86_64-debian-gcc, r-devel-windows-ix86+x86_64, r-patched-linux-x86_64, r-patched-solaris-sparc, r-patched-solaris-x86, r-release-linux-x86_64, r-release-osx-x86_64-mavericks, r-release-windows-ix86+x86_64

Version: 0.1-3
Flags: --no-stop-on-test-error
Check: dependencies in R code
Result: NOTE
    'library' or 'require' call to ‘vegan’ which was already attached by Depends.
     Please remove these calls from your code.
Flavors: r-devel-linux-x86_64-fedora-clang, r-devel-linux-x86_64-fedora-gcc, r-devel-macos-x86_64-clang

Version: 0.1-3
Flags: --no-stop-on-test-error
Check: R code for possible problems
Result: NOTE
    mpmcorrelogram: no visible global function definition for
     ‘mantel.partial’
    Undefined global functions or variables:
     mantel.partial
Flavors: r-devel-linux-x86_64-fedora-clang, r-devel-linux-x86_64-fedora-gcc, r-devel-macos-x86_64-clang

Version: 0.1-3
Check: R code for possible problems
Result: NOTE
    mpmcorrelogram: no visible global function definition for
     'mantel.partial'
Flavor: r-oldrel-windows-ix86+x86_64