CRAN Package Check Results for Package mpmcorrelogram

Last updated on 2016-12-02 23:48:11.

Flavor Version Tinstall Tcheck Ttotal Status Flags
r-devel-linux-x86_64-debian-clang 0.1-3 2.36 31.16 33.51 NOTE
r-devel-linux-x86_64-debian-gcc 0.1-3 2.44 31.54 33.97 NOTE
r-devel-linux-x86_64-fedora-clang 0.1-3 78.62 NOTE
r-devel-linux-x86_64-fedora-gcc 0.1-3 94.76 NOTE
r-devel-macos-x86_64-clang 0.1-3 56.26 NOTE
r-devel-windows-ix86+x86_64 0.1-3 7.00 79.00 86.00 NOTE
r-patched-linux-x86_64 0.1-3 2.20 28.75 30.96 NOTE
r-patched-solaris-sparc 0.1-3 377.40 NOTE
r-patched-solaris-x86 0.1-3 92.90 NOTE
r-release-linux-x86_64 0.1-3 2.36 27.93 30.29 NOTE
r-release-osx-x86_64-mavericks 0.1-3 NOTE
r-release-windows-ix86+x86_64 0.1-3 9.00 85.00 94.00 NOTE
r-oldrel-windows-ix86+x86_64 0.1-3 9.00 53.00 62.00 NOTE

Check Details

Version: 0.1-3
Check: dependencies in R code
Result: NOTE
    'library' or 'require' call to ‘vegan’ which was already attached by Depends.
     Please remove these calls from your code.
Flavors: r-devel-linux-x86_64-debian-clang, r-devel-linux-x86_64-debian-gcc, r-devel-linux-x86_64-fedora-clang, r-devel-linux-x86_64-fedora-gcc, r-devel-macos-x86_64-clang, r-devel-windows-ix86+x86_64, r-patched-linux-x86_64, r-patched-solaris-sparc, r-patched-solaris-x86, r-release-linux-x86_64, r-release-osx-x86_64-mavericks, r-release-windows-ix86+x86_64, r-oldrel-windows-ix86+x86_64

Version: 0.1-3
Check: R code for possible problems
Result: NOTE
    mpmcorrelogram: no visible global function definition for
     ‘mantel.partial’
    Undefined global functions or variables:
     mantel.partial
Flavors: r-devel-linux-x86_64-debian-clang, r-devel-linux-x86_64-debian-gcc, r-devel-linux-x86_64-fedora-clang, r-devel-linux-x86_64-fedora-gcc, r-devel-macos-x86_64-clang, r-devel-windows-ix86+x86_64, r-patched-linux-x86_64, r-patched-solaris-sparc, r-patched-solaris-x86, r-release-linux-x86_64, r-release-osx-x86_64-mavericks, r-release-windows-ix86+x86_64

Version: 0.1-3
Check: R code for possible problems
Result: NOTE
    mpmcorrelogram: no visible global function definition for
     'mantel.partial'
Flavor: r-oldrel-windows-ix86+x86_64