CRAN Package Check Results for Package mpmcorrelogram

Last updated on 2014-08-29 09:48:01.

Flavor Version Tinstall Tcheck Ttotal Status Flags
r-devel-linux-x86_64-debian-clang 0.1-3 0.77 11.76 12.53 NOTE
r-devel-linux-x86_64-debian-gcc 0.1-3 0.74 11.16 11.90 NOTE
r-devel-linux-x86_64-fedora-clang 0.1-3 25.21 NOTE
r-devel-linux-x86_64-fedora-gcc 0.1-3 23.94 NOTE
r-devel-osx-x86_64-clang 0.1-3 26.82 NOTE
r-devel-windows-ix86+x86_64 0.1-3 3.00 20.00 23.00 NOTE
r-patched-linux-x86_64 0.1-3 0.79 12.22 13.01 NOTE
r-patched-solaris-sparc 0.1-3 182.80 NOTE
r-patched-solaris-x86 0.1-3 39.90 NOTE
r-release-linux-ix86 0.1-3 1.16 18.88 20.04 NOTE
r-release-linux-x86_64 0.1-3 0.85 12.82 13.67 NOTE
r-release-osx-x86_64-mavericks 0.1-3 NOTE
r-release-osx-x86_64-snowleopard 0.1-3 NOTE
r-release-windows-ix86+x86_64 0.1-3 4.00 23.00 27.00 NOTE
r-oldrel-windows-ix86+x86_64 0.1-3 4.00 26.00 30.00 NOTE

Check Details

Version: 0.1-3
Check: dependencies in R code
Result: NOTE
    'library' or 'require' call to ‘vegan’ which was already attached by Depends.
     Please remove these calls from your code.
    See the information on DESCRIPTION files in the chapter ‘Creating R
    packages’ of the ‘Writing R Extensions’ manual.
Flavors: r-devel-linux-x86_64-debian-clang, r-devel-linux-x86_64-debian-gcc, r-devel-linux-x86_64-fedora-clang, r-devel-linux-x86_64-fedora-gcc, r-devel-osx-x86_64-clang, r-devel-windows-ix86+x86_64, r-patched-linux-x86_64, r-patched-solaris-sparc, r-patched-solaris-x86, r-release-linux-ix86, r-release-linux-x86_64, r-release-osx-x86_64-mavericks, r-release-osx-x86_64-snowleopard, r-release-windows-ix86+x86_64, r-oldrel-windows-ix86+x86_64

Version: 0.1-3
Check: R code for possible problems
Result: NOTE
    mpmcorrelogram: no visible global function definition for
     ‘mantel.partial’
Flavors: r-devel-linux-x86_64-debian-clang, r-devel-linux-x86_64-debian-gcc, r-devel-linux-x86_64-fedora-clang, r-devel-linux-x86_64-fedora-gcc, r-devel-osx-x86_64-clang, r-devel-windows-ix86+x86_64