CRAN Package Check Results for Package mpmcorrelogram

Last updated on 2017-06-24 09:55:28.

Flavor Version Tinstall Tcheck Ttotal Status Flags
r-devel-linux-x86_64-debian-clang 0.1-3 2.44 32.96 35.40 NOTE
r-devel-linux-x86_64-debian-gcc 0.1-3 2.58 31.88 34.45 NOTE
r-devel-linux-x86_64-fedora-clang 0.1-3 84.44 NOTE
r-devel-linux-x86_64-fedora-gcc 0.1-3 79.60 NOTE
r-devel-windows-ix86+x86_64 0.1-3 10.00 81.00 91.00 NOTE
r-patched-linux-x86_64 0.1-3 2.64 31.44 34.08 NOTE
r-patched-solaris-sparc 0.1-3 457.80 NOTE
r-patched-solaris-x86 0.1-3 119.60 NOTE
r-release-linux-x86_64 0.1-3 2.48 32.28 34.76 NOTE
r-release-windows-ix86+x86_64 0.1-3 9.00 82.00 91.00 NOTE
r-release-osx-x86_64 0.1-3 NOTE
r-oldrel-windows-ix86+x86_64 0.1-3 12.00 72.00 84.00 NOTE
r-oldrel-osx-x86_64 0.1-3 NOTE

Check Details

Version: 0.1-3
Check: dependencies in R code
Result: NOTE
    'library' or 'require' call to ‘vegan’ which was already attached by Depends.
     Please remove these calls from your code.
Flavors: r-devel-linux-x86_64-debian-clang, r-devel-linux-x86_64-debian-gcc, r-devel-linux-x86_64-fedora-clang, r-devel-linux-x86_64-fedora-gcc, r-devel-windows-ix86+x86_64, r-patched-linux-x86_64, r-patched-solaris-sparc, r-patched-solaris-x86, r-release-linux-x86_64, r-release-windows-ix86+x86_64, r-release-osx-x86_64, r-oldrel-windows-ix86+x86_64, r-oldrel-osx-x86_64

Version: 0.1-3
Check: R code for possible problems
Result: NOTE
    mpmcorrelogram: no visible global function definition for
     ‘mantel.partial’
    Undefined global functions or variables:
     mantel.partial
Flavors: r-devel-linux-x86_64-debian-clang, r-devel-linux-x86_64-debian-gcc, r-devel-linux-x86_64-fedora-clang, r-devel-linux-x86_64-fedora-gcc, r-devel-windows-ix86+x86_64, r-patched-linux-x86_64, r-patched-solaris-sparc, r-patched-solaris-x86, r-release-linux-x86_64, r-release-windows-ix86+x86_64, r-release-osx-x86_64, r-oldrel-windows-ix86+x86_64, r-oldrel-osx-x86_64