CRAN Package Check Results for Package mpmcorrelogram

Last updated on 2016-02-12 12:47:25.

Flavor Version Tinstall Tcheck Ttotal Status Flags
r-devel-linux-x86_64-debian-gcc 0.1-3 2.76 31.14 33.89 NOTE
r-devel-linux-x86_64-fedora-clang 0.1-3 65.97 NOTE
r-devel-linux-x86_64-fedora-gcc 0.1-3 69.34 NOTE
r-devel-osx-x86_64-clang 0.1-3 68.46 NOTE
r-devel-windows-ix86+x86_64 0.1-3 10.00 68.00 78.00 NOTE
r-patched-linux-x86_64 0.1-3 3.20 33.46 36.66 NOTE
r-patched-solaris-sparc 0.1-3 415.30 NOTE
r-patched-solaris-x86 0.1-3 101.80 NOTE
r-release-linux-x86_64 0.1-3 2.94 32.96 35.89 NOTE
r-release-osx-x86_64-mavericks 0.1-3 NOTE
r-release-windows-ix86+x86_64 0.1-3 10.00 49.00 59.00 NOTE
r-oldrel-windows-ix86+x86_64 0.1-3 15.00 68.00 83.00 NOTE

Check Details

Version: 0.1-3
Check: dependencies in R code
Result: NOTE
    'library' or 'require' call to ‘vegan’ which was already attached by Depends.
     Please remove these calls from your code.
Flavors: r-devel-linux-x86_64-debian-gcc, r-devel-linux-x86_64-fedora-clang, r-devel-linux-x86_64-fedora-gcc, r-devel-osx-x86_64-clang, r-devel-windows-ix86+x86_64, r-patched-linux-x86_64, r-patched-solaris-sparc, r-patched-solaris-x86, r-release-linux-x86_64, r-release-osx-x86_64-mavericks, r-release-windows-ix86+x86_64, r-oldrel-windows-ix86+x86_64

Version: 0.1-3
Check: R code for possible problems
Result: NOTE
    mpmcorrelogram: no visible global function definition for
     ‘mantel.partial’
    Undefined global functions or variables:
     mantel.partial
Flavors: r-devel-linux-x86_64-debian-gcc, r-devel-linux-x86_64-fedora-clang, r-devel-linux-x86_64-fedora-gcc, r-devel-osx-x86_64-clang, r-devel-windows-ix86+x86_64

Version: 0.1-3
Check: R code for possible problems
Result: NOTE
    mpmcorrelogram: no visible global function definition for
     ‘mantel.partial’
Flavors: r-patched-linux-x86_64, r-patched-solaris-sparc, r-patched-solaris-x86, r-release-linux-x86_64, r-release-osx-x86_64-mavericks, r-release-windows-ix86+x86_64, r-oldrel-windows-ix86+x86_64