CRAN Package Check Results for Package mpmcorrelogram

Last updated on 2015-05-22 17:46:42.

Flavor Version Tinstall Tcheck Ttotal Status Flags
r-devel-linux-x86_64-debian-clang 0.1-3 2.74 35.28 38.02 NOTE
r-devel-linux-x86_64-debian-gcc 0.1-3 3.39 31.80 35.19 NOTE
r-devel-linux-x86_64-fedora-clang 0.1-3 75.55 NOTE
r-devel-linux-x86_64-fedora-gcc 0.1-3 71.14 NOTE
r-devel-osx-x86_64-clang 0.1-3 65.37 NOTE
r-devel-windows-ix86+x86_64 0.1-3 7.00 50.00 57.00 NOTE
r-patched-linux-x86_64 0.1-3 3.27 32.23 35.50 NOTE
r-patched-solaris-sparc 0.1-3 416.30 NOTE
r-patched-solaris-x86 0.1-3 104.90 NOTE
r-release-linux-x86_64 0.1-3 2.74 32.01 34.75 NOTE
r-release-osx-x86_64-mavericks 0.1-3 NOTE
r-release-osx-x86_64-snowleopard 0.1-3 ERROR
r-release-windows-ix86+x86_64 0.1-3 9.00 51.00 60.00 NOTE
r-oldrel-windows-ix86+x86_64 0.1-3 12.00 91.00 103.00 NOTE

Check Details

Version: 0.1-3
Check: dependencies in R code
Result: NOTE
    'library' or 'require' call to ‘vegan’ which was already attached by Depends.
     Please remove these calls from your code.
Flavors: r-devel-linux-x86_64-debian-clang, r-devel-linux-x86_64-debian-gcc, r-devel-linux-x86_64-fedora-clang, r-devel-linux-x86_64-fedora-gcc, r-devel-osx-x86_64-clang, r-devel-windows-ix86+x86_64, r-patched-linux-x86_64, r-patched-solaris-sparc, r-patched-solaris-x86, r-release-linux-x86_64, r-release-osx-x86_64-mavericks, r-release-windows-ix86+x86_64, r-oldrel-windows-ix86+x86_64

Version: 0.1-3
Check: R code for possible problems
Result: NOTE
    mpmcorrelogram: no visible global function definition for
     ‘mantel.partial’
Flavors: r-devel-linux-x86_64-debian-clang, r-devel-linux-x86_64-debian-gcc, r-devel-linux-x86_64-fedora-clang, r-devel-linux-x86_64-fedora-gcc, r-devel-osx-x86_64-clang, r-devel-windows-ix86+x86_64, r-patched-linux-x86_64, r-patched-solaris-sparc, r-patched-solaris-x86, r-release-linux-x86_64, r-release-osx-x86_64-mavericks, r-release-windows-ix86+x86_64, r-oldrel-windows-ix86+x86_64

Version: 0.1-3
Check: package dependencies
Result: ERROR
    Package required but not available: ‘vegan’
    
    See section ‘The DESCRIPTION file’ in the ‘Writing R Extensions’
    manual.
Flavor: r-release-osx-x86_64-snowleopard