CRAN Package Check Results for Package mpmcorrelogram

Last updated on 2016-05-05 20:47:59.

Flavor Version Tinstall Tcheck Ttotal Status Flags
r-devel-linux-x86_64-debian-gcc 0.1-3 2.71 30.75 33.46 NOTE
r-devel-linux-x86_64-fedora-clang 0.1-3 67.17 NOTE
r-devel-linux-x86_64-fedora-gcc 0.1-3 62.09 NOTE
r-devel-osx-x86_64-clang 0.1-3 70.42 NOTE
r-devel-windows-ix86+x86_64 0.1-3 6.00 61.00 67.00 NOTE
r-patched-linux-x86_64 0.1-3 2.49 31.44 33.93 NOTE
r-patched-solaris-sparc 0.1-3 375.10 NOTE
r-patched-solaris-x86 0.1-3 95.60 NOTE
r-release-linux-x86_64 0.1-3 2.52 31.19 33.70 NOTE
r-release-osx-x86_64-mavericks 0.1-3 NOTE
r-release-windows-ix86+x86_64 0.1-3 6.00 61.00 67.00 NOTE
r-oldrel-windows-ix86+x86_64 0.1-3 10.00 68.00 78.00 NOTE

Check Details

Version: 0.1-3
Check: dependencies in R code
Result: NOTE
    'library' or 'require' call to ‘vegan’ which was already attached by Depends.
     Please remove these calls from your code.
Flavors: r-devel-linux-x86_64-debian-gcc, r-devel-linux-x86_64-fedora-clang, r-devel-linux-x86_64-fedora-gcc, r-devel-osx-x86_64-clang, r-devel-windows-ix86+x86_64, r-patched-linux-x86_64, r-patched-solaris-sparc, r-patched-solaris-x86, r-release-linux-x86_64, r-release-osx-x86_64-mavericks, r-release-windows-ix86+x86_64, r-oldrel-windows-ix86+x86_64

Version: 0.1-3
Check: R code for possible problems
Result: NOTE
    mpmcorrelogram: no visible global function definition for
     ‘mantel.partial’
    Undefined global functions or variables:
     mantel.partial
Flavors: r-devel-linux-x86_64-debian-gcc, r-devel-linux-x86_64-fedora-clang, r-devel-linux-x86_64-fedora-gcc, r-devel-osx-x86_64-clang, r-devel-windows-ix86+x86_64, r-patched-linux-x86_64, r-patched-solaris-sparc, r-patched-solaris-x86, r-release-linux-x86_64, r-release-windows-ix86+x86_64

Version: 0.1-3
Check: R code for possible problems
Result: NOTE
    mpmcorrelogram: no visible global function definition for
     ‘mantel.partial’
Flavors: r-release-osx-x86_64-mavericks, r-oldrel-windows-ix86+x86_64