CRAN Package Check Results for Package mpmcorrelogram

Last updated on 2016-08-26 06:47:25.

Flavor Version Tinstall Tcheck Ttotal Status Flags
r-devel-linux-x86_64-debian-clang 0.1-3 2.80 32.47 35.27 NOTE
r-devel-linux-x86_64-debian-gcc 0.1-3 3.70 41.19 44.89 NOTE
r-devel-linux-x86_64-fedora-clang 0.1-3 68.93 NOTE
r-devel-linux-x86_64-fedora-gcc 0.1-3 68.31 NOTE
r-devel-osx-x86_64-clang 0.1-3 52.59 NOTE
r-devel-windows-ix86+x86_64 0.1-3 10.00 56.00 66.00 NOTE
r-patched-linux-x86_64 0.1-3 2.59 31.07 33.66 NOTE
r-patched-solaris-sparc 0.1-3 377.40 NOTE
r-patched-solaris-x86 0.1-3 94.70 NOTE
r-release-linux-x86_64 0.1-3 3.39 31.83 35.22 NOTE
r-release-osx-x86_64-mavericks 0.1-3 NOTE
r-release-windows-ix86+x86_64 0.1-3 7.00 53.00 60.00 NOTE
r-oldrel-windows-ix86+x86_64 0.1-3 8.00 61.00 69.00 NOTE

Check Details

Version: 0.1-3
Check: dependencies in R code
Result: NOTE
    'library' or 'require' call to ‘vegan’ which was already attached by Depends.
     Please remove these calls from your code.
Flavors: r-devel-linux-x86_64-debian-clang, r-devel-linux-x86_64-debian-gcc, r-devel-linux-x86_64-fedora-clang, r-devel-linux-x86_64-fedora-gcc, r-devel-osx-x86_64-clang, r-devel-windows-ix86+x86_64, r-patched-linux-x86_64, r-patched-solaris-sparc, r-patched-solaris-x86, r-release-linux-x86_64, r-release-osx-x86_64-mavericks, r-release-windows-ix86+x86_64, r-oldrel-windows-ix86+x86_64

Version: 0.1-3
Check: R code for possible problems
Result: NOTE
    mpmcorrelogram: no visible global function definition for
     ‘mantel.partial’
    Undefined global functions or variables:
     mantel.partial
Flavors: r-devel-linux-x86_64-debian-clang, r-devel-linux-x86_64-debian-gcc, r-devel-linux-x86_64-fedora-clang, r-devel-linux-x86_64-fedora-gcc, r-devel-osx-x86_64-clang, r-devel-windows-ix86+x86_64, r-patched-linux-x86_64, r-patched-solaris-sparc, r-patched-solaris-x86, r-release-linux-x86_64, r-release-osx-x86_64-mavericks, r-release-windows-ix86+x86_64

Version: 0.1-3
Check: R code for possible problems
Result: NOTE
    mpmcorrelogram: no visible global function definition for
     'mantel.partial'
Flavor: r-oldrel-windows-ix86+x86_64