CRAN Package Check Results for Package mpmcorrelogram

Last updated on 2016-10-01 08:47:38.

Flavor Version Tinstall Tcheck Ttotal Status Flags
r-devel-linux-x86_64-debian-clang 0.1-3 2.39 29.29 31.68 NOTE
r-devel-linux-x86_64-debian-gcc 0.1-3 2.20 28.06 30.26 NOTE
r-devel-linux-x86_64-fedora-clang 0.1-3 80.07 NOTE
r-devel-linux-x86_64-fedora-gcc 0.1-3 65.26 NOTE
r-devel-macos-x86_64-clang 0.1-3 48.22 NOTE
r-devel-windows-ix86+x86_64 0.1-3 11.00 73.00 84.00 NOTE
r-patched-linux-x86_64 0.1-3 2.25 27.74 30.00 NOTE
r-patched-solaris-sparc 0.1-3 377.40 NOTE
r-patched-solaris-x86 0.1-3 93.20 NOTE
r-release-linux-x86_64 0.1-3 2.40 29.26 31.66 NOTE
r-release-osx-x86_64-mavericks 0.1-3 NOTE
r-release-windows-ix86+x86_64 0.1-3 7.00 88.00 95.00 NOTE
r-oldrel-windows-ix86+x86_64 0.1-3 10.00 57.00 67.00 NOTE

Check Details

Version: 0.1-3
Check: dependencies in R code
Result: NOTE
    'library' or 'require' call to ‘vegan’ which was already attached by Depends.
     Please remove these calls from your code.
Flavors: r-devel-linux-x86_64-debian-clang, r-devel-linux-x86_64-debian-gcc, r-devel-linux-x86_64-fedora-clang, r-devel-linux-x86_64-fedora-gcc, r-devel-macos-x86_64-clang, r-devel-windows-ix86+x86_64, r-patched-linux-x86_64, r-patched-solaris-sparc, r-patched-solaris-x86, r-release-linux-x86_64, r-release-osx-x86_64-mavericks, r-release-windows-ix86+x86_64, r-oldrel-windows-ix86+x86_64

Version: 0.1-3
Check: R code for possible problems
Result: NOTE
    mpmcorrelogram: no visible global function definition for
     ‘mantel.partial’
    Undefined global functions or variables:
     mantel.partial
Flavors: r-devel-linux-x86_64-debian-clang, r-devel-linux-x86_64-debian-gcc, r-devel-linux-x86_64-fedora-clang, r-devel-linux-x86_64-fedora-gcc, r-devel-macos-x86_64-clang, r-devel-windows-ix86+x86_64, r-patched-linux-x86_64, r-patched-solaris-sparc, r-patched-solaris-x86, r-release-linux-x86_64, r-release-osx-x86_64-mavericks, r-release-windows-ix86+x86_64

Version: 0.1-3
Check: R code for possible problems
Result: NOTE
    mpmcorrelogram: no visible global function definition for
     'mantel.partial'
Flavor: r-oldrel-windows-ix86+x86_64