CRAN Package Check Results for Package mpmcorrelogram

Last updated on 2015-04-19 09:55:41.

Flavor Version Tinstall Tcheck Ttotal Status Flags
r-devel-linux-x86_64-debian-clang 0.1-3 2.82 32.50 35.32 NOTE
r-devel-linux-x86_64-debian-gcc 0.1-3 2.78 32.17 34.96 NOTE
r-devel-linux-x86_64-fedora-clang 0.1-3 73.67 NOTE
r-devel-linux-x86_64-fedora-gcc 0.1-3 69.90 NOTE
r-devel-osx-x86_64-clang 0.1-3 62.66 NOTE
r-devel-windows-ix86+x86_64 0.1-3 10.00 47.00 57.00 NOTE
r-patched-linux-x86_64 0.1-3 2.66 32.77 35.43 NOTE
r-patched-solaris-sparc 0.1-3 416.30 NOTE
r-patched-solaris-x86 0.1-3 98.40 NOTE
r-release-linux-x86_64 0.1-3 2.74 31.83 34.58 NOTE
r-release-osx-x86_64-mavericks 0.1-3 NOTE
r-release-osx-x86_64-snowleopard 0.1-3 ERROR
r-release-windows-ix86+x86_64 0.1-3 6.00 46.00 52.00 NOTE
r-oldrel-windows-ix86+x86_64 0.1-3 14.00 77.00 91.00 NOTE

Check Details

Version: 0.1-3
Check: dependencies in R code
Result: NOTE
    'library' or 'require' call to ‘vegan’ which was already attached by Depends.
     Please remove these calls from your code.
Flavors: r-devel-linux-x86_64-debian-clang, r-devel-linux-x86_64-debian-gcc, r-devel-linux-x86_64-fedora-clang, r-devel-linux-x86_64-fedora-gcc, r-devel-osx-x86_64-clang, r-devel-windows-ix86+x86_64, r-patched-linux-x86_64, r-patched-solaris-sparc, r-patched-solaris-x86, r-release-linux-x86_64, r-release-osx-x86_64-mavericks, r-release-windows-ix86+x86_64

Version: 0.1-3
Check: R code for possible problems
Result: NOTE
    mpmcorrelogram: no visible global function definition for
     ‘mantel.partial’
Flavors: r-devel-linux-x86_64-debian-clang, r-devel-linux-x86_64-debian-gcc, r-devel-linux-x86_64-fedora-clang, r-devel-linux-x86_64-fedora-gcc, r-devel-osx-x86_64-clang, r-devel-windows-ix86+x86_64, r-patched-linux-x86_64, r-patched-solaris-sparc, r-patched-solaris-x86, r-release-linux-x86_64, r-release-osx-x86_64-mavericks, r-release-windows-ix86+x86_64

Version: 0.1-3
Check: package dependencies
Result: ERROR
    Package required but not available: ‘vegan’
    
    See section ‘The DESCRIPTION file’ in the ‘Writing R Extensions’
    manual.
Flavor: r-release-osx-x86_64-snowleopard

Version: 0.1-3
Check: dependencies in R code
Result: NOTE
    'library' or 'require' call to 'vegan' which was already attached by Depends.
     Please remove these calls from your code.
    See the information on DESCRIPTION files in the chapter 'Creating R
    packages' of the 'Writing R Extensions' manual.
Flavor: r-oldrel-windows-ix86+x86_64