CRAN Package Check Results for Package mpmcorrelogram

Last updated on 2015-08-28 10:49:09.

Flavor Version Tinstall Tcheck Ttotal Status Flags
r-devel-linux-x86_64-debian-clang 0.1-3 2.66 31.02 33.67 NOTE
r-devel-linux-x86_64-debian-gcc 0.1-3 2.56 31.18 33.75 NOTE
r-devel-linux-x86_64-fedora-clang 0.1-3 71.27 NOTE
r-devel-linux-x86_64-fedora-gcc 0.1-3 66.17 NOTE
r-devel-osx-x86_64-clang 0.1-3 61.56 NOTE
r-devel-windows-ix86+x86_64 0.1-3 10.00 71.00 81.00 NOTE
r-patched-linux-x86_64 0.1-3 3.01 33.17 36.18 NOTE
r-patched-solaris-sparc 0.1-3 450.60 NOTE
r-patched-solaris-x86 0.1-3 107.80 NOTE
r-release-linux-x86_64 0.1-3 2.71 33.01 35.72 NOTE
r-release-osx-x86_64-mavericks 0.1-3 NOTE
r-release-windows-ix86+x86_64 0.1-3 10.00 55.00 65.00 NOTE
r-oldrel-windows-ix86+x86_64 0.1-3 15.00 75.00 90.00 NOTE

Check Details

Version: 0.1-3
Check: dependencies in R code
Result: NOTE
    'library' or 'require' call to ‘vegan’ which was already attached by Depends.
     Please remove these calls from your code.
Flavors: r-devel-linux-x86_64-debian-clang, r-devel-linux-x86_64-debian-gcc, r-devel-linux-x86_64-fedora-clang, r-devel-linux-x86_64-fedora-gcc, r-devel-osx-x86_64-clang, r-devel-windows-ix86+x86_64, r-patched-linux-x86_64, r-patched-solaris-sparc, r-patched-solaris-x86, r-release-linux-x86_64, r-release-osx-x86_64-mavericks, r-release-windows-ix86+x86_64, r-oldrel-windows-ix86+x86_64

Version: 0.1-3
Check: R code for possible problems
Result: NOTE
    mpmcorrelogram: no visible global function definition for
     ‘mantel.partial’
    Undefined global functions or variables:
     mantel.partial
Flavors: r-devel-linux-x86_64-debian-clang, r-devel-linux-x86_64-debian-gcc, r-devel-linux-x86_64-fedora-clang, r-devel-linux-x86_64-fedora-gcc, r-devel-osx-x86_64-clang, r-devel-windows-ix86+x86_64

Version: 0.1-3
Check: R code for possible problems
Result: NOTE
    mpmcorrelogram: no visible global function definition for
     ‘mantel.partial’
Flavors: r-patched-linux-x86_64, r-patched-solaris-sparc, r-patched-solaris-x86, r-release-linux-x86_64, r-release-osx-x86_64-mavericks, r-release-windows-ix86+x86_64, r-oldrel-windows-ix86+x86_64