CRAN Package Check Results for Package mpmcorrelogram

Last updated on 2014-04-21 01:48:07.

Flavor Version Tinstall Tcheck Ttotal Status Flags
r-devel-linux-x86_64-debian-clang 0.1-3 0.85 12.46 13.30 NOTE
r-devel-linux-x86_64-debian-gcc 0.1-3 0.86 12.69 13.55 NOTE
r-devel-linux-x86_64-fedora-clang 0.1-3 25.92 NOTE
r-devel-linux-x86_64-fedora-gcc 0.1-3 24.61 NOTE
r-devel-macosx-x86_64-clang 0.1-3 27.31 NOTE
r-devel-macosx-x86_64-gcc 0.1-3 ERROR
r-devel-windows-ix86+x86_64 0.1-3 3.00 20.00 23.00 NOTE
r-patched-linux-x86_64 0.1-3 0.90 12.77 13.68 NOTE
r-patched-solaris-sparc 0.1-3 148.80 NOTE
r-patched-solaris-x86 0.1-3 40.00 NOTE
r-release-linux-ix86 NOTE
r-release-linux-x86_64 0.1-3 0.86 12.36 13.22 NOTE
r-release-macosx-x86_64 0.1-3 NOTE
r-release-windows-ix86+x86_64 0.1-3 5.00 23.00 28.00 NOTE
r-oldrel-windows-ix86+x86_64 0.1-3 3.00 25.00 28.00 NOTE

Check Details

Version: 0.1-3
Check: dependencies in R code
Result: NOTE
    'library' or 'require' call to ‘vegan’ which was already attached by Depends.
     Please remove these calls from your code.
    See the information on DESCRIPTION files in the chapter ‘Creating R
    packages’ of the ‘Writing R Extensions’ manual.
Flavors: r-devel-linux-x86_64-debian-clang, r-devel-linux-x86_64-debian-gcc, r-devel-linux-x86_64-fedora-clang, r-devel-linux-x86_64-fedora-gcc, r-devel-macosx-x86_64-clang, r-devel-windows-ix86+x86_64, r-patched-linux-x86_64, r-patched-solaris-sparc, r-patched-solaris-x86, r-release-linux-ix86, r-release-linux-x86_64, r-release-macosx-x86_64, r-release-windows-ix86+x86_64, r-oldrel-windows-ix86+x86_64

Version: 0.1-3
Check: package dependencies
Result: ERROR
    Package required but not available: ‘vegan’
    
    See the information on DESCRIPTION files in the chapter ‘Creating R
    packages’ of the ‘Writing R Extensions’ manual.
Flavor: r-devel-macosx-x86_64-gcc