CRAN Package Check Results for Package mpmcorrelogram

Last updated on 2014-11-23 01:48:08.

Flavor Version Tinstall Tcheck Ttotal Status Flags
r-devel-linux-x86_64-debian-clang 0.1-3 3.75 42.29 46.04 NOTE
r-devel-linux-x86_64-debian-gcc 0.1-3 3.59 41.54 45.13 NOTE
r-devel-linux-x86_64-fedora-clang 0.1-3 107.50 NOTE
r-devel-linux-x86_64-fedora-gcc 0.1-3 101.63 NOTE
r-devel-osx-x86_64-clang 0.1-3 29.22 NOTE
r-devel-windows-ix86+x86_64 0.1-3 10.00 59.00 69.00 NOTE
r-patched-linux-x86_64 0.1-3 3.80 42.64 46.44 NOTE
r-patched-solaris-sparc 0.1-3 148.00 NOTE
r-patched-solaris-x86 0.1-3 149.60 NOTE
r-release-linux-ix86 0.1-3 4.73 55.32 60.04 NOTE
r-release-linux-x86_64 0.1-3 3.75 45.50 49.25 NOTE
r-release-osx-x86_64-mavericks 0.1-3 NOTE
r-release-osx-x86_64-snowleopard 0.1-3 NOTE
r-release-windows-ix86+x86_64 0.1-3 16.00 67.00 83.00 NOTE
r-oldrel-windows-ix86+x86_64 0.1-3 11.00 63.00 74.00 NOTE

Check Details

Version: 0.1-3
Check: dependencies in R code
Result: NOTE
    'library' or 'require' call to ‘vegan’ which was already attached by Depends.
     Please remove these calls from your code.
    See the information on DESCRIPTION files in the chapter ‘Creating R
    packages’ of the ‘Writing R Extensions’ manual.
Flavors: r-devel-linux-x86_64-debian-clang, r-devel-linux-x86_64-debian-gcc, r-devel-linux-x86_64-fedora-clang, r-devel-linux-x86_64-fedora-gcc, r-devel-osx-x86_64-clang, r-devel-windows-ix86+x86_64, r-patched-linux-x86_64, r-patched-solaris-sparc, r-patched-solaris-x86, r-release-linux-ix86, r-release-linux-x86_64, r-release-osx-x86_64-mavericks, r-release-osx-x86_64-snowleopard, r-release-windows-ix86+x86_64, r-oldrel-windows-ix86+x86_64

Version: 0.1-3
Check: R code for possible problems
Result: NOTE
    mpmcorrelogram: no visible global function definition for
     ‘mantel.partial’
Flavors: r-devel-linux-x86_64-debian-clang, r-devel-linux-x86_64-debian-gcc, r-devel-linux-x86_64-fedora-clang, r-devel-linux-x86_64-fedora-gcc, r-devel-osx-x86_64-clang, r-devel-windows-ix86+x86_64, r-patched-linux-x86_64, r-patched-solaris-sparc, r-patched-solaris-x86, r-release-linux-ix86, r-release-linux-x86_64, r-release-windows-ix86+x86_64