CRAN Package Check Results for Package mpmcorrelogram

Last updated on 2015-03-04 13:49:00.

Flavor Version Tinstall Tcheck Ttotal Status Flags
r-devel-linux-x86_64-debian-clang 0.1-3 2.76 32.25 35.02 NOTE
r-devel-linux-x86_64-debian-gcc 0.1-3 2.63 31.46 34.09 NOTE
r-devel-linux-x86_64-fedora-clang 0.1-3 71.90 NOTE
r-devel-linux-x86_64-fedora-gcc 0.1-3 69.99 NOTE
r-devel-osx-x86_64-clang 0.1-3 64.67 NOTE
r-devel-windows-ix86+x86_64 0.1-3 9.00 48.00 57.00 NOTE
r-patched-linux-x86_64 0.1-3 4.00 40.72 44.72 NOTE
r-patched-solaris-sparc 0.1-3 578.80 NOTE
r-patched-solaris-x86 0.1-3 138.70 NOTE
r-release-linux-ix86 0.1-3 4.69 50.53 55.22 NOTE
r-release-linux-x86_64 0.1-3 3.92 40.51 44.44 NOTE
r-release-osx-x86_64-mavericks 0.1-3 NOTE
r-release-osx-x86_64-snowleopard 0.1-3 NOTE
r-release-windows-ix86+x86_64 0.1-3 10.00 61.00 71.00 NOTE
r-oldrel-windows-ix86+x86_64 0.1-3 10.00 67.00 77.00 NOTE

Check Details

Version: 0.1-3
Check: dependencies in R code
Result: NOTE
    'library' or 'require' call to ‘vegan’ which was already attached by Depends.
     Please remove these calls from your code.
Flavors: r-devel-linux-x86_64-debian-clang, r-devel-linux-x86_64-debian-gcc, r-devel-linux-x86_64-fedora-clang, r-devel-linux-x86_64-fedora-gcc, r-devel-osx-x86_64-clang, r-devel-windows-ix86+x86_64, r-patched-linux-x86_64, r-patched-solaris-sparc, r-patched-solaris-x86

Version: 0.1-3
Check: R code for possible problems
Result: NOTE
    mpmcorrelogram: no visible global function definition for
     ‘mantel.partial’
Flavors: r-devel-linux-x86_64-debian-clang, r-devel-linux-x86_64-debian-gcc, r-devel-linux-x86_64-fedora-clang, r-devel-linux-x86_64-fedora-gcc, r-devel-osx-x86_64-clang, r-devel-windows-ix86+x86_64, r-patched-linux-x86_64, r-patched-solaris-sparc, r-patched-solaris-x86, r-release-linux-ix86, r-release-linux-x86_64, r-release-osx-x86_64-mavericks, r-release-windows-ix86+x86_64

Version: 0.1-3
Check: dependencies in R code
Result: NOTE
    'library' or 'require' call to ‘vegan’ which was already attached by Depends.
     Please remove these calls from your code.
    See the information on DESCRIPTION files in the chapter ‘Creating R
    packages’ of the ‘Writing R Extensions’ manual.
Flavors: r-release-linux-ix86, r-release-linux-x86_64, r-release-osx-x86_64-mavericks, r-release-osx-x86_64-snowleopard, r-release-windows-ix86+x86_64, r-oldrel-windows-ix86+x86_64