CRAN Package Check Results for Package mpmcorrelogram

Last updated on 2015-01-31 13:48:28.

Flavor Version Tinstall Tcheck Ttotal Status Flags
r-devel-linux-x86_64-debian-clang 0.1-3 2.72 31.59 34.32 NOTE
r-devel-linux-x86_64-debian-gcc 0.1-3 2.65 31.49 34.14 NOTE
r-devel-linux-x86_64-fedora-clang 0.1-3 97.98 NOTE
r-devel-linux-x86_64-fedora-gcc 0.1-3 93.92 NOTE
r-devel-osx-x86_64-clang 0.1-3 84.67 NOTE
r-devel-windows-ix86+x86_64 0.1-3 10.00 42.00 52.00 NOTE
r-patched-linux-x86_64 0.1-3 4.92 40.58 45.50 NOTE
r-patched-solaris-sparc 0.1-3 622.40 NOTE
r-patched-solaris-x86 0.1-3 138.90 NOTE
r-release-linux-ix86 0.1-3 4.05 50.82 54.87 NOTE
r-release-linux-x86_64 0.1-3 3.68 39.94 43.62 NOTE
r-release-osx-x86_64-mavericks 0.1-3 NOTE
r-release-osx-x86_64-snowleopard 0.1-3 NOTE
r-release-windows-ix86+x86_64 0.1-3 11.00 64.00 75.00 NOTE
r-oldrel-windows-ix86+x86_64 0.1-3 11.00 60.00 71.00 NOTE

Check Details

Version: 0.1-3
Check: dependencies in R code
Result: NOTE
    'library' or 'require' call to ‘vegan’ which was already attached by Depends.
     Please remove these calls from your code.
Flavors: r-devel-linux-x86_64-debian-clang, r-devel-linux-x86_64-debian-gcc, r-devel-linux-x86_64-fedora-clang, r-devel-linux-x86_64-fedora-gcc, r-devel-osx-x86_64-clang, r-devel-windows-ix86+x86_64

Version: 0.1-3
Check: R code for possible problems
Result: NOTE
    mpmcorrelogram: no visible global function definition for
     ‘mantel.partial’
Flavors: r-devel-linux-x86_64-debian-clang, r-devel-linux-x86_64-debian-gcc, r-devel-linux-x86_64-fedora-clang, r-devel-linux-x86_64-fedora-gcc, r-devel-osx-x86_64-clang, r-devel-windows-ix86+x86_64, r-patched-linux-x86_64, r-patched-solaris-sparc, r-patched-solaris-x86, r-release-linux-ix86, r-release-linux-x86_64, r-release-osx-x86_64-mavericks, r-release-windows-ix86+x86_64

Version: 0.1-3
Check: dependencies in R code
Result: NOTE
    'library' or 'require' call to ‘vegan’ which was already attached by Depends.
     Please remove these calls from your code.
    See the information on DESCRIPTION files in the chapter ‘Creating R
    packages’ of the ‘Writing R Extensions’ manual.
Flavors: r-patched-linux-x86_64, r-patched-solaris-sparc, r-patched-solaris-x86, r-release-linux-ix86, r-release-linux-x86_64, r-release-osx-x86_64-mavericks, r-release-osx-x86_64-snowleopard, r-release-windows-ix86+x86_64, r-oldrel-windows-ix86+x86_64