CRAN Package Check Results for Package mpmcorrelogram

Last updated on 2017-04-26 09:47:46.

Flavor Version Tinstall Tcheck Ttotal Status Flags
r-devel-linux-x86_64-debian-clang 0.1-3 2.44 32.74 35.18 NOTE
r-devel-linux-x86_64-debian-gcc 0.1-3 2.50 32.70 35.20 NOTE
r-devel-linux-x86_64-fedora-clang 0.1-3 93.55 NOTE --no-stop-on-test-error
r-devel-linux-x86_64-fedora-gcc 0.1-3 78.74 NOTE --no-stop-on-test-error
r-devel-windows-ix86+x86_64 0.1-3 11.00 60.00 71.00 NOTE
r-patched-linux-x86_64 0.1-3 2.43 31.86 34.29 NOTE
r-patched-solaris-sparc 0.1-3 457.80 NOTE
r-patched-solaris-x86 0.1-3 115.80 NOTE
r-release-linux-x86_64 0.1-3 2.45 31.84 34.29 NOTE
r-release-windows-ix86+x86_64 0.1-3 8.00 62.00 70.00 NOTE
r-release-osx-x86_64 0.1-3 NOTE
r-oldrel-windows-ix86+x86_64 0.1-3 5.00 74.00 79.00 NOTE
r-oldrel-osx-x86_64 0.1-3 NOTE

Check Details

Version: 0.1-3
Check: dependencies in R code
Result: NOTE
    'library' or 'require' call to ‘vegan’ which was already attached by Depends.
     Please remove these calls from your code.
Flavors: r-devel-linux-x86_64-debian-clang, r-devel-linux-x86_64-debian-gcc, r-devel-windows-ix86+x86_64, r-patched-linux-x86_64, r-patched-solaris-sparc, r-patched-solaris-x86, r-release-linux-x86_64, r-release-windows-ix86+x86_64, r-release-osx-x86_64, r-oldrel-windows-ix86+x86_64, r-oldrel-osx-x86_64

Version: 0.1-3
Check: R code for possible problems
Result: NOTE
    mpmcorrelogram: no visible global function definition for
     ‘mantel.partial’
    Undefined global functions or variables:
     mantel.partial
Flavors: r-devel-linux-x86_64-debian-clang, r-devel-linux-x86_64-debian-gcc, r-devel-windows-ix86+x86_64, r-patched-linux-x86_64, r-patched-solaris-sparc, r-patched-solaris-x86, r-release-linux-x86_64, r-release-windows-ix86+x86_64, r-release-osx-x86_64, r-oldrel-windows-ix86+x86_64, r-oldrel-osx-x86_64

Version: 0.1-3
Flags: --no-stop-on-test-error
Check: dependencies in R code
Result: NOTE
    'library' or 'require' call to ‘vegan’ which was already attached by Depends.
     Please remove these calls from your code.
Flavors: r-devel-linux-x86_64-fedora-clang, r-devel-linux-x86_64-fedora-gcc

Version: 0.1-3
Flags: --no-stop-on-test-error
Check: R code for possible problems
Result: NOTE
    mpmcorrelogram: no visible global function definition for
     ‘mantel.partial’
    Undefined global functions or variables:
     mantel.partial
Flavors: r-devel-linux-x86_64-fedora-clang, r-devel-linux-x86_64-fedora-gcc