CRAN Package Check Results for Package mpmcorrelogram

Last updated on 2016-06-26 11:48:17.

Flavor Version Tinstall Tcheck Ttotal Status Flags
r-devel-linux-x86_64-debian-gcc 0.1-3 2.66 33.16 35.81 NOTE
r-devel-linux-x86_64-fedora-clang 0.1-3 77.87 NOTE
r-devel-linux-x86_64-fedora-gcc 0.1-3 64.55 NOTE
r-devel-osx-x86_64-clang 0.1-3 50.56 NOTE
r-devel-windows-ix86+x86_64 0.1-3 9.00 59.00 68.00 NOTE
r-patched-linux-x86_64 0.1-3 3.30 33.18 36.47 NOTE
r-patched-solaris-sparc 0.1-3 377.40 NOTE
r-patched-solaris-x86 0.1-3 95.70 NOTE
r-release-linux-x86_64 0.1-3 2.71 33.45 36.16 NOTE
r-release-osx-x86_64-mavericks 0.1-3 NOTE
r-release-windows-ix86+x86_64 0.1-3 7.00 57.00 64.00 NOTE
r-oldrel-windows-ix86+x86_64 0.1-3 11.00 64.00 75.00 NOTE

Check Details

Version: 0.1-3
Check: dependencies in R code
Result: NOTE
    'library' or 'require' call to ‘vegan’ which was already attached by Depends.
     Please remove these calls from your code.
Flavors: r-devel-linux-x86_64-debian-gcc, r-devel-linux-x86_64-fedora-clang, r-devel-linux-x86_64-fedora-gcc, r-devel-osx-x86_64-clang, r-devel-windows-ix86+x86_64, r-patched-linux-x86_64, r-patched-solaris-sparc, r-patched-solaris-x86, r-release-linux-x86_64, r-release-osx-x86_64-mavericks, r-release-windows-ix86+x86_64, r-oldrel-windows-ix86+x86_64

Version: 0.1-3
Check: R code for possible problems
Result: NOTE
    mpmcorrelogram: no visible global function definition for
     ‘mantel.partial’
    Undefined global functions or variables:
     mantel.partial
Flavors: r-devel-linux-x86_64-debian-gcc, r-devel-linux-x86_64-fedora-clang, r-devel-linux-x86_64-fedora-gcc, r-devel-osx-x86_64-clang, r-devel-windows-ix86+x86_64, r-patched-linux-x86_64, r-patched-solaris-sparc, r-patched-solaris-x86, r-release-linux-x86_64, r-release-osx-x86_64-mavericks, r-release-windows-ix86+x86_64

Version: 0.1-3
Check: R code for possible problems
Result: NOTE
    mpmcorrelogram: no visible global function definition for
     'mantel.partial'
Flavor: r-oldrel-windows-ix86+x86_64