CRAN Package Check Results for Package mpmcorrelogram

Last updated on 2014-12-18 23:47:53.

Flavor Version Tinstall Tcheck Ttotal Status Flags
r-devel-linux-x86_64-debian-clang 0.1-3 3.64 42.74 46.38 NOTE
r-devel-linux-x86_64-debian-gcc 0.1-3 3.64 41.99 45.64 NOTE
r-devel-linux-x86_64-fedora-clang 0.1-3 107.02 NOTE
r-devel-linux-x86_64-fedora-gcc 0.1-3 99.99 NOTE
r-devel-osx-x86_64-clang 0.1-3 95.60 NOTE
r-devel-windows-ix86+x86_64 0.1-3 11.00 61.00 72.00 NOTE
r-patched-linux-x86_64 0.1-3 3.84 42.30 46.14 NOTE
r-patched-solaris-sparc 0.1-3 148.00 NOTE
r-patched-solaris-x86 0.1-3 160.50 NOTE
r-release-linux-ix86 0.1-3 4.54 54.78 59.32 NOTE
r-release-linux-x86_64 0.1-3 3.79 43.12 46.91 NOTE
r-release-osx-x86_64-mavericks 0.1-3 NOTE
r-release-osx-x86_64-snowleopard 0.1-3 NOTE
r-release-windows-ix86+x86_64 0.1-3 9.00 65.00 74.00 NOTE
r-oldrel-windows-ix86+x86_64 0.1-3 10.00 64.00 74.00 NOTE

Check Details

Version: 0.1-3
Check: dependencies in R code
Result: NOTE
    'library' or 'require' call to ‘vegan’ which was already attached by Depends.
     Please remove these calls from your code.
    See the information on DESCRIPTION files in the chapter ‘Creating R
    packages’ of the ‘Writing R Extensions’ manual.
Flavors: r-devel-linux-x86_64-debian-clang, r-devel-linux-x86_64-debian-gcc, r-devel-linux-x86_64-fedora-clang, r-devel-linux-x86_64-fedora-gcc, r-devel-osx-x86_64-clang, r-devel-windows-ix86+x86_64, r-patched-linux-x86_64, r-patched-solaris-sparc, r-patched-solaris-x86, r-release-linux-ix86, r-release-linux-x86_64, r-release-osx-x86_64-mavericks, r-release-osx-x86_64-snowleopard, r-release-windows-ix86+x86_64, r-oldrel-windows-ix86+x86_64

Version: 0.1-3
Check: R code for possible problems
Result: NOTE
    mpmcorrelogram: no visible global function definition for
     ‘mantel.partial’
Flavors: r-devel-linux-x86_64-debian-clang, r-devel-linux-x86_64-debian-gcc, r-devel-linux-x86_64-fedora-clang, r-devel-linux-x86_64-fedora-gcc, r-devel-osx-x86_64-clang, r-devel-windows-ix86+x86_64, r-patched-linux-x86_64, r-patched-solaris-sparc, r-patched-solaris-x86, r-release-linux-ix86, r-release-linux-x86_64, r-release-windows-ix86+x86_64