CRAN Package Check Results for Package mpmcorrelogram

Last updated on 2017-10-18 03:48:23.

Flavor Version Tinstall Tcheck Ttotal Status Flags
r-devel-linux-x86_64-debian-clang 0.1-3 2.94 31.76 34.71 NOTE
r-devel-linux-x86_64-debian-gcc 0.1-3 2.77 37.94 40.71 NOTE
r-devel-linux-x86_64-fedora-clang 0.1-3 82.98 NOTE
r-devel-linux-x86_64-fedora-gcc 0.1-3 80.25 NOTE
r-devel-windows-ix86+x86_64 0.1-3 8.00 54.00 62.00 NOTE
r-patched-linux-x86_64 0.1-3 2.44 31.46 33.90 NOTE
r-patched-solaris-x86 0.1-3 119.00 NOTE
r-release-linux-x86_64 0.1-3 2.53 31.54 34.07 NOTE
r-release-windows-ix86+x86_64 0.1-3 9.00 60.00 69.00 NOTE
r-release-osx-x86_64 0.1-3 NOTE
r-oldrel-windows-ix86+x86_64 0.1-3 8.00 71.00 79.00 NOTE
r-oldrel-osx-x86_64 0.1-3 NOTE

Check Details

Version: 0.1-3
Check: dependencies in R code
Result: NOTE
    'library' or 'require' call to ‘vegan’ which was already attached by Depends.
     Please remove these calls from your code.
Flavors: r-devel-linux-x86_64-debian-clang, r-devel-linux-x86_64-debian-gcc, r-devel-linux-x86_64-fedora-clang, r-devel-linux-x86_64-fedora-gcc, r-devel-windows-ix86+x86_64, r-patched-linux-x86_64, r-patched-solaris-x86, r-release-linux-x86_64, r-release-windows-ix86+x86_64, r-release-osx-x86_64, r-oldrel-windows-ix86+x86_64, r-oldrel-osx-x86_64

Version: 0.1-3
Check: R code for possible problems
Result: NOTE
    mpmcorrelogram: no visible global function definition for
     ‘mantel.partial’
    Undefined global functions or variables:
     mantel.partial
Flavors: r-devel-linux-x86_64-debian-clang, r-devel-linux-x86_64-debian-gcc, r-devel-linux-x86_64-fedora-clang, r-devel-linux-x86_64-fedora-gcc, r-devel-windows-ix86+x86_64, r-patched-linux-x86_64, r-patched-solaris-x86, r-release-linux-x86_64, r-release-windows-ix86+x86_64, r-release-osx-x86_64, r-oldrel-windows-ix86+x86_64, r-oldrel-osx-x86_64