CRAN Package Check Results for Package mpoly

Last updated on 2015-01-29 23:48:20.

Flavor Version Tinstall Tcheck Ttotal Status Flags
r-devel-linux-x86_64-debian-clang 0.0.5 1.92 26.10 28.02 NOTE
r-devel-linux-x86_64-debian-gcc 0.0.5 1.89 24.99 26.88 NOTE
r-devel-linux-x86_64-fedora-clang 0.0.5 61.50 NOTE
r-devel-linux-x86_64-fedora-gcc 0.0.5 58.28 NOTE
r-devel-osx-x86_64-clang 0.0.5 62.46 NOTE
r-devel-windows-ix86+x86_64 0.0.5 9.00 39.00 48.00 OK
r-patched-linux-x86_64 0.0.5 2.42 31.32 33.74 OK
r-patched-solaris-sparc 0.0.5 402.50 OK
r-patched-solaris-x86 0.0.5 101.70 OK
r-release-linux-ix86 0.0.5 2.88 38.48 41.36 OK
r-release-linux-x86_64 0.0.5 2.51 31.65 34.16 OK
r-release-osx-x86_64-mavericks 0.0.5 OK
r-release-osx-x86_64-snowleopard 0.0.5 OK
r-release-windows-ix86+x86_64 0.0.5 8.00 52.00 60.00 OK
r-oldrel-windows-ix86+x86_64 0.0.5 9.00 51.00 60.00 OK

Check Details

Version: 0.0.5
Check: S3 generic/method consistency
Result: NOTE
    Found the following apparent S3 methods exported but not registered:
     deriv.mpoly +.mpoly +.mpolyList -.mpoly -.mpolyList
    See section ‘Registering S3 methods’ in the ‘Writing R Extensions’
    manual.
Flavors: r-devel-linux-x86_64-debian-clang, r-devel-linux-x86_64-debian-gcc, r-devel-linux-x86_64-fedora-clang, r-devel-linux-x86_64-fedora-gcc, r-devel-osx-x86_64-clang