CRAN Package Check Results for Package mpoly

Last updated on 2015-04-02 05:49:41.

Flavor Version Tinstall Tcheck Ttotal Status Flags
r-devel-linux-x86_64-debian-clang 0.0.5 1.54 22.88 24.42 NOTE
r-devel-linux-x86_64-debian-gcc 0.0.5 1.48 23.57 25.06 NOTE
r-devel-linux-x86_64-fedora-clang 0.0.5 51.35 NOTE
r-devel-linux-x86_64-fedora-gcc 0.0.5 55.98 NOTE
r-devel-osx-x86_64-clang 0.0.5 54.67 NOTE
r-prerel-windows-ix86+x86_64 0.0.5 5.00 34.00 39.00 OK
r-prerel-linux-x86_64 0.0.5 1.52 22.72 24.25 NOTE
r-prerel-solaris-sparc 0.0.5 315.00 OK
r-prerel-solaris-x86 0.0.5 72.50 OK
r-release-linux-x86_64 0.0.5 2.43 31.84 34.28 OK
r-release-osx-x86_64-mavericks 0.0.5 OK
r-release-osx-x86_64-snowleopard 0.0.5 OK
r-release-windows-ix86+x86_64 0.0.5 10.00 52.00 62.00 OK
r-oldrel-windows-ix86+x86_64 0.0.5 8.00 56.00 64.00 OK

Check Details

Version: 0.0.5
Check: S3 generic/method consistency
Result: NOTE
    Found the following apparent S3 methods exported but not registered:
     +.mpoly +.mpolyList -.mpoly -.mpolyList deriv.mpoly
    See section ‘Registering S3 methods’ in the ‘Writing R Extensions’
    manual.
Flavors: r-devel-linux-x86_64-debian-clang, r-devel-linux-x86_64-debian-gcc, r-devel-linux-x86_64-fedora-clang, r-devel-linux-x86_64-fedora-gcc, r-devel-osx-x86_64-clang, r-prerel-linux-x86_64