CRAN Package Check Results for Package mpoly

Last updated on 2017-06-23 03:48:55.

Flavor Version Tinstall Tcheck Ttotal Status Flags
r-devel-linux-x86_64-debian-clang 1.0.4 1.79 49.82 51.62 OK
r-devel-linux-x86_64-debian-gcc 1.0.5 1.68 46.59 48.27 OK
r-devel-linux-x86_64-fedora-clang 1.0.5 88.50 OK
r-devel-linux-x86_64-fedora-gcc 1.0.5 86.67 OK
r-devel-windows-ix86+x86_64 1.0.4 7.00 85.00 92.00 OK
r-patched-linux-x86_64 1.0.4 1.84 47.56 49.39 OK
r-patched-solaris-sparc 1.0.4 552.60 OK
r-patched-solaris-x86 1.0.5 104.60 OK
r-release-linux-x86_64 1.0.5 1.71 46.63 48.34 OK
r-release-windows-ix86+x86_64 1.0.4 10.00 93.00 103.00 OK
r-release-osx-x86_64 1.0.4 ERROR
r-oldrel-windows-ix86+x86_64 1.0.5 14.00 102.00 116.00 OK
r-oldrel-osx-x86_64 1.0.5 OK

Check Details

Version: 1.0.4
Check: package dependencies
Result: ERROR
    Package required but not available: ‘partitions’
    
    See section ‘The DESCRIPTION file’ in the ‘Writing R Extensions’
    manual.
Flavor: r-release-osx-x86_64