CRAN Package Check Results for Package mpt

Last updated on 2015-08-05 11:48:05.

Flavor Version Tinstall Tcheck Ttotal Status Flags
r-devel-linux-x86_64-debian-clang 0.5-1 0.73 20.32 21.05 NOTE
r-devel-linux-x86_64-debian-gcc 0.5-1 0.63 19.35 19.98 NOTE
r-devel-linux-x86_64-fedora-clang 0.5-1 42.12 NOTE
r-devel-linux-x86_64-fedora-gcc 0.5-1 39.28 NOTE
r-devel-osx-x86_64-clang 0.5-1 38.92 OK
r-devel-windows-ix86+x86_64 0.5-1 3.00 35.00 38.00 NOTE
r-patched-linux-x86_64 0.5-1 0.62 19.69 20.31 OK
r-patched-solaris-sparc 0.5-1 283.00 OK
r-patched-solaris-x86 0.5-1 55.40 OK
r-release-linux-x86_64 0.5-1 0.62 20.67 21.29 OK
r-release-osx-x86_64-mavericks 0.5-1 OK
r-release-windows-ix86+x86_64 0.5-1 3.00 36.00 39.00 OK
r-oldrel-windows-ix86+x86_64 0.5-1 5.00 33.00 38.00 OK

Check Details

Version: 0.5-1
Check: R code for possible problems
Result: NOTE
    mptspec: no visible global function definition for ‘getParseData’
    mptspec : <anonymous>: no visible global function definition for
     ‘getParseData’
    plot.mpt: no visible global function definition for ‘plot’
    plot.mpt: no visible global function definition for ‘abline’
    plot.mpt: no visible global function definition for ‘text’
    plot.mpt: no visible global function definition for ‘panel.smooth’
    Undefined global functions or variables:
     abline getParseData panel.smooth plot text
    Consider adding
     importFrom("graphics", "abline", "panel.smooth", "plot", "text")
     importFrom("utils", "getParseData")
    to your NAMESPACE.
Flavors: r-devel-linux-x86_64-debian-clang, r-devel-linux-x86_64-debian-gcc, r-devel-linux-x86_64-fedora-clang, r-devel-linux-x86_64-fedora-gcc, r-devel-windows-ix86+x86_64