CRAN Package Check Results for Package mpt

Last updated on 2015-07-05 03:47:33.

Flavor Version Tinstall Tcheck Ttotal Status Flags
r-devel-linux-x86_64-debian-clang 0.5-1 0.75 20.07 20.82 NOTE
r-devel-linux-x86_64-debian-gcc 0.5-1 0.59 19.44 20.04 NOTE
r-devel-linux-x86_64-fedora-clang 0.5-1 42.64 NOTE
r-devel-linux-x86_64-fedora-gcc 0.5-1 40.61 NOTE
r-devel-osx-x86_64-clang 0.5-1 40.32 OK
r-devel-windows-ix86+x86_64 0.5-1 3.00 48.00 51.00 NOTE
r-patched-linux-x86_64 0.5-1 0.61 19.86 20.47 OK
r-patched-solaris-sparc 0.5-1 274.10 OK
r-patched-solaris-x86 0.5-1 56.60 OK
r-release-linux-x86_64 0.5-1 0.71 19.86 20.58 OK
r-release-osx-x86_64-mavericks 0.5-1 OK
r-release-windows-ix86+x86_64 0.5-1 3.00 36.00 39.00 OK
r-oldrel-windows-ix86+x86_64 0.5-1 5.00 33.00 38.00 OK

Check Details

Version: 0.5-1
Check: R code for possible problems
Result: NOTE
    mptspec: no visible global function definition for ‘getParseData’
    mptspec : <anonymous>: no visible global function definition for
     ‘getParseData’
    plot.mpt: no visible global function definition for ‘plot’
    plot.mpt: no visible global function definition for ‘abline’
    plot.mpt: no visible global function definition for ‘text’
    plot.mpt: no visible global function definition for ‘panel.smooth’
    Undefined global functions or variables:
     abline getParseData panel.smooth plot text
Flavors: r-devel-linux-x86_64-debian-clang, r-devel-linux-x86_64-debian-gcc, r-devel-linux-x86_64-fedora-clang, r-devel-linux-x86_64-fedora-gcc, r-devel-windows-ix86+x86_64