CRAN Package Check Results for Package mra

Last updated on 2017-10-17 19:48:01.

Flavor Version Tinstall Tcheck Ttotal Status Flags
r-devel-linux-x86_64-debian-clang 2.16.10 2.58 30.19 32.77 WARN
r-devel-linux-x86_64-debian-gcc 2.16.10 3.02 30.67 33.69 WARN
r-devel-linux-x86_64-fedora-clang 2.16.10 61.72 WARN
r-devel-linux-x86_64-fedora-gcc 2.16.10 59.57 WARN
r-devel-windows-ix86+x86_64 2.16.10 15.00 71.00 86.00 OK
r-patched-linux-x86_64 2.16.10 2.66 29.24 31.90 WARN
r-patched-solaris-x86 2.16.10 73.40 OK
r-release-linux-x86_64 2.16.10 2.48 29.87 32.35 WARN
r-release-windows-ix86+x86_64 2.16.10 19.00 72.00 91.00 OK
r-release-osx-x86_64 2.16.10 WARN
r-oldrel-windows-ix86+x86_64 2.16.10 18.00 93.00 111.00 OK
r-oldrel-osx-x86_64 2.16.10 WARN

Check Details

Version: 2.16.10
Check: whether package can be installed
Result: WARN
    Found the following significant warnings:
     Warning: Pointer at (1) in pointer assignment might outlive the pointer target [-Wtarget-lifetime]
Flavors: r-devel-linux-x86_64-debian-clang, r-devel-linux-x86_64-debian-gcc, r-devel-linux-x86_64-fedora-clang, r-devel-linux-x86_64-fedora-gcc, r-patched-linux-x86_64, r-release-linux-x86_64, r-release-osx-x86_64

Version: 2.16.10
Check: whether package can be installed
Result: WARN
    Found the following significant warnings:
     Warning: Pointer at (1) in pointer assignment might outlive the pointer target
Flavor: r-oldrel-osx-x86_64