CRAN Package Check Results for Package mra

Last updated on 2015-05-22 12:46:31.

Flavor Version Tinstall Tcheck Ttotal Status Flags
r-devel-linux-x86_64-debian-clang 2.16.4 3.53 20.15 23.68 OK
r-devel-linux-x86_64-debian-gcc 2.16.4 3.73 19.46 23.19 OK
r-devel-linux-x86_64-fedora-gcc 2.16.4 40.91 OK
r-devel-osx-x86_64-clang 2.16.4 42.48 OK
r-devel-windows-ix86+x86_64 2.16.4 16.00 51.00 67.00 OK
r-patched-linux-x86_64 2.16.4 3.58 19.96 23.54 OK
r-patched-solaris-sparc 2.16.4 239.10 OK
r-patched-solaris-x86 2.16.4 62.40 OK
r-release-linux-x86_64 2.16.4 3.42 20.78 24.20 OK
r-release-osx-x86_64-mavericks 2.16.4 WARN
r-release-osx-x86_64-snowleopard 2.16.4 OK
r-release-windows-ix86+x86_64 2.16.4 13.00 56.00 69.00 OK
r-oldrel-windows-ix86+x86_64 2.16.4 11.00 49.00 60.00 OK

Check Details

Version: 2.16.4
Check: whether package can be installed
Result: WARN
    Found the following significant warnings:
     Warning: Pointer at (1) in pointer assignment might outlive the pointer target
     Warning: Possible change of value in conversion from REAL(4) to INTEGER(4) at (1)
Flavor: r-release-osx-x86_64-mavericks