CRAN Package Check Results for Package mra

Last updated on 2015-04-27 19:47:20.

Flavor Version Tinstall Tcheck Ttotal Status Flags
r-devel-linux-x86_64-debian-clang 2.16.4 3.44 20.08 23.52 OK
r-devel-linux-x86_64-debian-gcc 2.16.4 3.73 19.82 23.55 OK
r-devel-linux-x86_64-fedora-clang 2.16.4 43.25 OK
r-devel-linux-x86_64-fedora-gcc 2.16.4 40.49 OK
r-devel-osx-x86_64-clang 2.16.4 41.49 OK
r-devel-windows-ix86+x86_64 2.16.4 14.00 47.00 61.00 OK
r-patched-linux-x86_64 2.16.4 3.78 20.00 23.78 OK
r-patched-solaris-sparc 2.16.4 239.10 OK
r-patched-solaris-x86 2.16.4 61.60 OK
r-release-linux-x86_64 2.16.4 4.06 20.23 24.29 OK
r-release-osx-x86_64-mavericks 2.16.4 WARN
r-release-osx-x86_64-snowleopard 2.16.4 OK
r-release-windows-ix86+x86_64 2.16.4 13.00 56.00 69.00 OK
r-oldrel-windows-ix86+x86_64 2.16.4 11.00 49.00 60.00 OK

Check Details

Version: 2.16.4
Check: whether package can be installed
Result: WARN
    Found the following significant warnings:
     Warning: Pointer at (1) in pointer assignment might outlive the pointer target
     Warning: Possible change of value in conversion from REAL(4) to INTEGER(4) at (1)
Flavor: r-release-osx-x86_64-mavericks