CRAN Package Check Results for Package mra

Last updated on 2017-12-15 04:47:28 CET.

Flavor Version Tinstall Tcheck Ttotal Status Flags
r-devel-linux-x86_64-debian-clang 2.16.10 3.17 21.73 24.90 FAIL
r-devel-linux-x86_64-debian-gcc 2.16.10 2.57 37.28 39.85 WARN
r-devel-linux-x86_64-fedora-clang 2.16.10 62.53 WARN
r-devel-linux-x86_64-fedora-gcc 2.16.10 58.50 WARN
r-devel-windows-ix86+x86_64 2.16.10 20.00 85.00 105.00 OK
r-patched-linux-x86_64 2.16.10 2.96 46.86 49.82 WARN
r-patched-solaris-x86 2.16.10 72.90 OK
r-release-linux-x86_64 2.16.10 3.29 45.32 48.61 WARN
r-release-windows-ix86+x86_64 2.16.10 13.00 74.00 87.00 OK
r-release-osx-x86_64 2.16.10 WARN
r-oldrel-windows-ix86+x86_64 2.16.10 18.00 94.00 112.00 OK
r-oldrel-osx-x86_64 2.16.10 WARN

Check Details

Version: 2.16.10
Check: whether package can be installed
Result: WARN
    Found the following significant warnings:
     Warning: Pointer at (1) in pointer assignment might outlive the pointer target [-Wtarget-lifetime]
Flavors: r-devel-linux-x86_64-debian-clang, r-devel-linux-x86_64-debian-gcc, r-devel-linux-x86_64-fedora-clang, r-devel-linux-x86_64-fedora-gcc, r-patched-linux-x86_64, r-release-linux-x86_64, r-release-osx-x86_64

Version: 2.16.10
Check: pragmas in C/C++ headers and code
Result: FAIL
    
Flavor: r-devel-linux-x86_64-debian-clang

Version: 2.16.10
Check: whether package can be installed
Result: WARN
    Found the following significant warnings:
     Warning: Pointer at (1) in pointer assignment might outlive the pointer target
Flavor: r-oldrel-osx-x86_64