CRAN Package Check Results for Package mra

Last updated on 2014-04-18 20:48:03.

Flavor Version Tinstall Tcheck Ttotal Status Flags
r-devel-linux-x86_64-debian-clang 2.13 3.89 17.40 21.29 NOTE
r-devel-linux-x86_64-debian-gcc NOTE
r-devel-linux-x86_64-fedora-clang 2.13 37.75 NOTE
r-devel-linux-x86_64-fedora-gcc 2.13 35.64 NOTE
r-devel-macosx-x86_64-clang 2.13 37.99 NOTE
r-devel-macosx-x86_64-gcc 2.13 NOTE
r-devel-windows-ix86+x86_64 2.13 13.00 34.00 47.00 NOTE
r-patched-linux-x86_64 2.13 3.87 17.43 21.30 NOTE
r-patched-solaris-sparc 2.13 225.10 NOTE
r-patched-solaris-x86 2.13 56.20 NOTE
r-release-linux-ix86 2.13 8.00 33.00 41.00 NOTE
r-release-linux-x86_64 2.13 3.90 16.88 20.78 NOTE
r-release-windows-ix86+x86_64 2.13 20.00 46.00 66.00 NOTE
r-oldrel-windows-ix86+x86_64 2.13 13.00 36.00 49.00 NOTE

Check Details

Version: 2.13
Check: compiled code
Result: NOTE
    File ‘/home/hornik/tmp/R.check/r-devel-clang/Work/build/Packages/mra/libs/mra.so’:
     Found ‘_gfortran_st_write’, possibly from ‘write’ (Fortran), ‘print’
     (Fortran)
     Object: ‘Mrawin.o’
    
    Compiled code should not call entry points which might terminate R nor
    write to stdout/stderr instead of to the console.
    
    See ‘Writing portable packages’ in the ‘Writing R Extensions’ manual.
Flavor: r-devel-linux-x86_64-debian-clang

Version: 2.13
Check: compiled code
Result: NOTE
    File ‘/home/hornik/tmp/R.check/r-devel-gcc/Work/build/Packages/mra/libs/mra.so’:
     Found ‘_gfortran_st_write’, possibly from ‘write’ (Fortran), ‘print’
     (Fortran)
     Object: ‘Mrawin.o’
    
    Compiled code should not call entry points which might terminate R nor
    write to stdout/stderr instead of to the console.
    
    See ‘Writing portable packages’ in the ‘Writing R Extensions’ manual.
Flavor: r-devel-linux-x86_64-debian-gcc

Version: 2.13
Check: top-level files
Result: NOTE
    Non-standard file/directory found at top level:
     ‘desktop.ini’
Flavors: r-devel-linux-x86_64-fedora-clang, r-devel-linux-x86_64-fedora-gcc

Version: 2.13
Check: Rd line widths
Result: NOTE
    Rd file 'F.cjs.estim.Rd':
     \usage lines wider than 90 characters:
     c.hat = -1, df = NA, intervals=rep(1,ncol(histories)-1), conf=0.95, link="logit", control=mra.control())
     \examples lines wider than 100 characters:
     for(j in 1:ncol(dipper.histories)){ assign(paste("x",j,sep=""), xy$x[,,j]) } # Extract 2-D matrices of 0s and 1s
    
    Rd file 'F.cjs.simulate.Rd':
     \usage lines wider than 90 characters:
     F.cjs.simulate(super.p, super.s, fit, N1 = 1000, births.per.indiv = "constant.popln", R = 100)
     \examples lines wider than 100 characters:
     sim.list <- F.cjs.simulate( rep(0.3,ns), rep(0.9,ns-1), N1=N, R=100 ) # should do at least R = 500, but takes a while...
     plot( 1:10, colMeans(results, na.rm=TRUE), xlab="Occasion", ylab="Mean population estimate", col="red", type="b")
     plot( 1:length(mean.N), mean.N, ylim=range(c(mean.N,N),na.rm=TRUE), xlab="Occasion", ylab="Mean population estimate", col="red", type=" ... [TRUNCATED]
     fit <- F.cjs.estim( ~tvar(ct,nan=nrow(x$hists),drop=c(1,2)), ~tvar(ct,nan=nrow(x$hists),drop=c(1,6,7)),
     plot( 1:length(mean.N), mean.N, ylim=range(c(mean.N,N),na.rm=TRUE), xlab="Occasion", ylab="Mean population estimate", col="red", type=" ... [TRUNCATED]
    
    Rd file 'F.cr.model.avg.Rd':
     \examples lines wider than 100 characters:
     dipper.02 <- F.cjs.estim( ~tvar(ct,drop=c(1,2)), ~tvar(cT, nan=nrow(dipper.histories)), dipper.histories )
    
    Rd file 'F.fit.table.Rd':
     \examples lines wider than 100 characters:
     dipr.02 <- F.cjs.estim( ~tvar(ct,drop=c(1,2)), ~tvar(cT, nan=nrow(dipper.histories)), dipper.histories )
    
    Rd file 'F.step.cjs.Rd':
     \usage lines wider than 90 characters:
     F.step.cjs(cap.covars, surv.covars, fit.crit = "qaicc", signif.drop = 0, signif.increase = 0, plot = TRUE, ...)
     \examples lines wider than 100 characters:
     final.fit <- F.step.cjs( cap.vars, surv.vars, histories=ch, control=mra.control(maxfn=500, cov.meth=2) )
    
    Rd file 'lines.cjs.Rd':
     \examples lines wider than 100 characters:
     dipper.cjs <- F.cjs.estim( ~1, ~x2+x3, dipper.histories ) # constant capture probability, period (i.e., flood) effects on survival
    
    Rd file 'mra.control.Rd':
     \examples lines wider than 100 characters:
     dipper.cjs <- F.cjs.estim( ~tvar(ct,drop=c(1,2)), ~tvar(ct,drop=c(1,6,7)), dipper.histories, control=mra.control(trace=1, maxfn=200) )
    
    Rd file 'predict.cjs.Rd':
     \examples lines wider than 100 characters:
     for(j in 1:ncol(dipper.histories)){ assign(paste("x",j,sep=""), xy$x[,,j]) } # Extract 2-D matricies of 0s and 1s
    
    These lines will be truncated in the PDF manual.
Flavors: r-devel-linux-x86_64-fedora-clang, r-devel-linux-x86_64-fedora-gcc

Version: 2.13
Check: compiled code
Result: NOTE
    File ‘/data/gannet/ripley/R/packages/tests-clang/mra.Rcheck/mra/libs/mra.so’:
     Found ‘_gfortran_st_write’, possibly from ‘write’ (Fortran), ‘print’
     (Fortran)
     Object: ‘Mrawin.o’
    
    Compiled code should not call entry points which might terminate R nor
    write to stdout/stderr instead of to the console.
    
    See ‘Writing portable packages’ in the ‘Writing R Extensions’ manual.
Flavor: r-devel-linux-x86_64-fedora-clang

Version: 2.13
Check: compiled code
Result: NOTE
    File ‘/data/gannet/ripley/R/packages/tests-devel/mra.Rcheck/mra/libs/mra.so’:
     Found ‘_gfortran_st_write’, possibly from ‘write’ (Fortran), ‘print’
     (Fortran)
     Object: ‘Mrawin.o’
    
    Compiled code should not call entry points which might terminate R nor
    write to stdout/stderr instead of to the console.
    
    See ‘Writing portable packages’ in the ‘Writing R Extensions’ manual.
Flavor: r-devel-linux-x86_64-fedora-gcc

Version: 2.13
Check: compiled code
Result: NOTE
    File ‘/Users/ripley/R/packages/tests-devel/mra.Rcheck/mra/libs/mra.so’:
     Found ‘__gfortran_st_write’, possibly from ‘write’ (Fortran), ‘print’
     (Fortran)
     Object: ‘Mrawin.o’
    
    Compiled code should not call entry points which might terminate R nor
    write to stdout/stderr instead of to the console.
    
    See ‘Writing portable packages’ in the ‘Writing R Extensions’ manual.
Flavor: r-devel-macosx-x86_64-clang

Version: 2.13
Check: compiled code
Result: NOTE
    File ‘/Volumes/XT3/Builds/R-dev-web/QA/Simon/packages/snowleopard-x86_64/results/3.2/mra.Rcheck/mra/libs/mra.so’:
     Found ‘__gfortran_st_write’, possibly from ‘write’ (Fortran), ‘print’
     (Fortran)
     Object: ‘Mrawin.o’
    
    Compiled code should not call entry points which might terminate R nor
    write to stdout/stderr instead of to the console.
    
    See ‘Writing portable packages’ in the ‘Writing R Extensions’ manual.
Flavor: r-devel-macosx-x86_64-gcc

Version: 2.13
Check: compiled code
Result: NOTE
    File 'd:/Rcompile/CRANpkg/lib/3.2/mra/libs/i386/mra.dll':
     Found '_gfortran_st_write', possibly from 'write' (Fortran), 'print'
     (Fortran)
     Object: 'Mrawin.o'
    File 'd:/Rcompile/CRANpkg/lib/3.2/mra/libs/x64/mra.dll':
     Found '_gfortran_st_write', possibly from 'write' (Fortran), 'print'
     (Fortran)
     Object: 'Mrawin.o'
    
    Compiled code should not call entry points which might terminate R nor
    write to stdout/stderr instead of to the console.
    
    See 'Writing portable packages' in the 'Writing R Extensions' manual.
    * checking examples ...
Flavor: r-devel-windows-ix86+x86_64

Version: 2.13
Check: compiled code
Result: NOTE
    File ‘/home/hornik/tmp/R.check/r-patched-gcc/Work/build/Packages/mra/libs/mra.so’:
     Found ‘_gfortran_st_write’, possibly from ‘write’ (Fortran), ‘print’
     (Fortran)
     Object: ‘Mrawin.o’
    
    Compiled code should not call entry points which might terminate R nor
    write to stdout/stderr instead of to the console.
    
    See ‘Writing portable packages’ in the ‘Writing R Extensions’ manual.
Flavor: r-patched-linux-x86_64

Version: 2.13
Check: compiled code
Result: NOTE
    File ‘/home/ripley/R/Lib32/mra/libs/mra.so’:
     Found ‘__f90_esfw’, possibly from ‘print’ (Fortran), ‘write’
     (Fortran)
     Object: ‘Mrawin.o’
     Found ‘__f90_eslw’, possibly from ‘print’ (Fortran), ‘write’
     (Fortran)
     Object: ‘Mrawin.o’
    
    Compiled code should not call entry points which might terminate R nor
    write to stdout/stderr instead of to the console.
    
    See ‘Writing portable packages’ in the ‘Writing R Extensions’ manual.
Flavors: r-patched-solaris-sparc, r-patched-solaris-x86

Version: 2.13
Check: compiled code
Result: NOTE
    File ‘/home/hornik/tmp/R.check/r-release-gcc/Work/build/Packages/mra/libs/mra.so’:
     Found ‘_gfortran_st_write’, possibly from ‘write’ (Fortran), ‘print’
     (Fortran)
     Object: ‘Mrawin.o’
    
    Compiled code should not call entry points which might terminate R nor
    write to stdout/stderr instead of to the console.
    
    See ‘Writing portable packages’ in the ‘Writing R Extensions’ manual.
Flavors: r-release-linux-ix86, r-release-linux-x86_64

Version: 2.13
Check: compiled code
Result: NOTE
    File 'd:/Rcompile/CRANpkg/lib/3.1/mra/libs/i386/mra.dll':
     Found '_gfortran_st_write', possibly from 'write' (Fortran), 'print'
     (Fortran)
     Object: 'Mrawin.o'
    File 'd:/Rcompile/CRANpkg/lib/3.1/mra/libs/x64/mra.dll':
     Found '_gfortran_st_write', possibly from 'write' (Fortran), 'print'
     (Fortran)
     Object: 'Mrawin.o'
    
    Compiled code should not call entry points which might terminate R nor
    write to stdout/stderr instead of to the console.
    
    See 'Writing portable packages' in the 'Writing R Extensions' manual.
    * checking examples ...
Flavor: r-release-windows-ix86+x86_64

Version: 2.13
Check: compiled code
Result: NOTE
    File 'd:/Rcompile/CRANpkg/lib/3.0/mra/libs/i386/mra.dll':
     Found '_gfortran_st_write', possibly from 'write' (Fortran), 'print'
     (Fortran)
     Object: 'Mrawin.o'
    File 'd:/Rcompile/CRANpkg/lib/3.0/mra/libs/x64/mra.dll':
     Found '_gfortran_st_write', possibly from 'write' (Fortran), 'print'
     (Fortran)
     Object: 'Mrawin.o'
    
    Compiled code should not call entry points which might terminate R nor
    write to stdout/stderr instead of to the console.
    
    See 'Writing portable packages' in the 'Writing R Extensions' manual.
    * checking examples ...
Flavor: r-oldrel-windows-ix86+x86_64