CRAN Package Check Results for Package mra

Last updated on 2015-09-02 17:49:25.

Flavor Version Tinstall Tcheck Ttotal Status Flags
r-devel-linux-x86_64-debian-clang 2.16.4 3.82 19.51 23.33 NOTE
r-devel-linux-x86_64-debian-gcc 2.16.4 3.60 20.32 23.91 NOTE
r-devel-linux-x86_64-fedora-clang 2.16.4 40.70 NOTE
r-devel-linux-x86_64-fedora-gcc 2.16.4 38.43 NOTE
r-devel-osx-x86_64-clang 2.16.4 37.26 OK
r-devel-windows-ix86+x86_64 2.16.4 14.00 64.00 78.00 NOTE
r-patched-linux-x86_64 2.16.4 3.51 20.16 23.67 OK
r-patched-solaris-sparc 2.16.4 282.40 OK
r-patched-solaris-x86 2.16.4 61.70 OK
r-release-linux-x86_64 2.16.4 3.62 19.98 23.60 OK
r-release-osx-x86_64-mavericks 2.16.4 WARN
r-release-windows-ix86+x86_64 2.16.4 13.00 51.00 64.00 OK
r-oldrel-windows-ix86+x86_64 2.16.4 11.00 49.00 60.00 OK

Check Details

Version: 2.16.4
Check: R code for possible problems
Result: NOTE
    F.3d.model.matrix: no visible global function definition for
     ‘model.matrix’
    F.cjs.estim: no visible global function definition for
     ‘packageDescription’
    F.cjs.estim: no visible global function definition for ‘qnorm’
    F.cjs.estim: no visible global function definition for ‘predict’
    F.cjs.estim: no visible global function definition for ‘residuals’
    F.cjs.gof: no visible global function definition for ‘residuals’
    F.cjs.gof: no visible global function definition for ‘pchisq’
    F.cjs.gof: no visible global function definition for ‘pnorm’
    F.cjs.gof: no visible global function definition for ‘quantile’
    F.cjs.simulate: no visible global function definition for ‘rbinom’
    F.cr.model.matrix: no visible global function definition for
     ‘as.formula’
    F.huggins.estim: no visible global function definition for ‘as.formula’
    F.huggins.estim: no visible global function definition for
     ‘packageDescription’
    F.step.cjs: no visible global function definition for ‘formula’
    ivar: no visible global function definition for ‘model.matrix’
    lines.cjs: no visible global function definition for ‘matlines’
    lines.cjs: no visible global function definition for ‘lines’
    plot.cjs: no visible global function definition for ‘matplot’
    plot.cjs: no visible global function definition for ‘axis’
    plot.nhat: no visible global function definition for ‘plot’
    plot.nhat: no visible global function definition for ‘axis’
    plot.nhat: no visible global function definition for ‘lines’
    plot.nhat: no visible global function definition for ‘supsmu’
    print.nhat: no visible global function definition for ‘supsmu’
    tvar: no visible global function definition for ‘model.matrix’
    Undefined global functions or variables:
     as.formula axis formula lines matlines matplot model.matrix
     packageDescription pchisq plot pnorm predict qnorm quantile rbinom
     residuals supsmu
    Consider adding
     importFrom("graphics", "axis", "lines", "matlines", "matplot", "plot")
     importFrom("stats", "as.formula", "formula", "model.matrix", "pchisq",
     "pnorm", "predict", "qnorm", "quantile", "rbinom",
     "residuals", "supsmu")
     importFrom("utils", "packageDescription")
    to your NAMESPACE.
Flavors: r-devel-linux-x86_64-debian-clang, r-devel-linux-x86_64-debian-gcc, r-devel-linux-x86_64-fedora-clang, r-devel-linux-x86_64-fedora-gcc, r-devel-windows-ix86+x86_64

Version: 2.16.4
Check: whether package can be installed
Result: WARN
    Found the following significant warnings:
     Warning: Pointer at (1) in pointer assignment might outlive the pointer target
     Warning: Possible change of value in conversion from REAL(4) to INTEGER(4) at (1)
Flavor: r-release-osx-x86_64-mavericks