CRAN Package Check Results for Package mra

Last updated on 2016-09-30 12:50:27.

Flavor Version Tinstall Tcheck Ttotal Status Flags
r-devel-linux-x86_64-debian-clang 2.16.4 3.70 26.92 30.61 WARN
r-devel-linux-x86_64-debian-gcc 2.16.4 3.88 26.53 30.41 WARN
r-devel-linux-x86_64-fedora-clang 2.16.4 48.25 WARN
r-devel-linux-x86_64-fedora-gcc 2.16.4 44.32 WARN
r-devel-macos-x86_64-clang 2.16.4 33.47 WARN
r-devel-windows-ix86+x86_64 2.16.4 21.00 63.00 84.00 WARN
r-patched-linux-x86_64 2.16.4 3.39 25.70 29.10 NOTE
r-patched-solaris-sparc 2.16.4 260.90 NOTE
r-patched-solaris-x86 2.16.4 57.30 NOTE
r-release-linux-x86_64 2.16.4 3.45 25.37 28.82 NOTE
r-release-osx-x86_64-mavericks 2.16.4 WARN
r-release-windows-ix86+x86_64 2.16.4 12.00 50.00 62.00 NOTE
r-oldrel-windows-ix86+x86_64 2.16.4 14.00 48.00 62.00 OK

Check Details

Version: 2.16.4
Check: whether package can be installed
Result: WARN
    Found the following significant warnings:
     Warning: GNU Extension: Symbol ‘n’ is used before it is typed at (1)
     Warning: Pointer at (1) in pointer assignment might outlive the pointer target [-Wtarget-lifetime]
     Warning: GNU Extension: Different type kinds at (1)
Flavors: r-devel-linux-x86_64-debian-clang, r-devel-linux-x86_64-debian-gcc, r-devel-linux-x86_64-fedora-clang, r-devel-linux-x86_64-fedora-gcc, r-devel-macos-x86_64-clang

Version: 2.16.4
Check: R code for possible problems
Result: NOTE
    F.3d.model.matrix: no visible global function definition for
     ‘model.matrix’
    F.cjs.estim: no visible global function definition for
     ‘packageDescription’
    F.cjs.estim: no visible global function definition for ‘qnorm’
    F.cjs.estim: no visible global function definition for ‘predict’
    F.cjs.estim: no visible global function definition for ‘residuals’
    F.cjs.gof: no visible global function definition for ‘residuals’
    F.cjs.gof: no visible global function definition for ‘pchisq’
    F.cjs.gof: no visible global function definition for ‘pnorm’
    F.cjs.gof: no visible global function definition for ‘quantile’
    F.cjs.simulate: no visible global function definition for ‘rbinom’
    F.cr.model.matrix: no visible global function definition for
     ‘as.formula’
    F.huggins.estim: no visible global function definition for ‘as.formula’
    F.huggins.estim: no visible global function definition for
     ‘packageDescription’
    F.step.cjs: no visible global function definition for ‘formula’
    ivar: no visible global function definition for ‘model.matrix’
    lines.cjs: no visible global function definition for ‘matlines’
    lines.cjs: no visible global function definition for ‘lines’
    plot.cjs: no visible global function definition for ‘matplot’
    plot.cjs: no visible global function definition for ‘axis’
    plot.nhat: no visible global function definition for ‘plot’
    plot.nhat: no visible global function definition for ‘axis’
    plot.nhat: no visible global function definition for ‘lines’
    plot.nhat: no visible global function definition for ‘supsmu’
    print.nhat: no visible global function definition for ‘supsmu’
    tvar: no visible global function definition for ‘model.matrix’
    Undefined global functions or variables:
     as.formula axis formula lines matlines matplot model.matrix
     packageDescription pchisq plot pnorm predict qnorm quantile rbinom
     residuals supsmu
    Consider adding
     importFrom("graphics", "axis", "lines", "matlines", "matplot", "plot")
     importFrom("stats", "as.formula", "formula", "model.matrix", "pchisq",
     "pnorm", "predict", "qnorm", "quantile", "rbinom",
     "residuals", "supsmu")
     importFrom("utils", "packageDescription")
    to your NAMESPACE file.
Flavors: r-devel-linux-x86_64-debian-clang, r-devel-linux-x86_64-debian-gcc, r-devel-linux-x86_64-fedora-clang, r-devel-linux-x86_64-fedora-gcc, r-devel-macos-x86_64-clang, r-devel-windows-ix86+x86_64, r-patched-linux-x86_64, r-patched-solaris-sparc, r-patched-solaris-x86, r-release-linux-x86_64, r-release-osx-x86_64-mavericks, r-release-windows-ix86+x86_64

Version: 2.16.4
Check: files in ‘vignettes’
Result: WARN
    Files in the 'vignettes' directory but no files in 'inst/doc':
     ‘Bromaghin_etal_2013_OJE.pdf’
    Package has no Sweave vignette sources and no VignetteBuilder field.
Flavors: r-devel-linux-x86_64-debian-clang, r-devel-linux-x86_64-debian-gcc, r-devel-linux-x86_64-fedora-clang, r-devel-linux-x86_64-fedora-gcc, r-devel-macos-x86_64-clang, r-devel-windows-ix86+x86_64

Version: 2.16.4
Check: whether package can be installed
Result: WARN
    Found the following significant warnings:
     Warning: GNU Extension: Symbol 'n' is used before it is typed at (1)
     Warning: GNU Extension: Different type kinds at (1)
Flavor: r-devel-windows-ix86+x86_64

Version: 2.16.4
Check: whether package can be installed
Result: WARN
    Found the following significant warnings:
     Warning: Pointer at (1) in pointer assignment might outlive the pointer target
     Warning: Possible change of value in conversion from REAL(4) to INTEGER(4) at (1)
Flavor: r-release-osx-x86_64-mavericks