CRAN Package Check Results for Package mratios

Last updated on 2015-04-01 06:46:57.

Flavor Version Tinstall Tcheck Ttotal Status Flags
r-devel-linux-x86_64-debian-clang 1.3.17 0.87 53.45 54.32 NOTE
r-devel-linux-x86_64-debian-gcc 1.3.17 0.78 51.11 51.89 NOTE
r-devel-linux-x86_64-fedora-clang 1.3.17 89.07 NOTE
r-devel-linux-x86_64-fedora-gcc 1.3.17 93.35 NOTE
r-devel-osx-x86_64-clang 1.3.17 69.32 NOTE
r-prerel-windows-ix86+x86_64 1.3.17 4.00 70.00 74.00 OK
r-prerel-linux-x86_64 1.3.17 0.77 50.94 51.72 NOTE
r-prerel-solaris-sparc 1.3.17 657.70 OK
r-prerel-solaris-x86 1.3.17 104.00 OK
r-release-linux-x86_64 1.3.17 0.82 53.06 53.88 OK
r-release-osx-x86_64-mavericks 1.3.17 OK
r-release-windows-ix86+x86_64 1.3.17 3.00 73.00 76.00 OK
r-oldrel-windows-ix86+x86_64 1.3.17 4.00 76.00 80.00 OK

Check Details

Version: 1.3.17
Check: S3 generic/method consistency
Result: NOTE
    Found the following apparent S3 methods exported but not registered:
     t.test.ratio t.test.ratio
    See section ‘Registering S3 methods’ in the ‘Writing R Extensions’
    manual.
Flavors: r-devel-linux-x86_64-debian-clang, r-devel-linux-x86_64-debian-gcc, r-devel-linux-x86_64-fedora-clang, r-devel-linux-x86_64-fedora-gcc, r-devel-osx-x86_64-clang, r-prerel-linux-x86_64