CRAN Package Check Results for Package mratios

Last updated on 2015-01-27 12:47:33.

Flavor Version Tinstall Tcheck Ttotal Status Flags
r-devel-linux-x86_64-debian-clang 1.3.17 0.81 51.15 51.96 OK
r-devel-linux-x86_64-debian-gcc 1.3.17 0.85 50.89 51.74 NOTE
r-devel-linux-x86_64-fedora-clang 1.3.17 92.72 NOTE
r-devel-linux-x86_64-fedora-gcc 1.3.17 91.53 NOTE
r-devel-osx-x86_64-clang 1.3.17 67.87 NOTE
r-devel-windows-ix86+x86_64 1.3.17 3.00 71.00 74.00 OK
r-patched-linux-x86_64 1.3.17 0.84 52.80 53.64 OK
r-patched-solaris-sparc 1.3.17 686.50 OK
r-patched-solaris-x86 1.3.17 111.20 OK
r-release-linux-ix86 1.3.17 1.14 70.82 71.96 OK
r-release-linux-x86_64 1.3.17 0.96 52.22 53.18 OK
r-release-osx-x86_64-mavericks 1.3.17 OK
r-release-windows-ix86+x86_64 1.3.17 4.00 76.00 80.00 OK
r-oldrel-windows-ix86+x86_64 1.3.17 6.00 78.00 84.00 OK

Check Details

Version: 1.3.17
Check: S3 generic/method consistency
Result: NOTE
    Found the following apparent S3 methods exported but not registered:
     t.test.ratio t.test.ratio
    See section ‘Registering S3 methods’ in the ‘Writing R Extensions’
    manual.
Flavors: r-devel-linux-x86_64-debian-gcc, r-devel-linux-x86_64-fedora-clang, r-devel-linux-x86_64-fedora-gcc, r-devel-osx-x86_64-clang