CRAN Package Check Results for Package mratios

Last updated on 2014-04-24 07:52:31.

Flavor Version Tinstall Tcheck Ttotal Status Flags
r-devel-linux-x86_64-debian-clang 1.3.17 0.86 43.94 44.80 OK
r-devel-linux-x86_64-debian-gcc 1.3.17 0.99 44.26 45.25 OK
r-devel-linux-x86_64-fedora-clang 1.3.17 74.08 OK
r-devel-linux-x86_64-fedora-gcc 1.3.17 71.83 OK
r-devel-osx-x86_64-clang 1.3.17 57.95 OK
r-devel-osx-x86_64-gcc 1.3.17 NOTE
r-devel-windows-ix86+x86_64 1.3.17 4.00 60.00 64.00 OK
r-patched-linux-x86_64 1.3.17 0.84 44.32 45.16 OK
r-patched-solaris-sparc 1.3.17 416.10 OK
r-patched-solaris-x86 1.3.17 92.00 OK
r-release-linux-ix86 1.3.17 1.00 74.00 75.00 OK
r-release-linux-x86_64 1.3.17 0.84 43.98 44.82 OK
r-release-osx-x86_64-mavericks 1.3.17 WARN
r-release-windows-ix86+x86_64 1.3.17 3.00 61.00 64.00 OK
r-oldrel-windows-ix86+x86_64 1.3.17 5.00 60.00 65.00 OK

Check Details

Version: 1.3.17
Check: package dependencies
Result: NOTE
    Package suggested but not available for checking: ‘multcomp’
Flavors: r-devel-osx-x86_64-gcc, r-release-osx-x86_64-mavericks

Version: 1.3.17
Check: PDF version of manual
Result: WARNING
    LaTeX errors when creating PDF version.
    This typically indicates Rd problems.
    LaTeX errors found:
    ! LaTeX Error: File `upquote.sty' not found.
    
    Type X to quit or <RETURN> to proceed,
    or enter new name. (Default extension: sty)
    
    64dbac0c/Rd2.tex:8: ==> Fatal error occurred, no output PDF file produced!
Flavor: r-release-osx-x86_64-mavericks