CRAN Package Check Results for Package mratios

Last updated on 2015-08-29 06:47:45.

Flavor Version Tinstall Tcheck Ttotal Status Flags
r-devel-linux-x86_64-debian-clang 1.3.17 0.74 195.96 196.69 NOTE
r-devel-linux-x86_64-debian-gcc 1.3.17 0.71 193.61 194.32 NOTE
r-devel-linux-x86_64-fedora-clang 1.3.17 332.57 NOTE
r-devel-linux-x86_64-fedora-gcc 1.3.17 336.28 NOTE
r-devel-osx-x86_64-clang 1.3.17 199.46 NOTE
r-devel-windows-ix86+x86_64 1.3.17 5.00 285.00 290.00 NOTE
r-patched-linux-x86_64 1.3.17 0.77 194.34 195.11 NOTE
r-patched-solaris-sparc 1.3.17 676.40 NOTE
r-patched-solaris-x86 1.3.17 377.90 NOTE
r-release-linux-x86_64 1.3.17 0.90 193.58 194.48 NOTE
r-release-osx-x86_64-mavericks 1.3.17 OK
r-release-windows-ix86+x86_64 1.3.17 4.00 274.00 278.00 OK
r-oldrel-windows-ix86+x86_64 1.3.17 6.00 274.00 280.00 OK

Check Details

Version: 1.3.17
Check: S3 generic/method consistency
Result: NOTE
    Found the following apparent S3 methods exported but not registered:
     t.test.ratio t.test.ratio
    See section ‘Registering S3 methods’ in the ‘Writing R Extensions’
    manual.
Flavors: r-devel-linux-x86_64-debian-clang, r-devel-linux-x86_64-debian-gcc, r-devel-linux-x86_64-fedora-clang, r-devel-linux-x86_64-fedora-gcc, r-devel-osx-x86_64-clang, r-patched-linux-x86_64, r-patched-solaris-sparc, r-patched-solaris-x86, r-release-linux-x86_64

Version: 1.3.17
Check: R code for possible problems
Result: NOTE
    CIratioiter : tratio: no visible global function definition for ‘qt’
    CIratioiter: no visible global function definition for ‘uniroot’
    gsci.ratio: no visible global function definition for ‘qnorm’
    gsci.ratio: no visible global function definition for ‘qt’
    n.ratio: no visible global function definition for ‘qnorm’
    sci.ratio: no visible global function definition for ‘model.frame’
    sci.ratio.gen: no visible global function definition for ‘lm’
    sci.ratio.gen: no visible global function definition for ‘qt’
    sci.ratioI: no visible binding for global variable ‘var’
    sci.ratioI: no visible global function definition for ‘qt’
    sci.ratioII: no visible binding for global variable ‘var’
    sci.ratioII: no visible global function definition for ‘qt’
    sci.ratioVH: no visible global function definition for ‘model.frame’
    simtest.ratio: no visible global function definition for ‘model.frame’
    simtest.ratioI: no visible binding for global variable ‘var’
    simtest.ratioI: no visible global function definition for ‘pt’
    simtest.ratioII: no visible binding for global variable ‘var’
    simtest.ratioII: no visible global function definition for ‘pt’
    simtest.ratioVH: no visible global function definition for
     ‘model.frame’
    t.test.ratio.default: no visible global function definition for ‘var’
    t.test.ratio.default: no visible global function definition for ‘pt’
    t.test.ratio.default: no visible global function definition for ‘qt’
    t.test.ratio.formula: no visible global function definition for
     ‘model.frame’
    Undefined global functions or variables:
     lm model.frame pt qnorm qt uniroot var
    Consider adding
     importFrom("stats", "lm", "model.frame", "pt", "qnorm", "qt",
     "uniroot", "var")
    to your NAMESPACE.
Flavors: r-devel-linux-x86_64-debian-clang, r-devel-linux-x86_64-debian-gcc, r-devel-linux-x86_64-fedora-clang, r-devel-linux-x86_64-fedora-gcc, r-devel-windows-ix86+x86_64