CRAN Package Check Results for Package mratios

Last updated on 2015-02-26 23:47:49.

Flavor Version Tinstall Tcheck Ttotal Status Flags
r-devel-linux-x86_64-debian-clang 1.3.17 0.78 51.41 52.19 NOTE
r-devel-linux-x86_64-debian-gcc 1.3.17 0.76 51.81 52.57 NOTE
r-devel-linux-x86_64-fedora-clang 1.3.17 89.97 NOTE
r-devel-linux-x86_64-fedora-gcc 1.3.17 88.84 NOTE
r-devel-osx-x86_64-clang 1.3.17 65.54 NOTE
r-devel-windows-ix86+x86_64 1.3.17 4.00 70.00 74.00 OK
r-patched-linux-x86_64 1.3.17 0.83 53.08 53.92 OK
r-patched-solaris-sparc 1.3.17 686.50 OK
r-patched-solaris-x86 1.3.17 110.00 OK
r-release-linux-ix86 1.3.17 1.16 71.55 72.70 OK
r-release-linux-x86_64 1.3.17 0.83 0.25 1.08 OK
r-release-osx-x86_64-mavericks 1.3.17 OK
r-release-windows-ix86+x86_64 1.3.17 4.00 77.00 81.00 OK
r-oldrel-windows-ix86+x86_64 1.3.17 4.00 75.00 79.00 OK

Check Details

Version: 1.3.17
Check: S3 generic/method consistency
Result: NOTE
    Found the following apparent S3 methods exported but not registered:
     t.test.ratio t.test.ratio
    See section ‘Registering S3 methods’ in the ‘Writing R Extensions’
    manual.
Flavors: r-devel-linux-x86_64-debian-clang, r-devel-linux-x86_64-debian-gcc, r-devel-linux-x86_64-fedora-clang, r-devel-linux-x86_64-fedora-gcc, r-devel-osx-x86_64-clang