CRAN Package Check Results for Package mratios

Last updated on 2015-07-02 23:47:22.

Flavor Version Tinstall Tcheck Ttotal Status Flags
r-devel-linux-x86_64-debian-clang 1.3.17 0.74 51.55 52.29 NOTE
r-devel-linux-x86_64-debian-gcc 1.3.17 1.09 50.28 51.37 NOTE
r-devel-linux-x86_64-fedora-clang 1.3.17 88.86 NOTE
r-devel-linux-x86_64-fedora-gcc 1.3.17 86.10 NOTE
r-devel-osx-x86_64-clang 1.3.17 67.37 NOTE
r-devel-windows-ix86+x86_64 1.3.17 3.00 74.00 77.00 NOTE
r-patched-linux-x86_64 1.3.17 0.76 51.14 51.90 NOTE
r-patched-solaris-sparc 1.3.17 666.60 NOTE
r-patched-solaris-x86 1.3.17 107.50 NOTE
r-release-linux-x86_64 1.3.17 0.86 52.36 53.22 NOTE
r-release-osx-x86_64-mavericks 1.3.17 OK
r-release-windows-ix86+x86_64 1.3.17 3.00 79.00 82.00 OK
r-oldrel-windows-ix86+x86_64 1.3.17 4.00 73.00 77.00 OK

Check Details

Version: 1.3.17
Check: S3 generic/method consistency
Result: NOTE
    Found the following apparent S3 methods exported but not registered:
     t.test.ratio t.test.ratio
    See section ‘Registering S3 methods’ in the ‘Writing R Extensions’
    manual.
Flavors: r-devel-linux-x86_64-debian-clang, r-devel-linux-x86_64-debian-gcc, r-devel-linux-x86_64-fedora-clang, r-devel-linux-x86_64-fedora-gcc, r-devel-osx-x86_64-clang, r-patched-linux-x86_64, r-patched-solaris-sparc, r-patched-solaris-x86, r-release-linux-x86_64

Version: 1.3.17
Check: R code for possible problems
Result: NOTE
    CIratioiter : tratio: no visible global function definition for ‘qt’
    CIratioiter: no visible global function definition for ‘uniroot’
    gsci.ratio: no visible global function definition for ‘qnorm’
    gsci.ratio: no visible global function definition for ‘qt’
    n.ratio: no visible global function definition for ‘qnorm’
    sci.ratio: no visible global function definition for ‘model.frame’
    sci.ratio.gen: no visible global function definition for ‘lm’
    sci.ratio.gen: no visible global function definition for ‘qt’
    sci.ratioI: no visible binding for global variable ‘var’
    sci.ratioI: no visible global function definition for ‘qt’
    sci.ratioII: no visible binding for global variable ‘var’
    sci.ratioII: no visible global function definition for ‘qt’
    sci.ratioVH: no visible global function definition for ‘model.frame’
    simtest.ratio: no visible global function definition for ‘model.frame’
    simtest.ratioI: no visible binding for global variable ‘var’
    simtest.ratioI: no visible global function definition for ‘pt’
    simtest.ratioII: no visible binding for global variable ‘var’
    simtest.ratioII: no visible global function definition for ‘pt’
    simtest.ratioVH: no visible global function definition for
     ‘model.frame’
    t.test.ratio.default: no visible global function definition for ‘var’
    t.test.ratio.default: no visible global function definition for ‘pt’
    t.test.ratio.default: no visible global function definition for ‘qt’
    t.test.ratio.formula: no visible global function definition for
     ‘model.frame’
    Undefined global functions or variables:
     lm model.frame pt qnorm qt uniroot var
Flavors: r-devel-linux-x86_64-debian-clang, r-devel-linux-x86_64-fedora-clang, r-devel-linux-x86_64-fedora-gcc, r-devel-windows-ix86+x86_64

Version: 1.3.17
Check: R code for possible problems
Result: NOTE
    CIratioiter : tratio: no visible global function definition for ‘qt’
    CIratioiter: no visible global function definition for ‘uniroot’
    gsci.ratio: no visible global function definition for ‘qnorm’
    gsci.ratio: no visible global function definition for ‘qt’
    n.ratio: no visible global function definition for ‘qnorm’
    sci.ratio: no visible global function definition for ‘model.frame’
    sci.ratio.gen: no visible global function definition for ‘lm’
    sci.ratio.gen: no visible global function definition for ‘qt’
    sci.ratioI: no visible binding for global variable ‘var’
    sci.ratioI: no visible global function definition for ‘qt’
    sci.ratioII: no visible binding for global variable ‘var’
    sci.ratioII: no visible global function definition for ‘qt’
    sci.ratioVH: no visible global function definition for ‘model.frame’
    simtest.ratio: no visible global function definition for ‘model.frame’
    simtest.ratioI: no visible binding for global variable ‘var’
    simtest.ratioI: no visible global function definition for ‘pt’
    simtest.ratioII: no visible binding for global variable ‘var’
    simtest.ratioII: no visible global function definition for ‘pt’
    simtest.ratioVH: no visible global function definition for
     ‘model.frame’
    t.test.ratio.default: no visible global function definition for ‘var’
    t.test.ratio.default: no visible global function definition for ‘pt’
    t.test.ratio.default: no visible global function definition for ‘qt’
    t.test.ratio.formula: no visible global function definition for
     ‘model.frame’
Flavor: r-devel-linux-x86_64-debian-gcc