CRAN Package Check Results for Package mratios

Last updated on 2015-05-27 19:47:13.

Flavor Version Tinstall Tcheck Ttotal Status Flags
r-devel-linux-x86_64-debian-clang 1.3.17 0.77 52.11 52.88 NOTE
r-devel-linux-x86_64-debian-gcc 1.3.17 0.86 51.24 52.10 NOTE
r-devel-linux-x86_64-fedora-clang 1.3.17 89.54 NOTE
r-devel-linux-x86_64-fedora-gcc 1.3.17 90.55 NOTE
r-devel-osx-x86_64-clang 1.3.17 66.32 NOTE
r-devel-windows-ix86+x86_64 1.3.17 3.00 74.00 77.00 OK
r-patched-linux-x86_64 1.3.17 0.74 51.47 52.22 NOTE
r-patched-solaris-sparc 1.3.17 666.60 NOTE
r-patched-solaris-x86 1.3.17 106.90 NOTE
r-release-linux-x86_64 1.3.17 0.78 52.62 53.39 NOTE
r-release-osx-x86_64-mavericks 1.3.17 OK
r-release-osx-x86_64-snowleopard 1.3.17 NOTE
r-release-windows-ix86+x86_64 1.3.17 4.00 75.00 79.00 OK
r-oldrel-windows-ix86+x86_64 1.3.17 4.00 75.00 79.00 OK

Check Details

Version: 1.3.17
Check: S3 generic/method consistency
Result: NOTE
    Found the following apparent S3 methods exported but not registered:
     t.test.ratio t.test.ratio
    See section ‘Registering S3 methods’ in the ‘Writing R Extensions’
    manual.
Flavors: r-devel-linux-x86_64-debian-clang, r-devel-linux-x86_64-debian-gcc, r-devel-linux-x86_64-fedora-clang, r-devel-linux-x86_64-fedora-gcc, r-devel-osx-x86_64-clang, r-patched-linux-x86_64, r-patched-solaris-sparc, r-patched-solaris-x86, r-release-linux-x86_64

Version: 1.3.17
Check: package dependencies
Result: NOTE
    Package suggested but not available for checking: ‘multcomp’
Flavor: r-release-osx-x86_64-snowleopard