CRAN Package Check Results for Package mratios

Last updated on 2018-04-24 00:47:05 CEST.

Flavor Version Tinstall Tcheck Ttotal Status Flags
r-devel-linux-x86_64-debian-clang 1.3.17 4.04 30.87 34.91 ERROR
r-devel-linux-x86_64-debian-gcc 1.3.17 2.20 24.83 27.03 ERROR
r-devel-linux-x86_64-fedora-clang 1.3.17 205.58 NOTE
r-devel-linux-x86_64-fedora-gcc 1.3.17 195.58 NOTE
r-devel-windows-ix86+x86_64 1.3.17 9.00 177.00 186.00 NOTE
r-devel-osx-x86_64 1.3.17 NOTE
r-patched-linux-x86_64 1.3.17 3.32 31.40 34.72 ERROR
r-patched-solaris-x86 1.3.17 241.50 NOTE
r-release-linux-x86_64 1.3.17 3.29 30.77 34.06 ERROR
r-release-windows-ix86+x86_64 1.3.17 4.00 212.00 216.00 NOTE
r-release-osx-x86_64 1.3.17 NOTE
r-oldrel-windows-ix86+x86_64 1.3.17 3.00 191.00 194.00 NOTE

Check Details

Version: 1.3.17
Check: S3 generic/method consistency
Result: NOTE
    Found the following apparent S3 methods exported but not registered:
     t.test.ratio t.test.ratio
    See section ‘Registering S3 methods’ in the ‘Writing R Extensions’
    manual.
Flavors: r-devel-linux-x86_64-debian-clang, r-devel-linux-x86_64-debian-gcc, r-devel-linux-x86_64-fedora-clang, r-devel-linux-x86_64-fedora-gcc, r-patched-linux-x86_64, r-patched-solaris-x86, r-release-linux-x86_64

Version: 1.3.17
Check: R code for possible problems
Result: NOTE
    CIratioiter : tratio: no visible global function definition for ‘qt’
    CIratioiter: no visible global function definition for ‘uniroot’
    gsci.ratio: no visible global function definition for ‘qnorm’
    gsci.ratio: no visible global function definition for ‘qt’
    n.ratio: no visible global function definition for ‘qnorm’
    sci.ratio: no visible global function definition for ‘model.frame’
    sci.ratio.gen: no visible global function definition for ‘lm’
    sci.ratio.gen: no visible global function definition for ‘qt’
    sci.ratioI: no visible binding for global variable ‘var’
    sci.ratioI: no visible global function definition for ‘qt’
    sci.ratioII: no visible binding for global variable ‘var’
    sci.ratioII: no visible global function definition for ‘qt’
    sci.ratioVH: no visible global function definition for ‘model.frame’
    simtest.ratio: no visible global function definition for ‘model.frame’
    simtest.ratioI: no visible binding for global variable ‘var’
    simtest.ratioI: no visible global function definition for ‘pt’
    simtest.ratioII: no visible binding for global variable ‘var’
    simtest.ratioII: no visible global function definition for ‘pt’
    simtest.ratioVH: no visible global function definition for
     ‘model.frame’
    t.test.ratio.default: no visible global function definition for ‘var’
    t.test.ratio.default: no visible global function definition for ‘pt’
    t.test.ratio.default: no visible global function definition for ‘qt’
    t.test.ratio.formula: no visible global function definition for
     ‘model.frame’
    Undefined global functions or variables:
     lm model.frame pt qnorm qt uniroot var
    Consider adding
     importFrom("stats", "lm", "model.frame", "pt", "qnorm", "qt",
     "uniroot", "var")
    to your NAMESPACE file.
Flavors: r-devel-linux-x86_64-debian-clang, r-devel-linux-x86_64-debian-gcc, r-devel-linux-x86_64-fedora-clang, r-devel-linux-x86_64-fedora-gcc, r-devel-windows-ix86+x86_64, r-devel-osx-x86_64, r-patched-linux-x86_64, r-patched-solaris-x86, r-release-linux-x86_64, r-release-windows-ix86+x86_64, r-release-osx-x86_64, r-oldrel-windows-ix86+x86_64

Version: 1.3.17
Check: examples
Result: ERROR
    Running examples in ‘mratios-Ex.R’ failed
    The error most likely occurred in:
    
    > base::assign(".ptime", proc.time(), pos = "CheckExEnv")
    > ### Name: mratios-package
    > ### Title: mratios
    > ### Aliases: mratios-package mratios
    > ### Keywords: package
    >
    > ### ** Examples
    >
    >
    > library(mratios)
    >
    > ############################################################
    >
    > # # # t.test.ratio:
    > # Two-sample test and confidence interval
    > # for comparison of means, allowing for heteroscedasticity
    >
    > data(ASAT)
    > ASAT
     group ASAT
    1 KON 1.33
    2 KON 1.78
    3 KON 1.53
    4 KON 1.95
    5 KON 1.83
    6 KON 1.47
    7 KON 1.87
    8 KON 1.55
    9 KON 2.58
    10 KON 2.17
    11 KON 1.97
    12 KON 1.62
    13 KON 2.25
    14 KON 3.53
    15 KON 2.92
    16 KON 1.78
    17 KON 2.22
    18 KON 2.55
    19 KON 2.75
    20 TREAT 1.53
    21 TREAT 1.75
    22 TREAT 2.12
    23 TREAT 2.83
    24 TREAT 2.58
    25 TREAT 2.37
    26 TREAT 2.92
    27 TREAT 2.08
    28 TREAT 3.01
    29 TREAT 2.67
    30 TREAT 2.06
    31 TREAT 2.25
    32 TREAT 3.08
    33 TREAT 2.01
    34 TREAT 1.58
    > t.test.ratio(ASAT~group, data=ASAT, alternative="less", base=1,
    + rho=1.25, var.equal=TRUE)
    Error in UseMethod("t.test.ratio") :
     no applicable method for 't.test.ratio' applied to an object of class "formula"
    Calls: t.test.ratio
    Execution halted
Flavors: r-devel-linux-x86_64-debian-clang, r-devel-linux-x86_64-debian-gcc, r-patched-linux-x86_64, r-release-linux-x86_64