CRAN Package Check Results for Package mrdrc

Last updated on 2014-04-25 05:47:19.

Flavor Version Tinstall Tcheck Ttotal Status Flags
r-devel-linux-x86_64-debian-clang 1.0-6 1.20 60.83 62.03 NOTE --no-tests
r-devel-linux-x86_64-debian-gcc 1.0-6 1.10 60.04 61.14 NOTE --no-tests
r-devel-linux-x86_64-fedora-clang 1.0-6 474.53 NOTE
r-devel-linux-x86_64-fedora-gcc 1.0-6 458.36 NOTE
r-devel-osx-x86_64-clang 1.0-6 333.05 NOTE
r-devel-osx-x86_64-gcc 1.0-6 ERROR
r-devel-windows-ix86+x86_64 1.0-6 5.00 348.00 353.00 NOTE
r-patched-linux-x86_64 1.0-6 1.08 132.99 134.08 NOTE --no-tests
r-patched-solaris-sparc 1.0-6 2391.20 NOTE
r-patched-solaris-x86 1.0-6 482.90 NOTE
r-release-linux-ix86 1.0-6 2.00 86.00 88.00 NOTE --no-tests
r-release-linux-x86_64 1.0-6 1.08 59.67 60.75 NOTE --no-tests
r-release-osx-x86_64-mavericks 1.0-6 WARN
r-release-osx-x86_64-snowleopard 1.0-6 NOTE
r-release-windows-ix86+x86_64 1.0-6 5.00 344.00 349.00 NOTE
r-oldrel-windows-ix86+x86_64 1.0-6 5.00 331.00 336.00 NOTE

Check Details

Version: 1.0-6
Flags: --no-tests
Check: top-level files
Result: NOTE
    File
     inst/LICENCE
    will install at top-level and is not mentioned in the DESCRIPTION file.
Flavors: r-devel-linux-x86_64-debian-clang, r-devel-linux-x86_64-debian-gcc, r-patched-linux-x86_64, r-release-linux-ix86, r-release-linux-x86_64

Version: 1.0-6
Flags: --no-tests
Check: dependencies in R code
Result: NOTE
    Packages in Depends field not imported from:
     ‘drc’ ‘locfit’
     These packages need to be imported from (in the NAMESPACE file)
     for when this namespace is loaded but not attached.
    ':::' call which should be '::': ‘drc:::ED’
     See the note in ?`:::` about the use of this operator.
    See the information on DESCRIPTION files in the chapter ‘Creating R
    packages’ of the ‘Writing R Extensions’ manual.
Flavors: r-devel-linux-x86_64-debian-clang, r-devel-linux-x86_64-debian-gcc, r-patched-linux-x86_64, r-release-linux-ix86, r-release-linux-x86_64

Version: 1.0-6
Check: top-level files
Result: NOTE
    File
     inst/LICENCE
    will install at top-level and is not mentioned in the DESCRIPTION file.
Flavors: r-devel-linux-x86_64-fedora-clang, r-devel-linux-x86_64-fedora-gcc, r-devel-osx-x86_64-clang, r-devel-windows-ix86+x86_64, r-patched-solaris-sparc, r-patched-solaris-x86, r-release-osx-x86_64-mavericks, r-release-osx-x86_64-snowleopard, r-release-windows-ix86+x86_64, r-oldrel-windows-ix86+x86_64

Version: 1.0-6
Check: dependencies in R code
Result: NOTE
    Packages in Depends field not imported from:
     ‘drc’ ‘locfit’
     These packages need to be imported from (in the NAMESPACE file)
     for when this namespace is loaded but not attached.
    ':::' call which should be '::': ‘drc:::ED’
     See the note in ?`:::` about the use of this operator.
    See the information on DESCRIPTION files in the chapter ‘Creating R
    packages’ of the ‘Writing R Extensions’ manual.
Flavors: r-devel-linux-x86_64-fedora-clang, r-devel-linux-x86_64-fedora-gcc, r-devel-osx-x86_64-clang, r-devel-windows-ix86+x86_64, r-patched-solaris-sparc, r-patched-solaris-x86, r-release-osx-x86_64-mavericks, r-release-windows-ix86+x86_64, r-oldrel-windows-ix86+x86_64

Version: 1.0-6
Check: package dependencies
Result: ERROR
    Package required but not available: ‘drc’
    
    See the information on DESCRIPTION files in the chapter ‘Creating R
    packages’ of the ‘Writing R Extensions’ manual.
Flavor: r-devel-osx-x86_64-gcc

Version: 1.0-6
Check: PDF version of manual
Result: WARNING
    LaTeX errors when creating PDF version.
    This typically indicates Rd problems.
    LaTeX errors found:
    ! LaTeX Error: File `upquote.sty' not found.
    
    Type X to quit or <RETURN> to proceed,
    or enter new name. (Default extension: sty)
    
    3a0aa22/Rd2.tex:8: ==> Fatal error occurred, no output PDF file produced!
Flavor: r-release-osx-x86_64-mavericks

Version: 1.0-6
Check: dependencies in R code
Result: NOTE
    ':::' call which should be '::': 'drc:::ED'
     See the note in ?`:::` about the use of this operator.
    See the information on DESCRIPTION files in the chapter 'Creating R
    packages' of the 'Writing R Extensions' manual.
Flavor: r-release-osx-x86_64-snowleopard