CRAN Package Check Results for Package mrdrc

Last updated on 2014-11-24 12:47:49.

Flavor Version Tinstall Tcheck Ttotal Status Flags
r-devel-linux-x86_64-debian-clang 1.0-6 0.96 51.51 52.47 NOTE --no-tests
r-devel-linux-x86_64-debian-gcc 1.0-6 0.96 50.20 51.16 NOTE --no-tests
r-devel-linux-x86_64-fedora-clang 1.0-6 420.09 NOTE
r-devel-linux-x86_64-fedora-gcc 1.0-6 394.16 NOTE
r-devel-osx-x86_64-clang 1.0-6 336.79 NOTE
r-devel-windows-ix86+x86_64 1.0-6 5.00 298.00 303.00 NOTE
r-patched-linux-x86_64 1.0-6 1.08 55.04 56.13 NOTE --no-tests
r-patched-solaris-sparc 1.0-6 2393.30 NOTE
r-patched-solaris-x86 1.0-6 465.30 NOTE
r-release-linux-ix86 1.0-6 1.34 61.94 63.28 NOTE --no-tests
r-release-linux-x86_64 1.0-6 1.02 54.61 55.63 NOTE --no-tests
r-release-osx-x86_64-mavericks 1.0-6 NOTE
r-release-osx-x86_64-snowleopard 1.0-6 NOTE
r-release-windows-ix86+x86_64 1.0-6 5.00 335.00 340.00 NOTE
r-oldrel-windows-ix86+x86_64 1.0-6 7.00 302.00 309.00 NOTE

Check Details

Version: 1.0-6
Flags: --no-tests
Check: top-level files
Result: NOTE
    File
     inst/LICENCE
    will install at top-level and is not mentioned in the DESCRIPTION file.
Flavors: r-devel-linux-x86_64-debian-clang, r-devel-linux-x86_64-debian-gcc, r-patched-linux-x86_64, r-release-linux-ix86, r-release-linux-x86_64

Version: 1.0-6
Flags: --no-tests
Check: dependencies in R code
Result: NOTE
    Packages in Depends field not imported from:
     ‘drc’ ‘locfit’
     These packages need to be imported from (in the NAMESPACE file)
     for when this namespace is loaded but not attached.
    ':::' call which should be '::': ‘drc:::ED’
     See the note in ?`:::` about the use of this operator.
    See the information on DESCRIPTION files in the chapter ‘Creating R
    packages’ of the ‘Writing R Extensions’ manual.
Flavors: r-devel-linux-x86_64-debian-clang, r-devel-linux-x86_64-debian-gcc, r-patched-linux-x86_64, r-release-linux-ix86, r-release-linux-x86_64

Version: 1.0-6
Flags: --no-tests
Check: R code for possible problems
Result: NOTE
    feedSP: no visible global function definition for ‘drm’
    pnsdrm: no visible global function definition for ‘drm’
    pnsdrm.calc: no visible global function definition for ‘drm’
Flavors: r-devel-linux-x86_64-debian-clang, r-devel-linux-x86_64-debian-gcc, r-patched-linux-x86_64, r-release-linux-ix86, r-release-linux-x86_64

Version: 1.0-6
Check: top-level files
Result: NOTE
    File
     inst/LICENCE
    will install at top-level and is not mentioned in the DESCRIPTION file.
Flavors: r-devel-linux-x86_64-fedora-clang, r-devel-linux-x86_64-fedora-gcc, r-devel-osx-x86_64-clang, r-devel-windows-ix86+x86_64, r-patched-solaris-sparc, r-patched-solaris-x86, r-release-osx-x86_64-mavericks, r-release-osx-x86_64-snowleopard, r-release-windows-ix86+x86_64, r-oldrel-windows-ix86+x86_64

Version: 1.0-6
Check: dependencies in R code
Result: NOTE
    Packages in Depends field not imported from:
     ‘drc’ ‘locfit’
     These packages need to be imported from (in the NAMESPACE file)
     for when this namespace is loaded but not attached.
    ':::' call which should be '::': ‘drc:::ED’
     See the note in ?`:::` about the use of this operator.
    See the information on DESCRIPTION files in the chapter ‘Creating R
    packages’ of the ‘Writing R Extensions’ manual.
Flavors: r-devel-linux-x86_64-fedora-clang, r-devel-linux-x86_64-fedora-gcc, r-devel-osx-x86_64-clang, r-devel-windows-ix86+x86_64, r-patched-solaris-sparc, r-patched-solaris-x86, r-release-osx-x86_64-mavericks, r-release-windows-ix86+x86_64, r-oldrel-windows-ix86+x86_64

Version: 1.0-6
Check: R code for possible problems
Result: NOTE
    feedSP: no visible global function definition for ‘drm’
    pnsdrm: no visible global function definition for ‘drm’
    pnsdrm.calc: no visible global function definition for ‘drm’
Flavors: r-devel-linux-x86_64-fedora-clang, r-devel-linux-x86_64-fedora-gcc, r-devel-osx-x86_64-clang, r-devel-windows-ix86+x86_64, r-patched-solaris-sparc, r-patched-solaris-x86, r-release-windows-ix86+x86_64

Version: 1.0-6
Check: dependencies in R code
Result: NOTE
    ':::' call which should be '::': 'drc:::ED'
     See the note in ?`:::` about the use of this operator.
    See the information on DESCRIPTION files in the chapter 'Creating R
    packages' of the 'Writing R Extensions' manual.
Flavor: r-release-osx-x86_64-snowleopard