CRAN Package Check Results for Package mrds

Last updated on 2014-04-23 12:48:22.

Flavor Version Tinstall Tcheck Ttotal Status Flags
r-devel-linux-x86_64-debian-clang 2.1.4 5.04 119.79 124.83 OK
r-devel-linux-x86_64-debian-gcc 2.1.5 5.32 113.33 118.65 OK
r-devel-linux-x86_64-fedora-clang 2.1.5 134.03 OK
r-devel-linux-x86_64-fedora-gcc 2.1.5 124.68 OK
r-devel-osx-x86_64-clang 2.1.5 153.80 OK
r-devel-osx-x86_64-gcc 2.1.4 OK
r-devel-windows-ix86+x86_64 2.1.4 12.00 150.00 162.00 OK
r-patched-linux-x86_64 2.1.4 5.24 114.53 119.76 OK
r-patched-solaris-sparc 2.1.5 1246.10 OK
r-patched-solaris-x86 2.1.5 249.90 OK
r-release-linux-ix86 2.1.4 8.00 164.00 172.00 OK
r-release-linux-x86_64 2.1.5 5.08 119.78 124.86 OK
r-release-osx-x86_64-mavericks 2.1.5 OK
r-release-osx-x86_64-snowleopard 2.1.4 ERROR
r-release-windows-ix86+x86_64 2.1.5 13.00 138.00 151.00 OK
r-oldrel-windows-ix86+x86_64 2.1.5 14.00 130.00 144.00 OK

Check Details

Version: 2.1.4
Check: whether package can be installed
Result: ERROR
    Installation failed.
    See ‘/Volumes/XT3/Builds/R-dev-web/QA/Simon/packages/snowleopard-x86_64/results/3.1/mrds.Rcheck/00install.out’ for details.
Flavor: r-release-osx-x86_64-snowleopard