CRAN Package Check Results for Package mrds

Last updated on 2015-07-05 14:46:40.

Flavor Version Tinstall Tcheck Ttotal Status Flags
r-devel-linux-x86_64-debian-clang 2.1.12 4.84 57.66 62.50 NOTE
r-devel-linux-x86_64-debian-gcc 2.1.12 4.29 57.87 62.16 NOTE
r-devel-linux-x86_64-fedora-clang 2.1.12 123.79 NOTE
r-devel-linux-x86_64-fedora-gcc 2.1.12 115.90 NOTE
r-devel-osx-x86_64-clang 2.1.12 109.30 OK
r-devel-windows-ix86+x86_64 2.1.12 12.00 119.00 131.00 NOTE
r-patched-linux-x86_64 2.1.12 4.17 57.61 61.78 OK
r-patched-solaris-sparc 2.1.12 736.20 OK
r-patched-solaris-x86 2.1.12 162.30 OK
r-release-linux-x86_64 2.1.12 4.22 57.50 61.72 OK
r-release-osx-x86_64-mavericks 2.1.12 OK
r-release-windows-ix86+x86_64 2.1.12 19.00 87.00 106.00 OK
r-oldrel-windows-ix86+x86_64 2.1.12 26.00 105.00 131.00 OK

Check Details

Version: 2.1.12
Check: R code for possible problems
Result: NOTE
    NCovered.ds: no visible global function definition for ‘predict’
    NCovered.io: no visible global function definition for ‘predict’
    NCovered.rem: no visible global function definition for ‘predict’
    NCovered.rem.fi: no visible global function definition for ‘predict’
    NCovered.trial: no visible global function definition for ‘predict’
    NCovered.trial.fi: no visible global function definition for ‘predict’
    average.line: no visible global function definition for ‘predict’
    average.line.cond: no visible global function definition for ‘predict’
    cdf.ds: no visible global function definition for ‘predict’
    check.mono: no visible global function definition for ‘model.matrix’
    check.mono: no visible global function definition for ‘as.formula’
    check.mono : chpply : plot.monopoly: no visible global function
     definition for ‘polygon’
    check.mono : chpply: no visible global function definition for ‘rug’
    check.mono : chpply: no visible global function definition for ‘rgb’
    coef.io: no visible global function definition for ‘coef’
    coef.io.fi: no visible global function definition for ‘coef’
    coef.rem: no visible global function definition for ‘coef’
    coef.rem.fi: no visible global function definition for ‘coef’
    coef.trial: no visible global function definition for ‘coef’
    coef.trial.fi: no visible global function definition for ‘coef’
    create.ddfobj: no visible global function definition for ‘as.formula’
    ddf.ds: no visible global function definition for ‘predict’
    ddf.io: no visible global function definition for ‘coef’
    ddf.io: no visible global function definition for ‘predict’
    ddf.io.fi : glm: no visible global function definition for ‘as.formula’
    ddf.io.fi : gam: no visible global function definition for ‘as.formula’
    ddf.io.fi: no visible global function definition for ‘as.formula’
    ddf.io.fi: no visible global function definition for ‘model.matrix’
    ddf.io.fi: no visible global function definition for ‘optimHess’
    ddf.io.fi: no visible global function definition for ‘coef’
    ddf.io.fi: no visible global function definition for ‘predict’
    ddf.rem: no visible global function definition for ‘coef’
    ddf.rem: no visible global function definition for ‘predict’
    ddf.rem.fi : glm: no visible global function definition for
     ‘as.formula’
    ddf.rem.fi : gam: no visible global function definition for
     ‘as.formula’
    ddf.rem.fi: no visible global function definition for ‘as.formula’
    ddf.rem.fi: no visible global function definition for ‘model.matrix’
    ddf.rem.fi: no visible global function definition for ‘coef’
    ddf.rem.fi: no visible global function definition for ‘predict’
    ddf.trial: no visible global function definition for ‘coef’
    ddf.trial: no visible global function definition for ‘predict’
    ddf.trial.fi : glm: no visible global function definition for
     ‘as.formula’
    ddf.trial.fi : gam: no visible global function definition for
     ‘as.formula’
    ddf.trial.fi: no visible global function definition for ‘as.formula’
    ddf.trial.fi: no visible binding for global variable ‘binomial’
    ddf.trial.fi: no visible global function definition for ‘coef’
    ddf.trial.fi: no visible global function definition for ‘predict’
    detfct.fit.opt: no visible global function definition for ‘runif’
    detfct.fit.opt: no visible global function definition for ‘coef’
    dht : tables.dht: no visible binding for global variable ‘var’
    dht : tables.dht: no visible global function definition for ‘var’
    dht.deriv: no visible global function definition for ‘predict’
    dht.se: no visible binding for global variable ‘var’
    dht.se: no visible global function definition for ‘qt’
    dht.se: no visible global function definition for ‘qnorm’
    ds.function: no visible global function definition for ‘predict’
    erf: no visible global function definition for ‘pnorm’
    gof.ds: no visible global function definition for ‘predict’
    gof.ds: no visible global function definition for ‘pchisq’
    gof.io: no visible global function definition for ‘predict’
    gof.io: no visible global function definition for ‘pchisq’
    gof.io.fi: no visible global function definition for ‘predict’
    gof.io.fi: no visible global function definition for ‘pchisq’
    gof.rem: no visible global function definition for ‘predict’
    gof.rem: no visible global function definition for ‘pchisq’
    gof.rem.fi: no visible global function definition for ‘predict’
    gof.rem.fi: no visible global function definition for ‘pchisq’
    gof.trial: no visible global function definition for ‘predict’
    gof.trial: no visible global function definition for ‘pchisq’
    gof.trial.fi: no visible global function definition for ‘predict’
    gof.trial.fi: no visible global function definition for ‘pchisq’
    gstdint : erf: no visible global function definition for ‘pnorm’
    gstdint: no visible global function definition for ‘smooth.spline’
    gstdint: no visible global function definition for ‘predict’
    gstdint: no visible global function definition for ‘integrate’
    histline: no visible global function definition for ‘plot’
    histline: no visible global function definition for ‘box’
    integratelogistic: no visible global function definition for
     ‘integrate’
    integratelogisticdup: no visible global function definition for
     ‘integrate’
    io.glm: no visible binding for global variable ‘binomial’
    io.glm: no visible global function definition for ‘glm’
    io.glm: no visible global function definition for ‘plogis’
    io.glm: no visible global function definition for ‘predict’
    io.p01: no visible global function definition for ‘plogis’
    io.p10: no visible global function definition for ‘plogis’
    io.p11: no visible global function definition for ‘plogis’
    io.pdot: no visible global function definition for ‘plogis’
    mcds: no visible global function definition for ‘as.formula’
    p.det: no visible global function definition for ‘model.frame’
    p.det: no visible global function definition for ‘model.matrix’
    p.det: no visible global function definition for ‘model.offset’
    p.io: no visible global function definition for ‘model.matrix’
    p.removal.mr: no visible global function definition for ‘model.matrix’
    plot.det.tables : plot_seen: no visible global function definition for
     ‘dev.new’
    plot.det.tables : plot_seen: no visible global function definition for
     ‘legend’
    plot.det.tables: no visible global function definition for ‘legend’
    plot.ds: no visible global function definition for ‘grey’
    plot.ds: no visible global function definition for ‘hist’
    plot.ds : bindata: no visible global function definition for ‘hist’
    plot.ds: no visible global function definition for ‘devAskNewPage’
    plot.ds: no visible global function definition for ‘par’
    plot.ds: no visible global function definition for ‘lines’
    plot.ds: no visible global function definition for ‘rnorm’
    plot.ds: no visible global function definition for ‘points’
    plot.ds: no visible global function definition for ‘title’
    plot.io: no visible global function definition for ‘predict’
    plot.io: no visible global function definition for ‘devAskNewPage’
    plot.io.fi: no visible global function definition for ‘predict’
    plot.io.fi: no visible global function definition for ‘devAskNewPage’
    plot.layout: no visible global function definition for ‘par’
    plot.layout: no visible global function definition for
     ‘dev.interactive’
    plot.layout: no visible global function definition for ‘devAskNewPage’
    plot.rem: no visible global function definition for ‘predict’
    plot.rem: no visible global function definition for ‘devAskNewPage’
    plot.rem.fi: no visible global function definition for ‘predict’
    plot.rem.fi: no visible global function definition for ‘devAskNewPage’
    plot.trial: no visible global function definition for ‘devAskNewPage’
    plot.trial: no visible global function definition for ‘predict’
    plot.trial.fi: no visible global function definition for ‘predict’
    plot.trial.fi: no visible global function definition for
     ‘devAskNewPage’
    plot_cond: no visible global function definition for ‘hist’
    plot_cond: no visible global function definition for ‘lines’
    plot_cond: no visible global function definition for ‘rnorm’
    plot_cond: no visible global function definition for ‘points’
    plot_cond: no visible global function definition for ‘title’
    plot_uncond: no visible global function definition for ‘hist’
    plot_uncond: no visible global function definition for ‘lines’
    plot_uncond: no visible global function definition for ‘rnorm’
    plot_uncond: no visible global function definition for ‘points’
    plot_uncond: no visible global function definition for ‘title’
    predict.ds: no visible global function definition for ‘as.formula’
    predict.io: no visible global function definition for ‘predict’
    predict.io.fi: no visible global function definition for ‘predict’
    predict.io.fi: no visible global function definition for ‘coef’
    predict.rem: no visible global function definition for ‘predict’
    predict.rem.fi: no visible global function definition for ‘predict’
    predict.rem.fi: no visible global function definition for ‘coef’
    predict.trial: no visible global function definition for ‘predict’
    predict.trial.fi: no visible global function definition for ‘coef’
    predict.trial.fi: no visible global function definition for ‘predict’
    prob.deriv: no visible global function definition for ‘predict’
    prob.se: no visible global function definition for ‘predict’
    qqplot.ddf: no visible global function definition for ‘abline’
    rem.glm: no visible binding for global variable ‘binomial’
    rem.glm: no visible global function definition for ‘glm’
    rem.glm: no visible global function definition for ‘plogis’
    rem.glm: no visible global function definition for ‘predict’
    rem.p01: no visible global function definition for ‘plogis’
    rem.p11: no visible global function definition for ‘plogis’
    rem.pdot: no visible global function definition for ‘plogis’
    setcov: no visible global function definition for ‘model.matrix’
    setinitial.ds: no visible global function definition for ‘lm’
    sim.mix: no visible global function definition for ‘rnorm’
    summary.ds: no visible global function definition for ‘predict’
    summary.ds: no visible global function definition for ‘coef’
    summary.io.fi: no visible global function definition for ‘predict’
    summary.io.fi: no visible global function definition for ‘coef’
    summary.rem.fi: no visible global function definition for ‘predict’
    summary.rem.fi: no visible global function definition for ‘coef’
    summary.trial.fi: no visible global function definition for ‘predict’
    summary.trial.fi: no visible global function definition for ‘coef’
    Undefined global functions or variables:
     abline as.formula binomial box coef dev.interactive dev.new
     devAskNewPage glm grey hist integrate legend lines lm model.frame
     model.matrix model.offset optimHess par pchisq plogis plot pnorm
     points polygon predict qnorm qt rgb rnorm rug runif smooth.spline
     title var
Flavors: r-devel-linux-x86_64-debian-clang, r-devel-linux-x86_64-debian-gcc, r-devel-linux-x86_64-fedora-clang, r-devel-linux-x86_64-fedora-gcc, r-devel-windows-ix86+x86_64