CRAN Package Check Results for Package mrds

Last updated on 2014-07-22 22:48:13.

Flavor Version Tinstall Tcheck Ttotal Status Flags
r-devel-linux-x86_64-debian-clang 2.1.6 5.01 111.76 116.76 OK
r-devel-linux-x86_64-debian-gcc 2.1.6 4.90 107.26 112.16 OK
r-devel-linux-x86_64-fedora-clang 2.1.6 245.36 OK
r-devel-linux-x86_64-fedora-gcc 2.1.6 237.96 OK
r-devel-osx-x86_64-clang 2.1.6 182.41 OK
r-devel-windows-ix86+x86_64 2.1.6 15.00 147.00 162.00 OK
r-patched-linux-x86_64 2.1.6 4.93 111.73 116.66 OK
r-patched-solaris-sparc 2.1.6 1229.20 OK
r-patched-solaris-x86 2.1.6 285.00 OK
r-release-linux-ix86 2.1.6 5.98 129.83 135.80 OK
r-release-linux-x86_64 2.1.6 5.00 109.65 114.65 OK
r-release-osx-x86_64-mavericks 2.1.6 OK
r-release-osx-x86_64-snowleopard 2.1.6 OK
r-release-windows-ix86+x86_64 2.1.6 2.00 1.00 3.00 ERROR
r-oldrel-windows-ix86+x86_64 2.1.6 2.00 1.00 3.00 ERROR

Check Details

Version: 2.1.6
Check: whether package can be installed
Result: ERROR
    Installation failed.
    See 'd:/Rcompile/CRANpkg/local/3.1/mrds.Rcheck/00install.out' for details.
Flavor: r-release-windows-ix86+x86_64

Version: 2.1.6
Check: whether package can be installed
Result: ERROR
    Installation failed.
    See 'd:/Rcompile/CRANpkg/local/3.0/mrds.Rcheck/00install.out' for details.
Flavor: r-oldrel-windows-ix86+x86_64