CRAN Package Check Results for Package mrds

Last updated on 2014-12-20 12:47:30.

Flavor Version Tinstall Tcheck Ttotal Status Flags
r-devel-linux-x86_64-debian-clang 2.1.10 5.33 68.62 73.95 WARN
r-devel-linux-x86_64-debian-gcc 2.1.10 5.17 66.77 71.94 WARN
r-devel-linux-x86_64-fedora-clang 2.1.10 165.74 WARN
r-devel-linux-x86_64-fedora-gcc 2.1.10 146.78 WARN
r-devel-osx-x86_64-clang 2.1.10 138.88 WARN
r-devel-windows-ix86+x86_64 2.1.10 18.00 100.00 118.00 WARN
r-patched-linux-x86_64 2.1.10 5.59 77.74 83.33 WARN
r-patched-solaris-sparc 2.1.10 905.80 WARN
r-patched-solaris-x86 2.1.10 210.60 WARN
r-release-linux-ix86 2.1.10 6.61 81.21 87.82 OK
r-release-linux-x86_64 2.1.10 5.62 72.48 78.10 OK
r-release-osx-x86_64-mavericks 2.1.10 OK
r-release-osx-x86_64-snowleopard 2.1.10 OK
r-release-windows-ix86+x86_64 2.1.10 20.00 109.00 129.00 OK
r-oldrel-windows-ix86+x86_64 2.1.10 16.00 105.00 121.00 OK

Check Details

Version: 2.1.10
Check: for unstated dependencies in examples
Result: WARN
    Warning: parse error in file ‘mrds-Ex.R’:
    178:14: unexpected symbol
    177: #Jeff Laake suggested this snippet to quickly create distance medians which adds bin
    178: information to
     ^
Flavors: r-devel-linux-x86_64-debian-clang, r-devel-linux-x86_64-debian-gcc, r-devel-linux-x86_64-fedora-clang, r-devel-linux-x86_64-fedora-gcc, r-devel-osx-x86_64-clang, r-patched-linux-x86_64, r-patched-solaris-sparc, r-patched-solaris-x86

Version: 2.1.10
Check: for unstated dependencies in examples
Result: WARN
    Warning: parse error in file 'mrds-Ex.R':
    179:14: unexpected symbol
    178: #Jeff Laake suggested this snippet to quickly create distance medians which adds bin
    179: information to
     ^
Flavor: r-devel-windows-ix86+x86_64