CRAN Package Check Results for Package mrds

Last updated on 2014-09-22 11:56:29.

Flavor Version Tinstall Tcheck Ttotal Status Flags
r-devel-linux-x86_64-debian-clang 2.1.8 5.12 97.71 102.83 OK
r-devel-linux-x86_64-debian-gcc 2.1.8 4.70 96.90 101.59 OK
r-devel-linux-x86_64-fedora-clang 2.1.8 215.34 OK
r-devel-linux-x86_64-fedora-gcc 2.1.8 203.26 OK
r-devel-osx-x86_64-clang 2.1.8 160.49 OK
r-devel-windows-ix86+x86_64 2.1.8 11.00 140.00 151.00 OK
r-patched-linux-x86_64 2.1.8 4.87 102.38 107.26 OK
r-patched-solaris-sparc 2.1.8 1151.70 ERROR
r-patched-solaris-x86 2.1.8 269.50 OK
r-release-linux-ix86 2.1.8 6.03 120.06 126.09 OK
r-release-linux-x86_64 2.1.8 4.92 106.26 111.17 OK
r-release-osx-x86_64-mavericks 2.1.8 OK
r-release-osx-x86_64-snowleopard 2.1.6 OK
r-release-windows-ix86+x86_64 2.1.8 13.00 148.00 161.00 OK
r-oldrel-windows-ix86+x86_64 2.1.8 12.00 134.00 146.00 OK

Check Details

Version: 2.1.8
Check: tests
Result: ERROR
    Running the tests in ‘tests/testthat.R’ failed.
    Last 13 lines of output:
     No sightings : .......
     Plotting tests: average.line : .......
     Point transects: ptexample : ...
     Summary tests : .........
     trial and trial.fi : ............
    
    
     1. Failure(@test_gamma.R#31): standardisation is done correctly ----------------
     c(-21.6765623, 0.1103963, 0.2100172) not equal to parcomp
     Mean relative difference: 0.001709154
    
     Error: Test failures
     Execution halted
Flavor: r-patched-solaris-sparc