CRAN Package Check Results for Package mrds

Last updated on 2015-01-27 12:47:33.

Flavor Version Tinstall Tcheck Ttotal Status Flags
r-devel-linux-x86_64-debian-clang 2.1.10 4.90 61.12 66.01 WARN
r-devel-linux-x86_64-debian-gcc 2.1.10 7.22 60.28 67.50 WARN
r-devel-linux-x86_64-fedora-clang 2.1.10 164.71 WARN
r-devel-linux-x86_64-fedora-gcc 2.1.10 154.01 WARN
r-devel-osx-x86_64-clang 2.1.10 137.13 WARN
r-devel-windows-ix86+x86_64 2.1.10 15.00 77.00 92.00 WARN
r-patched-linux-x86_64 2.1.10 5.61 71.17 76.78 WARN
r-patched-solaris-sparc 2.1.10 929.90 WARN
r-patched-solaris-x86 2.1.10 214.60 WARN
r-release-linux-ix86 2.1.10 6.57 81.60 88.18 OK
r-release-linux-x86_64 2.1.10 5.62 74.12 79.74 OK
r-release-osx-x86_64-mavericks 2.1.10 WARN
r-release-osx-x86_64-snowleopard 2.1.10 OK
r-release-windows-ix86+x86_64 2.1.10 17.00 104.00 121.00 OK
r-oldrel-windows-ix86+x86_64 2.1.10 24.00 105.00 129.00 OK

Check Details

Version: 2.1.10
Check: for unstated dependencies in examples
Result: WARN
    Warning: parse error in file ‘mrds-Ex.R’:
    178:14: unexpected symbol
    177: #Jeff Laake suggested this snippet to quickly create distance medians which adds bin
    178: information to
     ^
Flavors: r-devel-linux-x86_64-debian-clang, r-devel-linux-x86_64-debian-gcc, r-devel-linux-x86_64-fedora-clang, r-devel-linux-x86_64-fedora-gcc, r-devel-osx-x86_64-clang, r-patched-linux-x86_64, r-patched-solaris-sparc, r-patched-solaris-x86, r-release-osx-x86_64-mavericks

Version: 2.1.10
Check: for unstated dependencies in examples
Result: WARN
    Warning: parse error in file 'mrds-Ex.R':
    179:14: unexpected symbol
    178: #Jeff Laake suggested this snippet to quickly create distance medians which adds bin
    179: information to
     ^
Flavor: r-devel-windows-ix86+x86_64