CRAN Package Check Results for Package mrfDepth

Last updated on 2022-07-03 11:10:15 CEST.

Flavor Version Tinstall Tcheck Ttotal Status Flags
r-devel-linux-x86_64-debian-clang 1.0.13 90.10 129.07 219.17 OK
r-devel-linux-x86_64-debian-gcc 1.0.13 74.64 96.90 171.54 OK
r-devel-linux-x86_64-fedora-clang 1.0.13 304.54 NOTE
r-devel-linux-x86_64-fedora-gcc 1.0.13 276.77 OK
r-devel-windows-x86_64 1.0.13 97.00 174.00 271.00 OK
r-patched-linux-x86_64 1.0.13 79.72 120.35 200.07 OK
r-release-linux-x86_64 1.0.13 79.43 119.45 198.88 OK
r-release-macos-arm64 1.0.13 84.00 NOTE
r-release-macos-x86_64 1.0.13 136.00 NOTE
r-release-windows-x86_64 1.0.13 186.00 184.00 370.00 OK
r-oldrel-macos-arm64 1.0.13 97.00 NOTE
r-oldrel-macos-x86_64 1.0.13 146.00 NOTE
r-oldrel-windows-ix86+x86_64 1.0.13 217.00 240.00 457.00 NOTE

Check Details

Version: 1.0.13
Check: installed package size
Result: NOTE
     installed size is 15.5Mb
     sub-directories of 1Mb or more:
     data 1.6Mb
     libs 13.4Mb
Flavors: r-devel-linux-x86_64-fedora-clang, r-release-macos-arm64, r-release-macos-x86_64, r-oldrel-macos-arm64, r-oldrel-macos-x86_64, r-oldrel-windows-ix86+x86_64