CRAN Package Check Results for Package mritc

Last updated on 2015-05-29 09:47:29.

Flavor Version Tinstall Tcheck Ttotal Status Flags
r-devel-linux-x86_64-debian-clang 0.5-0 2.82 38.05 40.87 NOTE
r-devel-linux-x86_64-debian-gcc 0.5-0 2.85 35.32 38.17 NOTE
r-devel-linux-x86_64-fedora-clang 0.5-0 78.80 NOTE
r-devel-linux-x86_64-fedora-gcc 0.5-0 72.92 NOTE
r-devel-osx-x86_64-clang 0.5-0 78.58 NOTE
r-devel-windows-ix86+x86_64 0.5-0 19.00 88.00 107.00 OK
r-patched-linux-x86_64 0.5-0 3.03 34.79 37.82 NOTE
r-patched-solaris-sparc 0.5-0 514.30 NOTE
r-patched-solaris-x86 0.5-0 110.80 NOTE
r-release-linux-x86_64 0.5-0 2.86 37.44 40.30 NOTE
r-release-windows-ix86+x86_64 0.5-0 20.00 91.00 111.00 OK
r-oldrel-windows-ix86+x86_64 0.5-0 22.00 100.00 122.00 OK

Check Details

Version: 0.5-0
Check: S3 generic/method consistency
Result: NOTE
    Found the following apparent S3 methods exported but not registered:
     plot.mritc print.mritc summary.mritc
    See section ‘Registering S3 methods’ in the ‘Writing R Extensions’
    manual.
Flavors: r-devel-linux-x86_64-debian-clang, r-devel-linux-x86_64-debian-gcc, r-devel-linux-x86_64-fedora-clang, r-devel-linux-x86_64-fedora-gcc, r-devel-osx-x86_64-clang, r-patched-linux-x86_64, r-patched-solaris-sparc, r-patched-solaris-x86, r-release-linux-x86_64