CRAN Package Check Results for Package mritc

Last updated on 2017-07-26 02:47:58.

Flavor Version Tinstall Tcheck Ttotal Status Flags
r-devel-linux-x86_64-debian-clang 0.5-0 3.91 47.34 51.25 NOTE
r-devel-linux-x86_64-debian-gcc 0.5-0 3.28 46.53 49.82 NOTE
r-devel-linux-x86_64-fedora-clang 0.5-0 82.50 NOTE
r-devel-linux-x86_64-fedora-gcc 0.5-0 73.18 NOTE
r-devel-windows-ix86+x86_64 0.5-0 25.00 120.00 145.00 NOTE
r-patched-linux-x86_64 0.5-0 3.35 46.75 50.10 NOTE
r-patched-solaris-x86 0.5-0 109.10 NOTE
r-release-linux-x86_64 0.5-0 4.01 46.64 50.65 NOTE
r-release-windows-ix86+x86_64 0.5-0 20.00 141.00 161.00 NOTE
r-oldrel-windows-ix86+x86_64 0.5-0 18.00 112.00 130.00 NOTE

Additional issues

rchk

Check Details

Version: 0.5-0
Check: S3 generic/method consistency
Result: NOTE
    Found the following apparent S3 methods exported but not registered:
     plot.mritc print.mritc summary.mritc
    See section ‘Registering S3 methods’ in the ‘Writing R Extensions’
    manual.
Flavors: r-devel-linux-x86_64-debian-clang, r-devel-linux-x86_64-debian-gcc, r-devel-linux-x86_64-fedora-clang, r-devel-linux-x86_64-fedora-gcc, r-patched-linux-x86_64, r-patched-solaris-x86, r-release-linux-x86_64

Version: 0.5-0
Check: R code for possible problems
Result: NOTE
    emnormmix: no visible global function definition for ‘dnorm’
    getDen: no visible global function definition for ‘dnorm’
    getWeightsMRI: no visible global function definition for ‘dnorm’
    initProp: no visible global function definition for ‘quantile’
    initThresh : <anonymous>: no visible global function definition for
     ‘sd’
    initialIndices: no visible global function definition for ‘dnorm’
    measureMRI: no visible global function definition for ‘plot’
    mritc.em: no visible global function definition for ‘dnorm’
    rnormmix: no visible global function definition for ‘rnorm’
    updateDistanceUnit: no visible global function definition for ‘qnorm’
    updateDistanceUnit: no visible global function definition for ‘runif’
    updateDistanceUnit: no visible global function definition for ‘pnorm’
    updateMusB: no visible global function definition for ‘rnorm’
    updateSdsB: no visible global function definition for ‘rgamma’
    writeMRI: no visible global function definition for ‘as’
    Undefined global functions or variables:
     as dnorm plot pnorm qnorm quantile rgamma rnorm runif sd
    Consider adding
     importFrom("graphics", "plot")
     importFrom("methods", "as")
     importFrom("stats", "dnorm", "pnorm", "qnorm", "quantile", "rgamma",
     "rnorm", "runif", "sd")
    to your NAMESPACE file (and ensure that your DESCRIPTION Imports field
    contains 'methods').
Flavors: r-devel-linux-x86_64-debian-clang, r-devel-linux-x86_64-debian-gcc, r-devel-linux-x86_64-fedora-clang, r-devel-linux-x86_64-fedora-gcc, r-devel-windows-ix86+x86_64, r-patched-linux-x86_64, r-patched-solaris-x86, r-release-linux-x86_64, r-release-windows-ix86+x86_64, r-oldrel-windows-ix86+x86_64

Version: 0.5-0
Check: compiled code
Result: NOTE
    File ‘mritc/libs/mritc.so’:
     Found no calls to: ‘R_registerRoutines’, ‘R_useDynamicSymbols’
    
    It is good practice to register native routines and to disable symbol
    search.
    
    See ‘Writing portable packages’ in the ‘Writing R Extensions’ manual.
Flavors: r-devel-linux-x86_64-debian-clang, r-devel-linux-x86_64-debian-gcc, r-devel-linux-x86_64-fedora-clang, r-devel-linux-x86_64-fedora-gcc, r-patched-linux-x86_64, r-release-linux-x86_64