CRAN Package Check Results for Package mritc

Last updated on 2014-08-20 21:47:30.

Flavor Version Tinstall Tcheck Ttotal Status Flags
r-devel-linux-x86_64-debian-clang 0.4-0 2.03 41.40 43.42 NOTE
r-devel-linux-x86_64-debian-gcc 0.4-0 2.11 42.65 44.76 NOTE
r-devel-linux-x86_64-fedora-clang 0.4-0 84.68 NOTE
r-devel-linux-x86_64-fedora-gcc 0.4-0 82.25 NOTE
r-devel-osx-x86_64-clang 0.4-0 87.24 NOTE
r-devel-windows-ix86+x86_64 0.4-0 13.00 102.00 115.00 NOTE
r-patched-linux-x86_64 0.4-0 2.26 42.80 45.06 NOTE
r-patched-solaris-sparc 0.4-0 597.70 NOTE
r-patched-solaris-x86 0.4-0 122.00 NOTE
r-release-linux-ix86 0.4-0 3.32 66.72 70.03 NOTE
r-release-linux-x86_64 0.4-0 2.37 44.39 46.76 NOTE
r-release-windows-ix86+x86_64 0.4-0 13.00 111.00 124.00 NOTE
r-oldrel-windows-ix86+x86_64 0.4-0 15.00 114.00 129.00 NOTE

Check Details

Version: 0.4-0
Check: dependencies in R code
Result: NOTE
    Packages in Depends field not imported from:
     ‘AnalyzeFMRI’ ‘fmri’ ‘lattice’ ‘misc3d’
     These packages need to be imported from (in the NAMESPACE file)
     for when this namespace is loaded but not attached.
    Unexported object imported by a ':::' call: ‘fmri:::read.NIFTI.header’
     See the note in ?`:::` about the use of this operator.
    See the information on DESCRIPTION files in the chapter ‘Creating R
    packages’ of the ‘Writing R Extensions’ manual.
Flavors: r-devel-linux-x86_64-debian-clang, r-devel-linux-x86_64-debian-gcc, r-devel-linux-x86_64-fedora-clang, r-devel-linux-x86_64-fedora-gcc, r-devel-osx-x86_64-clang, r-devel-windows-ix86+x86_64, r-patched-linux-x86_64, r-patched-solaris-sparc, r-patched-solaris-x86, r-release-linux-ix86, r-release-linux-x86_64, r-release-windows-ix86+x86_64, r-oldrel-windows-ix86+x86_64

Version: 0.4-0
Check: R code for possible problems
Result: NOTE
    measureMRI: no visible global function definition for ‘densityplot’
    plot.mritc: no visible global function definition for ‘slices3d’
    readMRI: no visible global function definition for
     ‘f.read.analyze.volume’
    writeMRI: no visible global function definition for ‘write.ANALYZE’
Flavors: r-devel-linux-x86_64-fedora-clang, r-devel-linux-x86_64-fedora-gcc, r-devel-osx-x86_64-clang