CRAN Package Check Results for Package mritc

Last updated on 2015-01-31 08:49:47.

Flavor Version Tinstall Tcheck Ttotal Status Flags
r-devel-linux-x86_64-debian-clang 0.5-0 2.74 32.51 35.25 NOTE
r-devel-linux-x86_64-debian-gcc 0.5-0 2.86 35.64 38.49 NOTE
r-devel-linux-x86_64-fedora-clang 0.5-0 80.32 NOTE
r-devel-linux-x86_64-fedora-gcc 0.5-0 78.64 NOTE
r-devel-osx-x86_64-clang 0.5-0 78.10 NOTE
r-devel-windows-ix86+x86_64 0.5-0 25.00 85.00 110.00 OK
r-patched-linux-x86_64 0.5-0 3.30 39.85 43.15 OK
r-patched-solaris-sparc 0.5-0 515.10 OK
r-patched-solaris-x86 0.5-0 117.50 OK
r-release-linux-ix86 0.5-0 4.18 56.90 61.08 OK
r-release-linux-x86_64 0.5-0 3.13 39.73 42.86 OK
r-release-windows-ix86+x86_64 0.5-0 19.00 99.00 118.00 OK
r-oldrel-windows-ix86+x86_64 0.5-0 19.00 152.00 171.00 OK

Check Details

Version: 0.5-0
Check: S3 generic/method consistency
Result: NOTE
    Found the following apparent S3 methods exported but not registered:
     print.mritc summary.mritc plot.mritc
    See section ‘Registering S3 methods’ in the ‘Writing R Extensions’
    manual.
Flavors: r-devel-linux-x86_64-debian-clang, r-devel-linux-x86_64-debian-gcc, r-devel-linux-x86_64-fedora-clang, r-devel-linux-x86_64-fedora-gcc, r-devel-osx-x86_64-clang