CRAN Package Check Results for Package mritc

Last updated on 2015-03-03 09:49:40.

Flavor Version Tinstall Tcheck Ttotal Status Flags
r-devel-linux-x86_64-debian-clang 0.5-0 2.71 32.60 35.30 NOTE
r-devel-linux-x86_64-debian-gcc 0.5-0 2.71 31.72 34.44 NOTE
r-devel-linux-x86_64-fedora-clang 0.5-0 69.82 NOTE
r-devel-linux-x86_64-fedora-gcc 0.5-0 66.74 NOTE
r-devel-osx-x86_64-clang 0.5-0 68.01 NOTE
r-devel-windows-ix86+x86_64 0.5-0 34.00 109.00 143.00 OK
r-patched-linux-x86_64 0.5-0 3.23 40.63 43.86 OK
r-patched-solaris-sparc 0.5-0 515.10 OK
r-patched-solaris-x86 0.5-0 116.90 OK
r-release-linux-ix86 0.5-0 4.17 57.50 61.66 OK
r-release-linux-x86_64 0.5-0 3.17 40.94 44.11 OK
r-release-windows-ix86+x86_64 0.5-0 40.00 102.00 142.00 OK
r-oldrel-windows-ix86+x86_64 0.5-0 22.00 109.00 131.00 OK

Check Details

Version: 0.5-0
Check: S3 generic/method consistency
Result: NOTE
    Found the following apparent S3 methods exported but not registered:
     plot.mritc print.mritc summary.mritc
    See section ‘Registering S3 methods’ in the ‘Writing R Extensions’
    manual.
Flavors: r-devel-linux-x86_64-debian-clang, r-devel-linux-x86_64-debian-gcc, r-devel-linux-x86_64-fedora-clang, r-devel-linux-x86_64-fedora-gcc, r-devel-osx-x86_64-clang