CRAN Package Check Results for Package mritc

Last updated on 2015-09-02 22:47:56.

Flavor Version Tinstall Tcheck Ttotal Status Flags
r-devel-linux-x86_64-debian-clang 0.5-0 2.69 36.69 39.38 NOTE
r-devel-linux-x86_64-debian-gcc 0.5-0 2.80 37.80 40.60 NOTE
r-devel-linux-x86_64-fedora-clang 0.5-0 71.69 NOTE
r-devel-linux-x86_64-fedora-gcc 0.5-0 68.49 NOTE
r-devel-osx-x86_64-clang 0.5-0 67.90 NOTE
r-devel-windows-ix86+x86_64 0.5-0 30.00 101.00 131.00 NOTE
r-patched-linux-x86_64 0.5-0 2.91 38.06 40.97 NOTE
r-patched-solaris-sparc 0.5-0 517.90 NOTE
r-patched-solaris-x86 0.5-0 109.80 NOTE
r-release-linux-x86_64 0.5-0 3.52 36.48 40.00 NOTE
r-release-windows-ix86+x86_64 0.5-0 26.00 134.00 160.00 OK
r-oldrel-windows-ix86+x86_64 0.5-0 35.00 128.00 163.00 OK

Check Details

Version: 0.5-0
Check: S3 generic/method consistency
Result: NOTE
    Found the following apparent S3 methods exported but not registered:
     plot.mritc print.mritc summary.mritc
    See section ‘Registering S3 methods’ in the ‘Writing R Extensions’
    manual.
Flavors: r-devel-linux-x86_64-debian-clang, r-devel-linux-x86_64-debian-gcc, r-devel-linux-x86_64-fedora-clang, r-devel-linux-x86_64-fedora-gcc, r-devel-osx-x86_64-clang, r-patched-linux-x86_64, r-patched-solaris-sparc, r-patched-solaris-x86, r-release-linux-x86_64

Version: 0.5-0
Check: R code for possible problems
Result: NOTE
    emnormmix: no visible global function definition for ‘dnorm’
    getDen: no visible global function definition for ‘dnorm’
    getWeightsMRI: no visible global function definition for ‘dnorm’
    initProp: no visible global function definition for ‘quantile’
    initThresh : <anonymous>: no visible global function definition for
     ‘sd’
    initialIndices: no visible global function definition for ‘dnorm’
    measureMRI: no visible global function definition for ‘plot’
    mritc.em: no visible global function definition for ‘dnorm’
    rnormmix: no visible global function definition for ‘rnorm’
    updateDistanceUnit: no visible global function definition for ‘qnorm’
    updateDistanceUnit: no visible global function definition for ‘runif’
    updateDistanceUnit: no visible global function definition for ‘pnorm’
    updateMusB: no visible global function definition for ‘rnorm’
    updateSdsB: no visible global function definition for ‘rgamma’
    writeMRI: no visible global function definition for ‘as’
    Undefined global functions or variables:
     as dnorm plot pnorm qnorm quantile rgamma rnorm runif sd
    Consider adding
     importFrom("graphics", "plot")
     importFrom("methods", "as")
     importFrom("stats", "dnorm", "pnorm", "qnorm", "quantile", "rgamma",
     "rnorm", "runif", "sd")
    to your NAMESPACE (and ensure that your DESCRIPTION Imports field
    contains 'methods').
Flavors: r-devel-linux-x86_64-debian-clang, r-devel-linux-x86_64-debian-gcc, r-devel-linux-x86_64-fedora-clang, r-devel-linux-x86_64-fedora-gcc, r-devel-windows-ix86+x86_64