CRAN Package Check Results for Package mritc

Last updated on 2014-04-25 05:47:19.

Flavor Version Tinstall Tcheck Ttotal Status Flags
r-devel-linux-x86_64-debian-clang 0.4-0 2.22 45.47 47.68 NOTE
r-devel-linux-x86_64-debian-gcc 0.4-0 2.32 43.92 46.24 NOTE
r-devel-linux-x86_64-fedora-clang 0.4-0 89.51 NOTE
r-devel-linux-x86_64-fedora-gcc 0.4-0 87.08 NOTE
r-devel-osx-x86_64-clang 0.4-0 86.55 NOTE
r-devel-windows-ix86+x86_64 0.4-0 11.00 101.00 112.00 NOTE
r-patched-linux-x86_64 0.4-0 2.42 95.45 97.87 NOTE
r-patched-solaris-sparc 0.4-0 571.90 NOTE
r-patched-solaris-x86 0.4-0 138.30 NOTE
r-release-linux-ix86 0.4-0 5.00 92.00 97.00 NOTE
r-release-linux-x86_64 0.4-0 2.31 46.28 48.59 NOTE
r-release-windows-ix86+x86_64 0.4-0 13.00 107.00 120.00 NOTE
r-oldrel-windows-ix86+x86_64 0.4-0 14.00 113.00 127.00 NOTE

Check Details

Version: 0.4-0
Check: dependencies in R code
Result: NOTE
    Packages in Depends field not imported from:
     ‘AnalyzeFMRI’ ‘fmri’ ‘lattice’ ‘misc3d’
     These packages need to be imported from (in the NAMESPACE file)
     for when this namespace is loaded but not attached.
    Unexported object imported by a ':::' call: ‘fmri:::read.NIFTI.header’
     See the note in ?`:::` about the use of this operator.
    See the information on DESCRIPTION files in the chapter ‘Creating R
    packages’ of the ‘Writing R Extensions’ manual.
Flavors: r-devel-linux-x86_64-debian-clang, r-devel-linux-x86_64-debian-gcc, r-devel-linux-x86_64-fedora-clang, r-devel-linux-x86_64-fedora-gcc, r-devel-osx-x86_64-clang, r-devel-windows-ix86+x86_64, r-patched-linux-x86_64, r-patched-solaris-sparc, r-patched-solaris-x86, r-release-linux-ix86, r-release-linux-x86_64, r-release-windows-ix86+x86_64, r-oldrel-windows-ix86+x86_64