CRAN Package Check Results for Package mritc

Last updated on 2014-10-24 19:47:45.

Flavor Version Tinstall Tcheck Ttotal Status Flags
r-devel-linux-x86_64-debian-clang 0.4-0 2.20 42.38 44.58 NOTE
r-devel-linux-x86_64-debian-gcc 0.4-0 2.33 42.73 45.06 NOTE
r-devel-linux-x86_64-fedora-clang 0.4-0 88.21 NOTE
r-devel-linux-x86_64-fedora-gcc 0.4-0 85.46 NOTE
r-devel-osx-x86_64-clang 0.4-0 88.03 NOTE
r-devel-windows-ix86+x86_64 0.4-0 13.00 103.00 116.00 NOTE
r-patched-linux-x86_64 0.4-0 2.30 44.76 47.06 NOTE
r-patched-solaris-sparc 0.4-0 564.20 NOTE
r-patched-solaris-x86 0.4-0 124.90 NOTE
r-release-linux-ix86 0.4-0 3.34 67.65 70.99 NOTE
r-release-linux-x86_64 0.4-0 2.26 43.28 45.54 NOTE
r-release-windows-ix86+x86_64 0.4-0 14.00 108.00 122.00 NOTE
r-oldrel-windows-ix86+x86_64 0.4-0 14.00 116.00 130.00 NOTE

Check Details

Version: 0.4-0
Check: dependencies in R code
Result: NOTE
    Packages in Depends field not imported from:
     ‘AnalyzeFMRI’ ‘fmri’ ‘lattice’ ‘misc3d’
     These packages need to be imported from (in the NAMESPACE file)
     for when this namespace is loaded but not attached.
    Unexported object imported by a ':::' call: ‘fmri:::read.NIFTI.header’
     See the note in ?`:::` about the use of this operator.
    See the information on DESCRIPTION files in the chapter ‘Creating R
    packages’ of the ‘Writing R Extensions’ manual.
Flavors: r-devel-linux-x86_64-debian-clang, r-devel-linux-x86_64-debian-gcc, r-devel-linux-x86_64-fedora-clang, r-devel-linux-x86_64-fedora-gcc, r-devel-osx-x86_64-clang, r-devel-windows-ix86+x86_64, r-patched-linux-x86_64, r-patched-solaris-sparc, r-patched-solaris-x86, r-release-linux-ix86, r-release-linux-x86_64, r-release-windows-ix86+x86_64, r-oldrel-windows-ix86+x86_64

Version: 0.4-0
Check: R code for possible problems
Result: NOTE
    measureMRI: no visible global function definition for ‘densityplot’
    plot.mritc: no visible global function definition for ‘slices3d’
    readMRI: no visible global function definition for
     ‘f.read.analyze.volume’
    writeMRI: no visible global function definition for ‘write.ANALYZE’
Flavors: r-devel-linux-x86_64-debian-clang, r-devel-linux-x86_64-debian-gcc, r-devel-linux-x86_64-fedora-clang, r-devel-linux-x86_64-fedora-gcc, r-devel-osx-x86_64-clang, r-devel-windows-ix86+x86_64, r-patched-linux-x86_64, r-patched-solaris-sparc, r-patched-solaris-x86