CRAN Package Check Results for Package mritc

Last updated on 2014-11-24 19:50:28.

Flavor Version Tinstall Tcheck Ttotal Status Flags
r-devel-linux-x86_64-debian-clang 0.4-0 2.59 43.44 46.04 NOTE
r-devel-linux-x86_64-debian-gcc 0.4-0 2.23 42.26 44.49 NOTE
r-devel-linux-x86_64-fedora-clang 0.4-0 90.71 NOTE
r-devel-linux-x86_64-fedora-gcc 0.4-0 85.41 NOTE
r-devel-osx-x86_64-clang 0.4-0 88.93 NOTE
r-devel-windows-ix86+x86_64 0.4-0 13.00 103.00 116.00 NOTE
r-patched-linux-x86_64 0.4-0 2.49 45.16 47.66 NOTE
r-patched-solaris-sparc 0.4-0 564.20 NOTE
r-patched-solaris-x86 0.4-0 126.70 NOTE
r-release-linux-ix86 0.4-0 3.26 64.24 67.50 NOTE
r-release-linux-x86_64 0.4-0 2.32 44.64 46.95 NOTE
r-release-windows-ix86+x86_64 0.4-0 13.00 112.00 125.00 NOTE
r-oldrel-windows-ix86+x86_64 0.4-0 14.00 120.00 134.00 NOTE

Check Details

Version: 0.4-0
Check: dependencies in R code
Result: NOTE
    Packages in Depends field not imported from:
     ‘AnalyzeFMRI’ ‘fmri’ ‘lattice’ ‘misc3d’
     These packages need to be imported from (in the NAMESPACE file)
     for when this namespace is loaded but not attached.
    Unexported object imported by a ':::' call: ‘fmri:::read.NIFTI.header’
     See the note in ?`:::` about the use of this operator.
    See the information on DESCRIPTION files in the chapter ‘Creating R
    packages’ of the ‘Writing R Extensions’ manual.
Flavors: r-devel-linux-x86_64-debian-clang, r-devel-linux-x86_64-debian-gcc, r-devel-linux-x86_64-fedora-clang, r-devel-linux-x86_64-fedora-gcc, r-devel-osx-x86_64-clang, r-devel-windows-ix86+x86_64, r-patched-linux-x86_64, r-patched-solaris-sparc, r-patched-solaris-x86, r-release-linux-ix86, r-release-linux-x86_64, r-release-windows-ix86+x86_64, r-oldrel-windows-ix86+x86_64

Version: 0.4-0
Check: R code for possible problems
Result: NOTE
    measureMRI: no visible global function definition for ‘densityplot’
    plot.mritc: no visible global function definition for ‘slices3d’
    readMRI: no visible global function definition for
     ‘f.read.analyze.volume’
    writeMRI: no visible global function definition for ‘write.ANALYZE’
Flavors: r-devel-linux-x86_64-debian-clang, r-devel-linux-x86_64-debian-gcc, r-devel-linux-x86_64-fedora-clang, r-devel-linux-x86_64-fedora-gcc, r-devel-osx-x86_64-clang, r-devel-windows-ix86+x86_64, r-patched-linux-x86_64, r-patched-solaris-sparc, r-patched-solaris-x86, r-release-linux-ix86, r-release-linux-x86_64, r-release-windows-ix86+x86_64