CRAN Package Check Results for Package mritc

Last updated on 2014-12-22 06:48:41.

Flavor Version Tinstall Tcheck Ttotal Status Flags
r-devel-linux-x86_64-debian-clang 0.4-0 2.30 43.78 46.09 NOTE
r-devel-linux-x86_64-debian-gcc 0.4-0 2.18 42.46 44.64 NOTE
r-devel-linux-x86_64-fedora-clang 0.4-0 89.13 NOTE
r-devel-linux-x86_64-fedora-gcc 0.4-0 88.22 NOTE
r-devel-osx-x86_64-clang 0.4-0 88.97 NOTE
r-devel-windows-ix86+x86_64 0.4-0 14.00 108.00 122.00 NOTE
r-patched-linux-x86_64 0.4-0 2.38 44.20 46.58 NOTE
r-patched-solaris-sparc 0.4-0 591.40 NOTE
r-patched-solaris-x86 0.4-0 123.00 NOTE
r-release-linux-ix86 0.4-0 3.20 64.28 67.47 NOTE
r-release-linux-x86_64 0.4-0 2.37 44.50 46.87 NOTE
r-release-windows-ix86+x86_64 0.4-0 14.00 109.00 123.00 NOTE
r-oldrel-windows-ix86+x86_64 0.4-0 15.00 109.00 124.00 NOTE

Check Details

Version: 0.4-0
Check: dependencies in R code
Result: NOTE
    Packages in Depends field not imported from:
     ‘AnalyzeFMRI’ ‘fmri’ ‘lattice’ ‘misc3d’
     These packages need to be imported from (in the NAMESPACE file)
     for when this namespace is loaded but not attached.
    Unexported object imported by a ':::' call: ‘fmri:::read.NIFTI.header’
     See the note in ?`:::` about the use of this operator.
    See the information on DESCRIPTION files in the chapter ‘Creating R
    packages’ of the ‘Writing R Extensions’ manual.
Flavors: r-devel-linux-x86_64-debian-clang, r-devel-linux-x86_64-debian-gcc, r-devel-linux-x86_64-fedora-clang, r-devel-linux-x86_64-fedora-gcc, r-devel-osx-x86_64-clang, r-devel-windows-ix86+x86_64, r-patched-linux-x86_64, r-patched-solaris-sparc, r-patched-solaris-x86, r-release-linux-ix86, r-release-linux-x86_64, r-release-windows-ix86+x86_64, r-oldrel-windows-ix86+x86_64

Version: 0.4-0
Check: R code for possible problems
Result: NOTE
    measureMRI: no visible global function definition for ‘densityplot’
    plot.mritc: no visible global function definition for ‘slices3d’
    readMRI: no visible global function definition for
     ‘f.read.analyze.volume’
    writeMRI: no visible global function definition for ‘write.ANALYZE’
Flavors: r-devel-linux-x86_64-debian-clang, r-devel-linux-x86_64-debian-gcc, r-devel-linux-x86_64-fedora-clang, r-devel-linux-x86_64-fedora-gcc, r-devel-osx-x86_64-clang, r-devel-windows-ix86+x86_64, r-patched-linux-x86_64, r-patched-solaris-sparc, r-patched-solaris-x86, r-release-linux-ix86, r-release-linux-x86_64, r-release-windows-ix86+x86_64