CRAN Package Check Results for Package msSurv

Last updated on 2015-07-06 06:46:49.

Flavor Version Tinstall Tcheck Ttotal Status Flags
r-devel-linux-x86_64-debian-clang 1.2-2 1.61 146.38 147.98 NOTE
r-devel-linux-x86_64-debian-gcc 1.2-2 1.53 146.57 148.10 NOTE
r-devel-linux-x86_64-fedora-clang 1.2-2 308.35 NOTE
r-devel-linux-x86_64-fedora-gcc 1.2-2 286.95 NOTE
r-devel-osx-x86_64-clang 1.2-2 254.05 OK
r-devel-windows-ix86+x86_64 1.2-2 8.00 319.00 327.00 NOTE
r-patched-linux-x86_64 1.2-2 1.58 144.17 145.76 OK
r-patched-solaris-sparc 1.2-2 1735.70 OK
r-patched-solaris-x86 1.2-2 351.70 OK
r-release-linux-x86_64 1.2-2 1.70 145.94 147.64 OK
r-release-osx-x86_64-mavericks 1.2-2 OK
r-release-windows-ix86+x86_64 1.2-2 7.00 314.00 321.00 OK
r-oldrel-windows-ix86+x86_64 1.2-2 8.00 268.00 276.00 OK

Check Details

Version: 1.2-2
Check: R code for possible problems
Result: NOTE
    BS.var: no visible binding for global variable ‘var’
    BS.var: no visible global function definition for ‘cov’
    Dist.CIs: no visible global function definition for ‘qnorm’
    MSM.CIs: no visible global function definition for ‘qnorm’
    plot,msSurv-missing: no visible global function definition for ‘update’
    summary,msSurv: no visible global function definition for ‘quantile’
    Undefined global functions or variables:
     cov qnorm quantile update var
Flavors: r-devel-linux-x86_64-debian-clang, r-devel-linux-x86_64-debian-gcc, r-devel-linux-x86_64-fedora-clang, r-devel-linux-x86_64-fedora-gcc, r-devel-windows-ix86+x86_64