CRAN Package Check Results for Package msSurv

Last updated on 2016-05-31 13:47:27.

Flavor Version Tinstall Tcheck Ttotal Status Flags
r-devel-linux-x86_64-debian-gcc 1.2-2 2.09 92.91 95.00 NOTE
r-devel-linux-x86_64-fedora-clang 1.2-2 187.49 NOTE
r-devel-linux-x86_64-fedora-gcc 1.2-2 179.95 NOTE
r-devel-osx-x86_64-clang 1.2-2 180.26 NOTE
r-devel-windows-ix86+x86_64 1.2-2 5.00 165.00 170.00 NOTE
r-patched-linux-x86_64 1.2-2 2.32 92.05 94.37 NOTE
r-patched-solaris-sparc 1.2-2 985.90 NOTE
r-patched-solaris-x86 1.2-2 206.60 NOTE
r-release-linux-x86_64 1.2-2 2.19 85.78 87.97 NOTE
r-release-osx-x86_64-mavericks 1.2-2 NOTE
r-release-windows-ix86+x86_64 1.2-2 9.00 172.00 181.00 NOTE
r-oldrel-windows-ix86+x86_64 1.2-2 5.00 353.00 358.00 OK

Check Details

Version: 1.2-2
Check: R code for possible problems
Result: NOTE
    BS.var: no visible binding for global variable ‘var’
    BS.var: no visible global function definition for ‘cov’
    Dist.CIs: no visible global function definition for ‘qnorm’
    MSM.CIs: no visible global function definition for ‘qnorm’
    plot,msSurv-missing: no visible global function definition for ‘update’
    summary,msSurv: no visible global function definition for ‘quantile’
    Undefined global functions or variables:
     cov qnorm quantile update var
    Consider adding
     importFrom("stats", "cov", "qnorm", "quantile", "update", "var")
    to your NAMESPACE file.
Flavors: r-devel-linux-x86_64-debian-gcc, r-devel-linux-x86_64-fedora-clang, r-devel-linux-x86_64-fedora-gcc, r-devel-osx-x86_64-clang, r-devel-windows-ix86+x86_64, r-patched-linux-x86_64, r-patched-solaris-sparc, r-patched-solaris-x86, r-release-linux-x86_64, r-release-osx-x86_64-mavericks, r-release-windows-ix86+x86_64