CRAN Package Check Results for Package msSurv

Last updated on 2017-03-27 06:48:21.

Flavor Version Tinstall Tcheck Ttotal Status Flags
r-devel-linux-x86_64-debian-clang 1.2-2 1.79 97.61 99.39 NOTE
r-devel-linux-x86_64-debian-gcc 1.2-2 1.89 95.27 97.16 NOTE
r-devel-linux-x86_64-fedora-clang 1.2-2 184.77 NOTE --no-stop-on-test-error
r-devel-linux-x86_64-fedora-gcc 1.2-2 182.28 NOTE --no-stop-on-test-error
r-devel-macos-x86_64-clang 1.2-2 139.04 NOTE --no-stop-on-test-error
r-devel-windows-ix86+x86_64 1.2-2 7.00 226.00 233.00 NOTE
r-patched-linux-x86_64 1.2-2 1.85 100.90 102.75 NOTE
r-patched-solaris-sparc 1.2-2 1059.10 NOTE
r-patched-solaris-x86 1.2-2 234.00 NOTE
r-release-linux-x86_64 1.2-2 1.66 86.18 87.84 NOTE
r-release-osx-x86_64-mavericks 1.2-2 NOTE
r-release-windows-ix86+x86_64 1.2-2 10.00 171.00 181.00 NOTE
r-oldrel-windows-ix86+x86_64 1.2-2 5.00 243.00 248.00 OK

Check Details

Version: 1.2-2
Check: R code for possible problems
Result: NOTE
    BS.var: no visible binding for global variable ‘var’
    BS.var: no visible global function definition for ‘cov’
    Dist.CIs: no visible global function definition for ‘qnorm’
    MSM.CIs: no visible global function definition for ‘qnorm’
    plot,msSurv-missing: no visible global function definition for ‘update’
    summary,msSurv: no visible global function definition for ‘quantile’
    Undefined global functions or variables:
     cov qnorm quantile update var
    Consider adding
     importFrom("stats", "cov", "qnorm", "quantile", "update", "var")
    to your NAMESPACE file.
Flavors: r-devel-linux-x86_64-debian-clang, r-devel-linux-x86_64-debian-gcc, r-devel-windows-ix86+x86_64, r-patched-linux-x86_64, r-patched-solaris-sparc, r-patched-solaris-x86, r-release-linux-x86_64, r-release-osx-x86_64-mavericks, r-release-windows-ix86+x86_64

Version: 1.2-2
Flags: --no-stop-on-test-error
Check: R code for possible problems
Result: NOTE
    BS.var: no visible binding for global variable ‘var’
    BS.var: no visible global function definition for ‘cov’
    Dist.CIs: no visible global function definition for ‘qnorm’
    MSM.CIs: no visible global function definition for ‘qnorm’
    plot,msSurv-missing: no visible global function definition for ‘update’
    summary,msSurv: no visible global function definition for ‘quantile’
    Undefined global functions or variables:
     cov qnorm quantile update var
    Consider adding
     importFrom("stats", "cov", "qnorm", "quantile", "update", "var")
    to your NAMESPACE file.
Flavors: r-devel-linux-x86_64-fedora-clang, r-devel-linux-x86_64-fedora-gcc, r-devel-macos-x86_64-clang