CRAN Package Check Results for Package msSurv

Last updated on 2017-01-17 23:49:25.

Flavor Version Tinstall Tcheck Ttotal Status Flags
r-devel-linux-x86_64-debian-clang 1.2-2 1.74 100.18 101.92 NOTE
r-devel-linux-x86_64-debian-gcc 1.2-2 1.82 101.27 103.08 NOTE
r-devel-linux-x86_64-fedora-clang 1.2-2 194.80 NOTE --no-stop-on-test-error
r-devel-linux-x86_64-fedora-gcc 1.2-2 185.07 NOTE --no-stop-on-test-error
r-devel-macos-x86_64-clang 1.2-2 137.91 NOTE --no-stop-on-test-error
r-devel-windows-ix86+x86_64 1.2-2 10.00 176.00 186.00 NOTE
r-patched-linux-x86_64 1.2-2 1.72 87.52 89.24 NOTE
r-patched-solaris-sparc 1.2-2 980.30 NOTE
r-patched-solaris-x86 1.2-2 203.10 NOTE
r-release-linux-x86_64 1.2-2 1.87 90.80 92.67 NOTE
r-release-osx-x86_64-mavericks 1.2-2 NOTE
r-release-windows-ix86+x86_64 1.2-2 5.00 205.00 210.00 NOTE
r-oldrel-windows-ix86+x86_64 1.2-2 7.00 333.00 340.00 OK

Check Details

Version: 1.2-2
Check: R code for possible problems
Result: NOTE
    BS.var: no visible binding for global variable ‘var’
    BS.var: no visible global function definition for ‘cov’
    Dist.CIs: no visible global function definition for ‘qnorm’
    MSM.CIs: no visible global function definition for ‘qnorm’
    plot,msSurv-missing: no visible global function definition for ‘update’
    summary,msSurv: no visible global function definition for ‘quantile’
    Undefined global functions or variables:
     cov qnorm quantile update var
    Consider adding
     importFrom("stats", "cov", "qnorm", "quantile", "update", "var")
    to your NAMESPACE file.
Flavors: r-devel-linux-x86_64-debian-clang, r-devel-linux-x86_64-debian-gcc, r-devel-windows-ix86+x86_64, r-patched-linux-x86_64, r-patched-solaris-sparc, r-patched-solaris-x86, r-release-linux-x86_64, r-release-osx-x86_64-mavericks, r-release-windows-ix86+x86_64

Version: 1.2-2
Flags: --no-stop-on-test-error
Check: R code for possible problems
Result: NOTE
    BS.var: no visible binding for global variable ‘var’
    BS.var: no visible global function definition for ‘cov’
    Dist.CIs: no visible global function definition for ‘qnorm’
    MSM.CIs: no visible global function definition for ‘qnorm’
    plot,msSurv-missing: no visible global function definition for ‘update’
    summary,msSurv: no visible global function definition for ‘quantile’
    Undefined global functions or variables:
     cov qnorm quantile update var
    Consider adding
     importFrom("stats", "cov", "qnorm", "quantile", "update", "var")
    to your NAMESPACE file.
Flavors: r-devel-linux-x86_64-fedora-clang, r-devel-linux-x86_64-fedora-gcc, r-devel-macos-x86_64-clang