CRAN Package Check Results for Package msSurv

Last updated on 2016-09-29 02:49:51.

Flavor Version Tinstall Tcheck Ttotal Status Flags
r-devel-linux-x86_64-debian-clang 1.2-2 1.90 87.30 89.20 NOTE
r-devel-linux-x86_64-debian-gcc 1.2-2 1.70 87.50 89.20 NOTE
r-devel-linux-x86_64-fedora-clang 1.2-2 185.73 NOTE
r-devel-linux-x86_64-fedora-gcc 1.2-2 173.01 NOTE
r-devel-macos-x86_64-clang 1.2-2 128.92 NOTE
r-devel-windows-ix86+x86_64 1.2-2 4.00 205.00 209.00 NOTE
r-patched-linux-x86_64 1.2-2 1.66 87.94 89.60 NOTE
r-patched-solaris-sparc 1.2-2 986.90 NOTE
r-patched-solaris-x86 1.2-2 205.80 NOTE
r-release-linux-x86_64 1.2-2 1.74 97.20 98.94 NOTE
r-release-osx-x86_64-mavericks 1.2-2 NOTE
r-release-windows-ix86+x86_64 1.2-2 6.00 165.00 171.00 NOTE
r-oldrel-windows-ix86+x86_64 1.2-2 8.00 286.00 294.00 OK

Check Details

Version: 1.2-2
Check: R code for possible problems
Result: NOTE
    BS.var: no visible binding for global variable ‘var’
    BS.var: no visible global function definition for ‘cov’
    Dist.CIs: no visible global function definition for ‘qnorm’
    MSM.CIs: no visible global function definition for ‘qnorm’
    plot,msSurv-missing: no visible global function definition for ‘update’
    summary,msSurv: no visible global function definition for ‘quantile’
    Undefined global functions or variables:
     cov qnorm quantile update var
    Consider adding
     importFrom("stats", "cov", "qnorm", "quantile", "update", "var")
    to your NAMESPACE file.
Flavors: r-devel-linux-x86_64-debian-clang, r-devel-linux-x86_64-debian-gcc, r-devel-linux-x86_64-fedora-clang, r-devel-linux-x86_64-fedora-gcc, r-devel-macos-x86_64-clang, r-devel-windows-ix86+x86_64, r-patched-linux-x86_64, r-patched-solaris-sparc, r-patched-solaris-x86, r-release-linux-x86_64, r-release-osx-x86_64-mavericks, r-release-windows-ix86+x86_64