CRAN Package Check Results for Package msSurv

Last updated on 2015-04-18 17:50:53.

Flavor Version Tinstall Tcheck Ttotal Status Flags
r-devel-linux-x86_64-debian-clang 1.2-2 1.59 147.20 148.80 OK
r-devel-linux-x86_64-debian-gcc 1.2-2 1.77 145.07 146.84 OK
r-devel-linux-x86_64-fedora-clang 1.2-2 313.23 OK
r-devel-linux-x86_64-fedora-gcc 1.2-2 298.88 OK
r-devel-osx-x86_64-clang 1.2-2 249.52 OK
r-patched-linux-x86_64 1.2-1 1.98 143.68 145.65 OK
r-patched-solaris-sparc 1.2-2 1610.40 OK
r-patched-solaris-x86 1.2-2 346.70 OK
r-release-linux-x86_64 1.2-2 1.65 177.66 179.31 OK
r-release-osx-x86_64-mavericks 1.2-2 OK
r-release-osx-x86_64-snowleopard 1.2-2 ERROR
r-release-windows-ix86+x86_64 1.2-2 5.00 307.00 312.00 OK
r-oldrel-windows-ix86+x86_64 1.2-2 7.00 325.00 332.00 OK

Check Details

Version: 1.2-2
Check: package dependencies
Result: ERROR
    Package required but not available: ‘graph’
    
    Package suggested but not available for checking: ‘Rgraphviz’
    
    See section ‘The DESCRIPTION file’ in the ‘Writing R Extensions’
    manual.
Flavor: r-release-osx-x86_64-snowleopard