CRAN Package Check Results for Package msSurv

Last updated on 2015-08-29 20:48:07.

Flavor Version Tinstall Tcheck Ttotal Status Flags
r-devel-linux-x86_64-debian-clang 1.2-2 1.50 144.23 145.72 NOTE
r-devel-linux-x86_64-debian-gcc 1.2-2 2.00 142.85 144.85 NOTE
r-devel-linux-x86_64-fedora-clang 1.2-2 286.61 NOTE
r-devel-linux-x86_64-fedora-gcc 1.2-2 284.06 NOTE
r-devel-osx-x86_64-clang 1.2-2 248.43 OK
r-devel-windows-ix86+x86_64 1.2-2 10.00 254.00 264.00 NOTE
r-patched-linux-x86_64 1.2-2 2.24 162.52 164.76 OK
r-patched-solaris-sparc 1.2-2 1752.30 OK
r-patched-solaris-x86 1.2-2 353.40 OK
r-release-linux-x86_64 1.2-2 2.25 156.84 159.08 OK
r-release-osx-x86_64-mavericks 1.2-2 OK
r-release-windows-ix86+x86_64 1.2-2 7.00 332.00 339.00 OK
r-oldrel-windows-ix86+x86_64 1.2-2 8.00 305.00 313.00 OK

Check Details

Version: 1.2-2
Check: R code for possible problems
Result: NOTE
    BS.var: no visible binding for global variable ‘var’
    BS.var: no visible global function definition for ‘cov’
    Dist.CIs: no visible global function definition for ‘qnorm’
    MSM.CIs: no visible global function definition for ‘qnorm’
    plot,msSurv-missing: no visible global function definition for ‘update’
    summary,msSurv: no visible global function definition for ‘quantile’
    Undefined global functions or variables:
     cov qnorm quantile update var
    Consider adding
     importFrom("stats", "cov", "qnorm", "quantile", "update", "var")
    to your NAMESPACE.
Flavors: r-devel-linux-x86_64-debian-clang, r-devel-linux-x86_64-debian-gcc, r-devel-linux-x86_64-fedora-clang, r-devel-linux-x86_64-fedora-gcc, r-devel-windows-ix86+x86_64