CRAN Package Check Results for Package msSurv

Last updated on 2018-06-21 21:50:01 CEST.

Flavor Version Tinstall Tcheck Ttotal Status Flags
r-devel-linux-x86_64-debian-clang 1.2-2 3.70 137.44 141.14 NOTE
r-devel-linux-x86_64-debian-gcc 1.2-2 3.36 113.27 116.63 NOTE
r-devel-linux-x86_64-fedora-clang 1.2-2 181.28 NOTE
r-devel-linux-x86_64-fedora-gcc 1.2-2 175.97 NOTE
r-devel-windows-ix86+x86_64 1.2-2 12.00 216.00 228.00 NOTE
r-patched-linux-x86_64 1.2-2 5.96 150.81 156.77 NOTE
r-patched-solaris-x86 1.2-2 236.80 NOTE
r-release-linux-x86_64 1.2-2 4.32 148.63 152.95 NOTE
r-release-windows-ix86+x86_64 1.2-2 8.00 213.00 221.00 NOTE
r-release-osx-x86_64 1.2-2 NOTE
r-oldrel-windows-ix86+x86_64 1.2-2 9.00 184.00 193.00 NOTE
r-oldrel-osx-x86_64 1.2-2 NOTE

Check Details

Version: 1.2-2
Check: R code for possible problems
Result: NOTE
    BS.var: no visible binding for global variable ‘var’
    BS.var: no visible global function definition for ‘cov’
    Dist.CIs: no visible global function definition for ‘qnorm’
    MSM.CIs: no visible global function definition for ‘qnorm’
    plot,msSurv-missing: no visible global function definition for ‘update’
    summary,msSurv: no visible global function definition for ‘quantile’
    Undefined global functions or variables:
     cov qnorm quantile update var
    Consider adding
     importFrom("stats", "cov", "qnorm", "quantile", "update", "var")
    to your NAMESPACE file.
Flavors: r-devel-linux-x86_64-debian-clang, r-devel-linux-x86_64-debian-gcc, r-devel-linux-x86_64-fedora-clang, r-devel-linux-x86_64-fedora-gcc, r-devel-windows-ix86+x86_64, r-patched-linux-x86_64, r-patched-solaris-x86, r-release-linux-x86_64, r-release-windows-ix86+x86_64, r-release-osx-x86_64, r-oldrel-windows-ix86+x86_64, r-oldrel-osx-x86_64