CRAN Package Check Results for Package msSurv

Last updated on 2017-04-28 23:52:30.

Flavor Version Tinstall Tcheck Ttotal Status Flags
r-devel-linux-x86_64-debian-clang 1.2-2 1.98 96.70 98.68 NOTE
r-devel-linux-x86_64-debian-gcc 1.2-2 1.79 99.73 101.52 NOTE
r-devel-linux-x86_64-fedora-clang 1.2-2 188.72 NOTE --no-stop-on-test-error
r-devel-linux-x86_64-fedora-gcc 1.2-2 176.64 NOTE --no-stop-on-test-error
r-devel-windows-ix86+x86_64 1.2-2 6.00 229.00 235.00 NOTE
r-patched-linux-x86_64 1.2-2 1.76 97.03 98.79 NOTE
r-patched-solaris-sparc 1.2-2 1059.10 NOTE
r-patched-solaris-x86 1.2-2 226.30 NOTE
r-release-linux-x86_64 1.2-2 1.97 101.52 103.49 NOTE
r-release-windows-ix86+x86_64 1.2-2 11.00 223.00 234.00 NOTE
r-release-osx-x86_64 1.2-2 ERROR
r-oldrel-windows-ix86+x86_64 1.2-2 8.00 166.00 174.00 NOTE
r-oldrel-osx-x86_64 1.2-2 NOTE

Check Details

Version: 1.2-2
Check: R code for possible problems
Result: NOTE
    BS.var: no visible binding for global variable ‘var’
    BS.var: no visible global function definition for ‘cov’
    Dist.CIs: no visible global function definition for ‘qnorm’
    MSM.CIs: no visible global function definition for ‘qnorm’
    plot,msSurv-missing: no visible global function definition for ‘update’
    summary,msSurv: no visible global function definition for ‘quantile’
    Undefined global functions or variables:
     cov qnorm quantile update var
    Consider adding
     importFrom("stats", "cov", "qnorm", "quantile", "update", "var")
    to your NAMESPACE file.
Flavors: r-devel-linux-x86_64-debian-clang, r-devel-linux-x86_64-debian-gcc, r-devel-windows-ix86+x86_64, r-patched-linux-x86_64, r-patched-solaris-sparc, r-patched-solaris-x86, r-release-linux-x86_64, r-release-windows-ix86+x86_64, r-oldrel-windows-ix86+x86_64, r-oldrel-osx-x86_64

Version: 1.2-2
Flags: --no-stop-on-test-error
Check: R code for possible problems
Result: NOTE
    BS.var: no visible binding for global variable ‘var’
    BS.var: no visible global function definition for ‘cov’
    Dist.CIs: no visible global function definition for ‘qnorm’
    MSM.CIs: no visible global function definition for ‘qnorm’
    plot,msSurv-missing: no visible global function definition for ‘update’
    summary,msSurv: no visible global function definition for ‘quantile’
    Undefined global functions or variables:
     cov qnorm quantile update var
    Consider adding
     importFrom("stats", "cov", "qnorm", "quantile", "update", "var")
    to your NAMESPACE file.
Flavors: r-devel-linux-x86_64-fedora-clang, r-devel-linux-x86_64-fedora-gcc

Version: 1.2-2
Check: package dependencies
Result: ERROR
    Package required but not available: ‘graph’
    
    Package suggested but not available for checking: ‘Rgraphviz’
    
    See section ‘The DESCRIPTION file’ in the ‘Writing R Extensions’
    manual.
Flavor: r-release-osx-x86_64