CRAN Package Check Results for Package msSurv

Last updated on 2017-02-25 11:48:35.

Flavor Version Tinstall Tcheck Ttotal Status Flags
r-devel-linux-x86_64-debian-clang 1.2-2 1.90 102.29 104.19 NOTE
r-devel-linux-x86_64-debian-gcc 1.2-2 2.17 102.17 104.34 NOTE
r-devel-linux-x86_64-fedora-clang 1.2-2 204.71 NOTE --no-stop-on-test-error
r-devel-linux-x86_64-fedora-gcc 1.2-2 183.20 NOTE --no-stop-on-test-error
r-devel-macos-x86_64-clang 1.2-2 139.20 NOTE --no-stop-on-test-error
r-devel-windows-ix86+x86_64 1.2-2 8.00 217.00 225.00 NOTE
r-patched-linux-x86_64 1.2-2 1.65 92.32 93.97 NOTE
r-patched-solaris-sparc 1.2-2 980.30 NOTE
r-patched-solaris-x86 1.2-2 205.10 NOTE
r-release-linux-x86_64 1.2-2 1.59 93.76 95.35 NOTE
r-release-osx-x86_64-mavericks 1.2-2 NOTE
r-release-windows-ix86+x86_64 1.2-2 9.00 324.00 333.00 NOTE
r-oldrel-windows-ix86+x86_64 1.2-2 11.00 392.00 403.00 OK

Check Details

Version: 1.2-2
Check: R code for possible problems
Result: NOTE
    BS.var: no visible binding for global variable ‘var’
    BS.var: no visible global function definition for ‘cov’
    Dist.CIs: no visible global function definition for ‘qnorm’
    MSM.CIs: no visible global function definition for ‘qnorm’
    plot,msSurv-missing: no visible global function definition for ‘update’
    summary,msSurv: no visible global function definition for ‘quantile’
    Undefined global functions or variables:
     cov qnorm quantile update var
    Consider adding
     importFrom("stats", "cov", "qnorm", "quantile", "update", "var")
    to your NAMESPACE file.
Flavors: r-devel-linux-x86_64-debian-clang, r-devel-linux-x86_64-debian-gcc, r-devel-windows-ix86+x86_64, r-patched-linux-x86_64, r-patched-solaris-sparc, r-patched-solaris-x86, r-release-linux-x86_64, r-release-osx-x86_64-mavericks, r-release-windows-ix86+x86_64

Version: 1.2-2
Flags: --no-stop-on-test-error
Check: R code for possible problems
Result: NOTE
    BS.var: no visible binding for global variable ‘var’
    BS.var: no visible global function definition for ‘cov’
    Dist.CIs: no visible global function definition for ‘qnorm’
    MSM.CIs: no visible global function definition for ‘qnorm’
    plot,msSurv-missing: no visible global function definition for ‘update’
    summary,msSurv: no visible global function definition for ‘quantile’
    Undefined global functions or variables:
     cov qnorm quantile update var
    Consider adding
     importFrom("stats", "cov", "qnorm", "quantile", "update", "var")
    to your NAMESPACE file.
Flavors: r-devel-linux-x86_64-fedora-clang, r-devel-linux-x86_64-fedora-gcc, r-devel-macos-x86_64-clang