CRAN Package Check Results for Package msSurv

Last updated on 2016-02-13 21:47:15.

Flavor Version Tinstall Tcheck Ttotal Status Flags
r-devel-linux-x86_64-debian-gcc 1.2-2 1.59 86.56 88.15 NOTE
r-devel-linux-x86_64-fedora-clang 1.2-2 175.96 NOTE
r-devel-linux-x86_64-fedora-gcc 1.2-2 172.64 NOTE
r-devel-osx-x86_64-clang 1.2-2 178.29 NOTE
r-devel-windows-ix86+x86_64 1.2-2 6.00 151.00 157.00 NOTE
r-patched-linux-x86_64 1.2-2 1.83 150.03 151.86 OK
r-patched-solaris-sparc 1.2-2 1686.70 OK
r-patched-solaris-x86 1.2-2 352.10 OK
r-release-linux-x86_64 1.2-2 1.72 153.53 155.25 OK
r-release-osx-x86_64-mavericks 1.2-2 OK
r-release-windows-ix86+x86_64 1.2-2 6.00 266.00 272.00 OK
r-oldrel-windows-ix86+x86_64 1.2-2 10.00 323.00 333.00 OK

Check Details

Version: 1.2-2
Check: R code for possible problems
Result: NOTE
    BS.var: no visible binding for global variable ‘var’
    BS.var: no visible global function definition for ‘cov’
    Dist.CIs: no visible global function definition for ‘qnorm’
    MSM.CIs: no visible global function definition for ‘qnorm’
    plot,msSurv-missing: no visible global function definition for ‘update’
    summary,msSurv: no visible global function definition for ‘quantile’
    Undefined global functions or variables:
     cov qnorm quantile update var
    Consider adding
     importFrom("stats", "cov", "qnorm", "quantile", "update", "var")
    to your NAMESPACE file.
Flavors: r-devel-linux-x86_64-debian-gcc, r-devel-linux-x86_64-fedora-clang, r-devel-linux-x86_64-fedora-gcc, r-devel-osx-x86_64-clang, r-devel-windows-ix86+x86_64