CRAN Package Check Results for Package msSurv

Last updated on 2016-04-30 15:47:05.

Flavor Version Tinstall Tcheck Ttotal Status Flags
r-devel-linux-x86_64-debian-gcc 1.2-2 1.62 86.47 88.09 NOTE
r-devel-linux-x86_64-fedora-clang 1.2-2 183.36 NOTE
r-devel-linux-x86_64-fedora-gcc 1.2-2 180.53 NOTE
r-devel-osx-x86_64-clang 1.2-2 181.22 NOTE
r-devel-windows-ix86+x86_64 1.2-2 5.00 188.00 193.00 NOTE
r-patched-linux-x86_64 1.2-2 1.79 90.04 91.83 NOTE
r-patched-solaris-sparc 1.2-2 990.80 NOTE
r-patched-solaris-x86 1.2-2 205.30 NOTE
r-release-linux-x86_64 1.2-2 1.74 154.46 156.20 OK
r-release-osx-x86_64-mavericks 1.2-2 OK
r-release-windows-ix86+x86_64 1.2-2 5.00 268.00 273.00 OK
r-oldrel-windows-ix86+x86_64 1.2-2 10.00 275.00 285.00 OK

Check Details

Version: 1.2-2
Check: R code for possible problems
Result: NOTE
    BS.var: no visible binding for global variable ‘var’
    BS.var: no visible global function definition for ‘cov’
    Dist.CIs: no visible global function definition for ‘qnorm’
    MSM.CIs: no visible global function definition for ‘qnorm’
    plot,msSurv-missing: no visible global function definition for ‘update’
    summary,msSurv: no visible global function definition for ‘quantile’
    Undefined global functions or variables:
     cov qnorm quantile update var
    Consider adding
     importFrom("stats", "cov", "qnorm", "quantile", "update", "var")
    to your NAMESPACE file.
Flavors: r-devel-linux-x86_64-debian-gcc, r-devel-linux-x86_64-fedora-clang, r-devel-linux-x86_64-fedora-gcc, r-devel-osx-x86_64-clang, r-devel-windows-ix86+x86_64, r-patched-linux-x86_64, r-patched-solaris-sparc, r-patched-solaris-x86