CRAN Package Check Results for Package msSurv

Last updated on 2016-07-27 07:47:38.

Flavor Version Tinstall Tcheck Ttotal Status Flags
r-devel-linux-x86_64-debian-clang 1.2-2 1.96 103.89 105.85 NOTE
r-devel-linux-x86_64-debian-gcc 1.2-2 2.14 103.85 105.99 NOTE
r-devel-linux-x86_64-fedora-clang 1.2-2 181.03 NOTE
r-devel-linux-x86_64-fedora-gcc 1.2-2 166.05 NOTE
r-devel-osx-x86_64-clang 1.2-2 132.59 NOTE
r-devel-windows-ix86+x86_64 1.2-2 7.00 210.00 217.00 NOTE
r-patched-linux-x86_64 1.2-2 2.42 103.57 105.99 NOTE
r-patched-solaris-sparc 1.2-2 986.90 NOTE
r-patched-solaris-x86 1.2-2 204.30 NOTE
r-release-linux-x86_64 1.2-2 2.25 100.94 103.19 NOTE
r-release-osx-x86_64-mavericks 1.2-2 NOTE
r-release-windows-ix86+x86_64 1.2-2 6.00 202.00 208.00 NOTE
r-oldrel-windows-ix86+x86_64 1.2-2 9.00 344.00 353.00 OK

Check Details

Version: 1.2-2
Check: R code for possible problems
Result: NOTE
    BS.var: no visible binding for global variable ‘var’
    BS.var: no visible global function definition for ‘cov’
    Dist.CIs: no visible global function definition for ‘qnorm’
    MSM.CIs: no visible global function definition for ‘qnorm’
    plot,msSurv-missing: no visible global function definition for ‘update’
    summary,msSurv: no visible global function definition for ‘quantile’
    Undefined global functions or variables:
     cov qnorm quantile update var
    Consider adding
     importFrom("stats", "cov", "qnorm", "quantile", "update", "var")
    to your NAMESPACE file.
Flavors: r-devel-linux-x86_64-debian-clang, r-devel-linux-x86_64-debian-gcc, r-devel-linux-x86_64-fedora-clang, r-devel-linux-x86_64-fedora-gcc, r-devel-osx-x86_64-clang, r-devel-windows-ix86+x86_64, r-patched-linux-x86_64, r-patched-solaris-sparc, r-patched-solaris-x86, r-release-linux-x86_64, r-release-osx-x86_64-mavericks, r-release-windows-ix86+x86_64