CRAN Package Check Results for Package msSurv

Last updated on 2015-05-22 21:46:35.

Flavor Version Tinstall Tcheck Ttotal Status Flags
r-devel-linux-x86_64-debian-clang 1.2-2 1.74 146.32 148.06 OK
r-devel-linux-x86_64-debian-gcc 1.2-2 2.06 144.71 146.78 OK
r-devel-linux-x86_64-fedora-clang 1.2-2 315.10 OK
r-devel-linux-x86_64-fedora-gcc 1.2-2 305.47 OK
r-devel-osx-x86_64-clang 1.2-2 250.44 OK
r-devel-windows-ix86+x86_64 1.2-2 7.00 223.00 230.00 OK
r-patched-linux-x86_64 1.2-2 1.66 144.93 146.59 OK
r-patched-solaris-sparc 1.2-2 1735.70 OK
r-patched-solaris-x86 1.2-2 356.30 OK
r-release-linux-x86_64 1.2-2 1.64 150.64 152.28 OK
r-release-osx-x86_64-mavericks 1.2-2 OK
r-release-osx-x86_64-snowleopard 1.2-2 ERROR
r-release-windows-ix86+x86_64 1.2-2 5.00 232.00 237.00 OK
r-oldrel-windows-ix86+x86_64 1.2-2 6.00 313.00 319.00 OK

Check Details

Version: 1.2-2
Check: package dependencies
Result: ERROR
    Package required but not available: ‘graph’
    
    Package suggested but not available for checking: ‘Rgraphviz’
    
    See section ‘The DESCRIPTION file’ in the ‘Writing R Extensions’
    manual.
Flavor: r-release-osx-x86_64-snowleopard