CRAN Package Check Results for Package msSurv

Last updated on 2018-02-20 08:48:21 CET.

Flavor Version Tinstall Tcheck Ttotal Status Flags
r-devel-linux-x86_64-debian-clang 1.2-2 4.44 130.50 134.94 NOTE
r-devel-linux-x86_64-debian-gcc 1.2-2 4.02 111.37 115.39 NOTE
r-devel-linux-x86_64-fedora-clang 1.2-2 183.47 NOTE
r-devel-linux-x86_64-fedora-gcc 1.2-2 173.10 NOTE
r-devel-windows-ix86+x86_64 1.2-2 7.00 166.00 173.00 NOTE
r-patched-linux-x86_64 1.2-2 2.17 161.59 163.76 NOTE
r-patched-solaris-x86 1.2-2 226.80 NOTE
r-release-linux-x86_64 1.2-2 2.06 165.19 167.25 NOTE
r-release-windows-ix86+x86_64 1.2-2 10.00 235.00 245.00 NOTE
r-release-osx-x86_64 1.2-2 NOTE
r-oldrel-windows-ix86+x86_64 1.2-2 7.00 205.00 212.00 NOTE
r-oldrel-osx-x86_64 1.2-2 NOTE

Check Details

Version: 1.2-2
Check: R code for possible problems
Result: NOTE
    BS.var: no visible binding for global variable ‘var’
    BS.var: no visible global function definition for ‘cov’
    Dist.CIs: no visible global function definition for ‘qnorm’
    MSM.CIs: no visible global function definition for ‘qnorm’
    plot,msSurv-missing: no visible global function definition for ‘update’
    summary,msSurv: no visible global function definition for ‘quantile’
    Undefined global functions or variables:
     cov qnorm quantile update var
    Consider adding
     importFrom("stats", "cov", "qnorm", "quantile", "update", "var")
    to your NAMESPACE file.
Flavors: r-devel-linux-x86_64-debian-clang, r-devel-linux-x86_64-debian-gcc, r-devel-linux-x86_64-fedora-clang, r-devel-linux-x86_64-fedora-gcc, r-devel-windows-ix86+x86_64, r-patched-linux-x86_64, r-patched-solaris-x86, r-release-linux-x86_64, r-release-windows-ix86+x86_64, r-release-osx-x86_64, r-oldrel-windows-ix86+x86_64, r-oldrel-osx-x86_64