CRAN Package Check Results for Package msSurv

Last updated on 2017-12-11 08:48:48 CET.

Flavor Version Tinstall Tcheck Ttotal Status Flags
r-devel-linux-x86_64-debian-clang 1.2-2 2.41 142.84 145.25 NOTE
r-devel-linux-x86_64-debian-gcc 1.2-2 2.01 123.88 125.89 NOTE
r-devel-linux-x86_64-fedora-clang 1.2-2 171.41 NOTE
r-devel-linux-x86_64-fedora-gcc 1.2-2 168.45 NOTE
r-devel-windows-ix86+x86_64 1.2-2 9.00 161.00 170.00 NOTE
r-patched-linux-x86_64 1.2-2 2.37 178.13 180.50 NOTE
r-patched-solaris-x86 1.2-2 236.00 NOTE
r-release-linux-x86_64 1.2-2 2.76 162.48 165.24 NOTE
r-release-windows-ix86+x86_64 1.2-2 7.00 226.00 233.00 NOTE
r-release-osx-x86_64 1.2-2 NOTE
r-oldrel-windows-ix86+x86_64 1.2-2 10.00 202.00 212.00 NOTE
r-oldrel-osx-x86_64 1.2-2 NOTE

Check Details

Version: 1.2-2
Check: R code for possible problems
Result: NOTE
    BS.var: no visible binding for global variable ‘var’
    BS.var: no visible global function definition for ‘cov’
    Dist.CIs: no visible global function definition for ‘qnorm’
    MSM.CIs: no visible global function definition for ‘qnorm’
    plot,msSurv-missing: no visible global function definition for ‘update’
    summary,msSurv: no visible global function definition for ‘quantile’
    Undefined global functions or variables:
     cov qnorm quantile update var
    Consider adding
     importFrom("stats", "cov", "qnorm", "quantile", "update", "var")
    to your NAMESPACE file.
Flavors: r-devel-linux-x86_64-debian-clang, r-devel-linux-x86_64-debian-gcc, r-devel-linux-x86_64-fedora-clang, r-devel-linux-x86_64-fedora-gcc, r-devel-windows-ix86+x86_64, r-patched-linux-x86_64, r-patched-solaris-x86, r-release-linux-x86_64, r-release-windows-ix86+x86_64, r-release-osx-x86_64, r-oldrel-windows-ix86+x86_64, r-oldrel-osx-x86_64