CRAN Package Check Results for Package msSurv

Last updated on 2017-06-22 17:47:50.

Flavor Version Tinstall Tcheck Ttotal Status Flags
r-devel-linux-x86_64-debian-clang 1.2-2 1.78 105.48 107.26 NOTE
r-devel-linux-x86_64-debian-gcc 1.2-2 1.94 100.93 102.86 NOTE
r-devel-linux-x86_64-fedora-clang 1.2-2 180.21 NOTE
r-devel-linux-x86_64-fedora-gcc 1.2-2 176.77 NOTE
r-devel-windows-ix86+x86_64 1.2-2 9.00 175.00 184.00 NOTE
r-patched-linux-x86_64 1.2-2 2.07 96.96 99.03 NOTE
r-patched-solaris-sparc 1.2-2 1059.10 NOTE
r-patched-solaris-x86 1.2-2 224.80 NOTE
r-release-linux-x86_64 1.2-2 2.09 96.69 98.78 NOTE
r-release-windows-ix86+x86_64 1.2-2 11.00 222.00 233.00 NOTE
r-release-osx-x86_64 1.2-2 ERROR
r-oldrel-windows-ix86+x86_64 1.2-2 7.00 168.00 175.00 NOTE
r-oldrel-osx-x86_64 1.2-2 NOTE

Check Details

Version: 1.2-2
Check: R code for possible problems
Result: NOTE
    BS.var: no visible binding for global variable ‘var’
    BS.var: no visible global function definition for ‘cov’
    Dist.CIs: no visible global function definition for ‘qnorm’
    MSM.CIs: no visible global function definition for ‘qnorm’
    plot,msSurv-missing: no visible global function definition for ‘update’
    summary,msSurv: no visible global function definition for ‘quantile’
    Undefined global functions or variables:
     cov qnorm quantile update var
    Consider adding
     importFrom("stats", "cov", "qnorm", "quantile", "update", "var")
    to your NAMESPACE file.
Flavors: r-devel-linux-x86_64-debian-clang, r-devel-linux-x86_64-debian-gcc, r-devel-linux-x86_64-fedora-clang, r-devel-linux-x86_64-fedora-gcc, r-devel-windows-ix86+x86_64, r-patched-linux-x86_64, r-patched-solaris-sparc, r-patched-solaris-x86, r-release-linux-x86_64, r-release-windows-ix86+x86_64, r-oldrel-windows-ix86+x86_64, r-oldrel-osx-x86_64

Version: 1.2-2
Check: package dependencies
Result: ERROR
    Package required but not available: ‘graph’
    
    Package suggested but not available for checking: ‘Rgraphviz’
    
    See section ‘The DESCRIPTION file’ in the ‘Writing R Extensions’
    manual.
Flavor: r-release-osx-x86_64