CRAN Package Check Results for Package msSurv

Last updated on 2014-04-21 05:48:18.

Flavor Version Tinstall Tcheck Ttotal Status Flags
r-devel-linux-x86_64-debian-clang 1.1-2 2.07 135.52 137.58 NOTE
r-devel-linux-x86_64-debian-gcc 1.1-2 2.20 134.73 136.94 NOTE
r-devel-linux-x86_64-fedora-clang 1.1-2 280.65 NOTE
r-devel-linux-x86_64-fedora-gcc 1.1-2 289.65 NOTE
r-devel-macosx-x86_64-clang 1.1-2 205.79 NOTE
r-devel-macosx-x86_64-gcc 1.1-2 ERROR
r-devel-windows-ix86+x86_64 1.1-2 6.00 206.00 212.00 NOTE
r-patched-linux-x86_64 1.1-2 2.08 134.58 136.66 NOTE
r-patched-solaris-sparc 1.1-2 1443.80 NOTE
r-patched-solaris-x86 1.1-2 315.70 NOTE
r-release-linux-ix86 NOTE
r-release-linux-x86_64 1.1-2 2.08 139.57 141.65 NOTE
r-release-macosx-x86_64 1.1-2 ERROR
r-release-windows-ix86+x86_64 1.1-2 9.00 208.00 217.00 NOTE
r-oldrel-windows-ix86+x86_64 1.1-2 7.00 195.00 202.00 NOTE

Check Details

Version: 1.1-2
Check: dependencies in R code
Result: NOTE
    Packages in Depends field not imported from:
     ‘class’ ‘graph’ ‘lattice’ ‘methods’
     These packages need to be imported from (in the NAMESPACE file)
     for when this namespace is loaded but not attached.
    See the information on DESCRIPTION files in the chapter ‘Creating R
    packages’ of the ‘Writing R Extensions’ manual.
Flavors: r-devel-linux-x86_64-debian-clang, r-devel-linux-x86_64-debian-gcc, r-devel-linux-x86_64-fedora-clang, r-devel-linux-x86_64-fedora-gcc, r-devel-macosx-x86_64-clang, r-devel-windows-ix86+x86_64, r-patched-linux-x86_64, r-patched-solaris-sparc, r-patched-solaris-x86, r-release-linux-ix86, r-release-linux-x86_64, r-release-windows-ix86+x86_64, r-oldrel-windows-ix86+x86_64

Version: 1.1-2
Check: Rd line widths
Result: NOTE
    Rd file 'LTRCdata.Rd':
     \examples lines wider than 100 characters:
     data1 <- data.frame(id=1:length(t1), start=left[well.start], stop=t1, start.stage=1, end.stage=end.stage)
    
    Rd file 'RCdata.Rd':
     \examples lines wider than 100 characters:
     death24 <- round(qweibull(pweibull(ill, shape=2) + runif(n1, 0, 1)*(1-pweibull(ill, shape=2)), shape=2), digits=4)
     death25 <- round(qweibull(pweibull(ill, shape=2) + runif(n1, 0, 1)*(1-pweibull(ill, shape=2)), shape=2), digits=4)
     stage[ind] <- ifelse(censor[ind]<death24[ind] & censor[ind]<death25[ind], 0, ifelse(death24[ind]<death25[ind], 4, 5))
    
    These lines will be truncated in the PDF manual.
Flavors: r-devel-linux-x86_64-fedora-clang, r-devel-linux-x86_64-fedora-gcc

Version: 1.1-2
Check: package dependencies
Result: ERROR
    Package required but not available: ‘graph’
    
    See the information on DESCRIPTION files in the chapter ‘Creating R
    packages’ of the ‘Writing R Extensions’ manual.
Flavors: r-devel-macosx-x86_64-gcc, r-release-macosx-x86_64