CRAN Package Check Results for Package msSurv

Last updated on 2014-07-28 23:47:00.

Flavor Version Tinstall Tcheck Ttotal Status Flags
r-devel-linux-x86_64-debian-clang 1.1-2 1.96 125.41 127.36 NOTE
r-devel-linux-x86_64-debian-gcc 1.1-2 2.64 131.94 134.58 NOTE
r-devel-linux-x86_64-fedora-clang 1.1-2 268.71 NOTE
r-devel-linux-x86_64-fedora-gcc 1.1-2 257.74 NOTE
r-devel-osx-x86_64-clang 1.1-2 207.10 NOTE
r-devel-windows-ix86+x86_64 1.1-2 6.00 195.00 201.00 NOTE
r-patched-linux-x86_64 1.1-2 1.92 129.42 131.34 NOTE
r-patched-solaris-sparc 1.1-2 1443.80 NOTE
r-patched-solaris-x86 1.1-2 320.70 NOTE
r-release-linux-ix86 1.1-2 2.46 178.29 180.75 NOTE
r-release-linux-x86_64 1.1-2 2.10 137.69 139.79 NOTE
r-release-osx-x86_64-mavericks 1.1-2 NOTE
r-release-osx-x86_64-snowleopard 1.1-2 NOTE
r-release-windows-ix86+x86_64 1.1-2 6.00 217.00 223.00 NOTE
r-oldrel-windows-ix86+x86_64 1.1-2 6.00 189.00 195.00 NOTE

Check Details

Version: 1.1-2
Check: dependencies in R code
Result: NOTE
    Packages in Depends field not imported from:
     class graph lattice methods
     These packages need to be imported from (in the NAMESPACE file)
     for when this namespace is loaded but not attached.
    See the information on DESCRIPTION files in the chapter Creating R
    packages of the Writing R Extensions manual.
Flavors: r-devel-linux-x86_64-debian-clang, r-devel-linux-x86_64-debian-gcc, r-devel-linux-x86_64-fedora-clang, r-devel-linux-x86_64-fedora-gcc, r-devel-osx-x86_64-clang, r-devel-windows-ix86+x86_64, r-patched-linux-x86_64, r-patched-solaris-sparc, r-patched-solaris-x86, r-release-linux-ix86, r-release-linux-x86_64, r-release-osx-x86_64-mavericks, r-release-osx-x86_64-snowleopard, r-release-windows-ix86+x86_64, r-oldrel-windows-ix86+x86_64

Version: 1.1-2
Check: Rd line widths
Result: NOTE
    Rd file 'LTRCdata.Rd':
     \examples lines wider than 100 characters:
     data1 <- data.frame(id=1:length(t1), start=left[well.start], stop=t1, start.stage=1, end.stage=end.stage)
    
    Rd file 'RCdata.Rd':
     \examples lines wider than 100 characters:
     death24 <- round(qweibull(pweibull(ill, shape=2) + runif(n1, 0, 1)*(1-pweibull(ill, shape=2)), shape=2), digits=4)
     death25 <- round(qweibull(pweibull(ill, shape=2) + runif(n1, 0, 1)*(1-pweibull(ill, shape=2)), shape=2), digits=4)
     stage[ind] <- ifelse(censor[ind]<death24[ind] & censor[ind]<death25[ind], 0, ifelse(death24[ind]<death25[ind], 4, 5))
    
    These lines will be truncated in the PDF manual.
Flavors: r-devel-linux-x86_64-fedora-clang, r-devel-linux-x86_64-fedora-gcc

Version: 1.1-2
Check: re-building of vignette outputs
Result: NOTE
    Error in re-building vignettes:
     ...
    Loading required package: class
    Loading required package: graph
    Loading required package: lattice
    Warning in sqrt(var) : NaNs produced
    Warning in sqrt(var) : NaNs produced
    Loading required package: KMsurv
    Error in texi2dvi(file = file, pdf = TRUE, clean = clean, quiet = quiet, :
     Running 'texi2dvi' on 'msSurv.tex' failed.
    LaTeX errors:
    ! LaTeX Error: File `relsize.sty' not found.
    
    Type X to quit or <RETURN> to proceed,
    or enter new name. (Default extension: sty)
    
    test/msSurv/vignettes/msSurv.tex:17: ==> Fatal error occurred, no output PDF f
    ile produced!
    Calls: buildVignettes -> texi2pdf -> texi2dvi
    Execution halted
Flavor: r-release-osx-x86_64-mavericks