CRAN Package Check Results for Package msSurv

Last updated on 2015-03-03 03:48:59.

Flavor Version Tinstall Tcheck Ttotal Status Flags
r-devel-linux-x86_64-debian-clang 1.1-2 1.81 115.60 117.42 NOTE
r-devel-linux-x86_64-debian-gcc 1.2-1 1.55 143.64 145.19 OK
r-devel-linux-x86_64-fedora-clang 1.2-1 165.51 OK
r-devel-linux-x86_64-fedora-gcc 1.2-1 160.16 OK
r-devel-osx-x86_64-clang 1.2-1 138.08 OK
r-devel-windows-ix86+x86_64 1.1-2 10.00 244.00 254.00 NOTE
r-patched-linux-x86_64 1.1-2 2.13 126.89 129.02 NOTE
r-patched-solaris-sparc 1.1-2 1489.10 NOTE
r-patched-solaris-x86 1.1-2 307.50 NOTE
r-release-linux-ix86 1.1-2 2.44 181.38 183.83 NOTE
r-release-linux-x86_64 1.1-2 2.71 130.52 133.23 NOTE
r-release-osx-x86_64-mavericks 1.1-2 NOTE
r-release-osx-x86_64-snowleopard 1.1-2 NOTE
r-release-windows-ix86+x86_64 1.2-1 8.00 262.00 270.00 OK
r-oldrel-windows-ix86+x86_64 1.1-2 7.00 202.00 209.00 NOTE

Check Details

Version: 1.1-2
Check: dependencies in R code
Result: NOTE
    Packages in Depends field not imported from:
     ‘class’ ‘graph’ ‘lattice’ ‘methods’
     These packages need to be imported from (in the NAMESPACE file)
     for when this namespace is loaded but not attached.
Flavors: r-devel-linux-x86_64-debian-clang, r-devel-windows-ix86+x86_64, r-patched-linux-x86_64, r-patched-solaris-x86

Version: 1.1-2
Check: R code for possible problems
Result: NOTE
    AJ.estimator: no visible global function definition for ‘nodes’
    Add.States: no visible global function definition for ‘nodes’
    Add.States: no visible global function definition for ‘edges’
    BS.var: no visible global function definition for ‘nodes’
    BS.var: no visible global function definition for ‘inEdges’
    BS.var: no visible global function definition for ‘edges’
    BS.var: no visible global function definition for ‘acc’
    CP: no visible global function definition for ‘edges’
    CP: no visible global function definition for ‘nodes’
    CP: no visible global function definition for ‘inEdges’
    Dist: no visible global function definition for ‘inEdges’
    Dist: no visible global function definition for ‘edges’
    Dist: no visible global function definition for ‘nodes’
    Dist: no visible global function definition for ‘acc’
    Dist.CIs: no visible global function definition for ‘nodes’
    EntryExit: no visible global function definition for ‘inEdges’
    EntryExit: no visible global function definition for ‘nodes’
    EntryExit: no visible global function definition for ‘edges’
    MSM.CIs: no visible global function definition for ‘nodes’
    Pst: no visible global function definition for ‘nodes’
    Red : <anonymous>: no visible global function definition for ‘nodes’
    Red: no visible global function definition for ‘edges’
    SOPt: no visible global function definition for ‘nodes’
    msSurv: no visible global function definition for ‘nodes’
    var.fn: no visible global function definition for ‘nodes’
    show,msSurv: no visible global function definition for ‘edges’
    show,msSurv: no visible global function definition for ‘nodes’
Flavors: r-devel-linux-x86_64-debian-clang, r-devel-windows-ix86+x86_64, r-patched-linux-x86_64, r-patched-solaris-sparc, r-patched-solaris-x86, r-release-linux-ix86, r-release-linux-x86_64, r-release-osx-x86_64-mavericks

Version: 1.1-2
Check: Rd line widths
Result: NOTE
    Rd file 'LTRCdata.Rd':
     \examples lines wider than 100 characters:
     data1 <- data.frame(id=1:length(t1), start=left[well.start], stop=t1, start.stage=1, end.stage=end.stage)
    
    Rd file 'RCdata.Rd':
     \examples lines wider than 100 characters:
     death24 <- round(qweibull(pweibull(ill, shape=2) + runif(n1, 0, 1)*(1-pweibull(ill, shape=2)), shape=2), digits=4)
     death25 <- round(qweibull(pweibull(ill, shape=2) + runif(n1, 0, 1)*(1-pweibull(ill, shape=2)), shape=2), digits=4)
     stage[ind] <- ifelse(censor[ind]<death24[ind] & censor[ind]<death25[ind], 0, ifelse(death24[ind]<death25[ind], 4, 5))
    
    These lines will be truncated in the PDF manual.
Flavors: r-devel-linux-x86_64-debian-clang, r-patched-linux-x86_64, r-release-linux-ix86, r-release-linux-x86_64

Version: 1.1-2
Check: dependencies in R code
Result: NOTE
    Packages in Depends field not imported from:
     ‘class’ ‘graph’ ‘lattice’ ‘methods’
     These packages need to be imported from (in the NAMESPACE file)
     for when this namespace is loaded but not attached.
    See the information on DESCRIPTION files in the chapter ‘Creating R
    packages’ of the ‘Writing R Extensions’ manual.
Flavors: r-patched-solaris-sparc, r-release-linux-ix86, r-release-linux-x86_64, r-release-osx-x86_64-mavericks, r-release-osx-x86_64-snowleopard, r-oldrel-windows-ix86+x86_64