CRAN Package Check Results for Package msSurv

Last updated on 2018-04-21 09:50:07 CEST.

Flavor Version Tinstall Tcheck Ttotal Status Flags
r-devel-linux-x86_64-debian-clang 1.2-2 6.08 155.84 161.92 NOTE
r-devel-linux-x86_64-debian-gcc 1.2-2 4.20 109.60 113.80 NOTE
r-devel-linux-x86_64-fedora-clang 1.2-2 176.23 NOTE
r-devel-linux-x86_64-fedora-gcc 1.2-2 173.31 NOTE
r-devel-windows-ix86+x86_64 1.2-2 12.00 221.00 233.00 NOTE
r-devel-osx-x86_64 1.2-2 NOTE
r-patched-linux-x86_64 1.2-2 4.39 154.42 158.81 NOTE
r-patched-solaris-x86 1.2-2 228.90 NOTE
r-release-linux-x86_64 1.2-2 2.92 161.71 164.63 NOTE
r-release-windows-ix86+x86_64 1.2-2 9.00 232.00 241.00 NOTE
r-release-osx-x86_64 1.2-2 NOTE
r-oldrel-windows-ix86+x86_64 1.2-2 10.00 208.00 218.00 NOTE

Check Details

Version: 1.2-2
Check: R code for possible problems
Result: NOTE
    BS.var: no visible binding for global variable ‘var’
    BS.var: no visible global function definition for ‘cov’
    Dist.CIs: no visible global function definition for ‘qnorm’
    MSM.CIs: no visible global function definition for ‘qnorm’
    plot,msSurv-missing: no visible global function definition for ‘update’
    summary,msSurv: no visible global function definition for ‘quantile’
    Undefined global functions or variables:
     cov qnorm quantile update var
    Consider adding
     importFrom("stats", "cov", "qnorm", "quantile", "update", "var")
    to your NAMESPACE file.
Flavors: r-devel-linux-x86_64-debian-clang, r-devel-linux-x86_64-debian-gcc, r-devel-linux-x86_64-fedora-clang, r-devel-linux-x86_64-fedora-gcc, r-devel-windows-ix86+x86_64, r-devel-osx-x86_64, r-patched-linux-x86_64, r-patched-solaris-x86, r-release-linux-x86_64, r-release-windows-ix86+x86_64, r-release-osx-x86_64, r-oldrel-windows-ix86+x86_64