CRAN Package Check Results for Package msSurv

Last updated on 2016-08-28 11:48:32.

Flavor Version Tinstall Tcheck Ttotal Status Flags
r-devel-linux-x86_64-debian-clang 1.2-2 1.76 92.53 94.29 NOTE
r-devel-linux-x86_64-debian-gcc 1.2-2 1.67 89.80 91.47 NOTE
r-devel-linux-x86_64-fedora-clang 1.2-2 177.54 NOTE
r-devel-linux-x86_64-fedora-gcc 1.2-2 179.16 NOTE
r-devel-osx-x86_64-clang 1.2-2 133.92 NOTE
r-devel-windows-ix86+x86_64 1.2-2 9.00 203.00 212.00 NOTE
r-patched-linux-x86_64 1.2-2 1.62 89.62 91.24 NOTE
r-patched-solaris-sparc 1.2-2 986.90 NOTE
r-patched-solaris-x86 1.2-2 205.70 NOTE
r-release-linux-x86_64 1.2-2 1.80 87.74 89.54 NOTE
r-release-osx-x86_64-mavericks 1.2-2 NOTE
r-release-windows-ix86+x86_64 1.2-2 7.00 214.00 221.00 NOTE
r-oldrel-windows-ix86+x86_64 1.2-2 5.00 327.00 332.00 OK

Check Details

Version: 1.2-2
Check: R code for possible problems
Result: NOTE
    BS.var: no visible binding for global variable ‘var’
    BS.var: no visible global function definition for ‘cov’
    Dist.CIs: no visible global function definition for ‘qnorm’
    MSM.CIs: no visible global function definition for ‘qnorm’
    plot,msSurv-missing: no visible global function definition for ‘update’
    summary,msSurv: no visible global function definition for ‘quantile’
    Undefined global functions or variables:
     cov qnorm quantile update var
    Consider adding
     importFrom("stats", "cov", "qnorm", "quantile", "update", "var")
    to your NAMESPACE file.
Flavors: r-devel-linux-x86_64-debian-clang, r-devel-linux-x86_64-debian-gcc, r-devel-linux-x86_64-fedora-clang, r-devel-linux-x86_64-fedora-gcc, r-devel-osx-x86_64-clang, r-devel-windows-ix86+x86_64, r-patched-linux-x86_64, r-patched-solaris-sparc, r-patched-solaris-x86, r-release-linux-x86_64, r-release-osx-x86_64-mavericks, r-release-windows-ix86+x86_64