CRAN Package Check Results for Package msap

Last updated on 2017-01-17 20:50:46.

Flavor Version Tinstall Tcheck Ttotal Status Flags
r-devel-linux-x86_64-debian-clang 1.1.8 1.20 28.32 29.52 NOTE
r-devel-linux-x86_64-debian-gcc 1.1.8 1.07 28.47 29.54 NOTE
r-devel-linux-x86_64-fedora-clang 1.1.8 52.14 NOTE --no-stop-on-test-error
r-devel-linux-x86_64-fedora-gcc 1.1.8 52.65 NOTE --no-stop-on-test-error
r-devel-macos-x86_64-clang 1.1.8 43.11 NOTE --no-stop-on-test-error
r-devel-windows-ix86+x86_64 1.1.8 6.00 55.00 61.00 NOTE
r-patched-linux-x86_64 1.1.8 0.98 23.50 24.49 NOTE
r-patched-solaris-sparc 1.1.8 281.60 NOTE
r-patched-solaris-x86 1.1.8 63.20 NOTE
r-release-linux-x86_64 1.1.8 0.89 24.82 25.71 NOTE
r-release-osx-x86_64-mavericks 1.1.8 NOTE
r-release-windows-ix86+x86_64 1.1.8 3.00 68.00 71.00 NOTE
r-oldrel-windows-ix86+x86_64 1.1.8 4.00 79.00 83.00 OK

Check Details

Version: 1.1.8
Check: DESCRIPTION meta-information
Result: NOTE
    BugReports field has an empty first line and will not work in R <= 3.3.2
Flavors: r-devel-linux-x86_64-debian-clang, r-devel-linux-x86_64-debian-gcc, r-devel-windows-ix86+x86_64

Version: 1.1.8
Check: R code for possible problems
Result: NOTE
    msap: no visible global function definition for ‘packageVersion’
    msap: no visible global function definition for ‘read.csv’
    msap: no visible global function definition for ‘write.csv’
    msap: no visible global function definition for ‘sd’
    msap: no visible global function definition for ‘wilcox.test’
    msap: no visible global function definition for ‘dist’
    msap: no visible global function definition for ‘rainbow’
    msap: no visible global function definition for ‘png’
    msap: no visible global function definition for ‘legend’
    msap: no visible global function definition for ‘dev.off’
    pcoa: no visible global function definition for ‘cmdscale’
    pcoa: no visible global function definition for ‘png’
    pcoa: no visible global function definition for ‘par’
    pcoa: no visible global function definition for ‘plot’
    pcoa: no visible global function definition for ‘rainbow’
    pcoa: no visible global function definition for ‘points’
    pcoa: no visible global function definition for ‘dev.off’
    pcoa: no visible global function definition for ‘write.csv’
    Undefined global functions or variables:
     cmdscale dev.off dist legend packageVersion par plot png points
     rainbow read.csv sd wilcox.test write.csv
    Consider adding
     importFrom("grDevices", "dev.off", "png", "rainbow")
     importFrom("graphics", "legend", "par", "plot", "points")
     importFrom("stats", "cmdscale", "dist", "sd", "wilcox.test")
     importFrom("utils", "packageVersion", "read.csv", "write.csv")
    to your NAMESPACE file.
Flavors: r-devel-linux-x86_64-debian-clang, r-devel-linux-x86_64-debian-gcc, r-devel-windows-ix86+x86_64, r-patched-linux-x86_64, r-patched-solaris-sparc, r-patched-solaris-x86, r-release-linux-x86_64, r-release-osx-x86_64-mavericks, r-release-windows-ix86+x86_64

Version: 1.1.8
Flags: --no-stop-on-test-error
Check: DESCRIPTION meta-information
Result: NOTE
    BugReports field has an empty first line and will not work in R <= 3.3.2
Flavors: r-devel-linux-x86_64-fedora-clang, r-devel-linux-x86_64-fedora-gcc, r-devel-macos-x86_64-clang

Version: 1.1.8
Flags: --no-stop-on-test-error
Check: R code for possible problems
Result: NOTE
    msap: no visible global function definition for ‘packageVersion’
    msap: no visible global function definition for ‘read.csv’
    msap: no visible global function definition for ‘write.csv’
    msap: no visible global function definition for ‘sd’
    msap: no visible global function definition for ‘wilcox.test’
    msap: no visible global function definition for ‘dist’
    msap: no visible global function definition for ‘rainbow’
    msap: no visible global function definition for ‘png’
    msap: no visible global function definition for ‘legend’
    msap: no visible global function definition for ‘dev.off’
    pcoa: no visible global function definition for ‘cmdscale’
    pcoa: no visible global function definition for ‘png’
    pcoa: no visible global function definition for ‘par’
    pcoa: no visible global function definition for ‘plot’
    pcoa: no visible global function definition for ‘rainbow’
    pcoa: no visible global function definition for ‘points’
    pcoa: no visible global function definition for ‘dev.off’
    pcoa: no visible global function definition for ‘write.csv’
    Undefined global functions or variables:
     cmdscale dev.off dist legend packageVersion par plot png points
     rainbow read.csv sd wilcox.test write.csv
    Consider adding
     importFrom("grDevices", "dev.off", "png", "rainbow")
     importFrom("graphics", "legend", "par", "plot", "points")
     importFrom("stats", "cmdscale", "dist", "sd", "wilcox.test")
     importFrom("utils", "packageVersion", "read.csv", "write.csv")
    to your NAMESPACE file.
Flavors: r-devel-linux-x86_64-fedora-clang, r-devel-linux-x86_64-fedora-gcc, r-devel-macos-x86_64-clang