CRAN Package Check Results for Package msarc

Last updated on 2014-08-23 02:49:59.

Flavor Version Tinstall Tcheck Ttotal Status Flags
r-devel-linux-x86_64-debian-clang 1.3.4 1.14 32.20 33.34 OK
r-devel-linux-x86_64-debian-gcc 1.3.4 1.15 31.48 32.63 OK
r-devel-linux-x86_64-fedora-clang 1.3.4 71.26 OK
r-devel-linux-x86_64-fedora-gcc 1.3.4 67.37 OK
r-devel-osx-x86_64-clang 1.3.4 64.76 OK
r-devel-windows-ix86+x86_64 1.3.4 4.00 54.00 58.00 OK
r-patched-linux-x86_64 1.3.4 1.13 33.99 35.12 OK
r-patched-solaris-sparc 1.3.4 391.50 OK
r-patched-solaris-x86 1.3.4 105.00 OK
r-release-linux-ix86 1.3.4 1.53 45.76 47.28 OK
r-release-linux-x86_64 1.3.4 1.16 34.62 35.78 OK
r-release-osx-x86_64-mavericks 1.3.4 NOTE
r-release-osx-x86_64-snowleopard 1.3.4 NOTE
r-release-windows-ix86+x86_64 1.3.4 5.00 53.00 58.00 OK
r-oldrel-windows-ix86+x86_64 1.3.4 4.00 52.00 56.00 OK

Check Details

Version: 1.3.4
Check: package dependencies
Result: NOTE
    Package suggested but not available for checking: ‘org.Mm.eg.db’
Flavors: r-release-osx-x86_64-mavericks, r-release-osx-x86_64-snowleopard