CRAN Package Check Results for Package msarc

Last updated on 2014-04-23 20:47:16.

Flavor Version Tinstall Tcheck Ttotal Status Flags
r-devel-linux-x86_64-debian-clang 1.3.2 1.32 36.40 37.72 OK
r-devel-linux-x86_64-debian-gcc 1.3.2 1.18 36.42 37.60 OK
r-devel-linux-x86_64-fedora-clang 1.3.2 79.51 OK
r-devel-linux-x86_64-fedora-gcc 1.3.2 73.62 OK
r-devel-osx-x86_64-clang 1.3.2 70.09 OK
r-devel-osx-x86_64-gcc 1.3.2 ERROR
r-devel-windows-ix86+x86_64 1.3.2 4.00 53.00 57.00 OK
r-patched-linux-x86_64 1.3.2 1.20 35.62 36.81 OK
r-patched-solaris-sparc 1.3.2 427.90 OK
r-patched-solaris-x86 1.3.2 107.90 OK
r-release-linux-ix86 1.3.2 2.00 65.00 67.00 OK
r-release-linux-x86_64 1.3.2 1.20 39.93 41.13 OK
r-release-osx-x86_64-mavericks 1.3.2 ERROR
r-release-osx-x86_64-snowleopard 1.3.2 ERROR
r-release-windows-ix86+x86_64 1.3.2 4.00 57.00 61.00 OK
r-oldrel-windows-ix86+x86_64 1.3.2 5.00 55.00 60.00 OK

Check Details

Version: 1.3.2
Check: package dependencies
Result: ERROR
    Package required but not available: ‘AnnotationDbi’
    
    Packages suggested but not available for checking:
     ‘GO.db’ ‘org.Hs.eg.db’ ‘org.Mm.eg.db’
    
    See the information on DESCRIPTION files in the chapter ‘Creating R
    packages’ of the ‘Writing R Extensions’ manual.
Flavors: r-devel-osx-x86_64-gcc, r-release-osx-x86_64-mavericks, r-release-osx-x86_64-snowleopard