CRAN Package Check Results for Package msarc

Last updated on 2014-12-19 01:48:23.

Flavor Version Tinstall Tcheck Ttotal Status Flags
r-devel-linux-x86_64-debian-clang 1.4.3 2.86 55.41 58.27 OK
r-devel-linux-x86_64-debian-gcc 1.4.3 2.86 51.68 54.54 OK
r-devel-linux-x86_64-fedora-clang 1.4.3 119.91 OK
r-devel-linux-x86_64-fedora-gcc 1.4.3 109.44 OK
r-devel-osx-x86_64-clang 1.4.3 108.75 OK
r-devel-windows-ix86+x86_64 1.4.3 10.00 81.00 91.00 OK
r-patched-linux-x86_64 1.4.3 3.02 55.90 58.91 OK
r-patched-solaris-sparc 1.4.3 662.10 OK
r-patched-solaris-x86 1.4.3 173.30 OK
r-release-linux-ix86 1.4.3 3.53 66.24 69.78 OK
r-release-linux-x86_64 1.4.3 2.96 56.96 59.92 OK
r-release-osx-x86_64-mavericks 1.4.3 ERROR
r-release-osx-x86_64-snowleopard 1.4.3 ERROR
r-release-windows-ix86+x86_64 1.4.3 10.00 90.00 100.00 OK
r-oldrel-windows-ix86+x86_64 1.4.3 10.00 63.00 73.00 ERROR

Check Details

Version: 1.4.3
Check: package dependencies
Result: NOTE
    Package suggested but not available for checking: ‘org.Mm.eg.db’
Flavors: r-release-osx-x86_64-mavericks, r-release-osx-x86_64-snowleopard

Version: 1.4.3
Check: running R code from vignettes
Result: ERROR
    Errors in running code in vignettes:
    when running code in ‘msarc.Rnw’
     ...
    
    Loading required package: GenomeInfoDb
    Loading required package: DBI
    Error : .onLoad failed in loadNamespace() for 'GO.db', details:
     call: match.arg(synchronous, c("off", "normal", "full"))
     error: 'arg' must be NULL or a character vector
    
     When sourcing ‘msarc.R’:
    Error: Failed to load required package 'GO.db'.
    Execution halted
Flavor: r-release-osx-x86_64-mavericks

Version: 1.4.3
Check: running R code from vignettes
Result: ERROR
    Errors in running code in vignettes:
    when running code in ‘msarc.Rnw’
     ...
     'citation("Biobase")', and for packages 'citation("pkgname")'.
    
    Loading required package: DBI
    Error : .onLoad failed in loadNamespace() for 'GO.db', details:
     call: match.arg(synchronous, c("off", "normal", "full"))
     error: 'arg' must be NULL or a character vector
    
     When sourcing ‘msarc.R’:
    Error: Failed to load required package 'GO.db'.
    Execution halted
Flavors: r-release-osx-x86_64-snowleopard, r-oldrel-windows-ix86+x86_64

Version: 1.4.3
Check: R code for possible problems
Result: NOTE
    Error : .onLoad failed in loadNamespace() for 'GO.db', details:
     call: match.arg(synchronous, c("off", "normal", "full"))
     error: 'arg' must be NULL or a character vector
    Error : .onLoad failed in loadNamespace() for 'org.Hs.eg.db', details:
     call: match.arg(synchronous, c("off", "normal", "full"))
     error: 'arg' must be NULL or a character vector
    Error : .onLoad failed in loadNamespace() for 'org.Mm.eg.db', details:
     call: match.arg(synchronous, c("off", "normal", "full"))
     error: 'arg' must be NULL or a character vector
Flavor: r-oldrel-windows-ix86+x86_64