CRAN Package Check Results for Package msarc

Last updated on 2016-06-01 00:47:26.

Flavor Version Tinstall Tcheck Ttotal Status Flags
r-devel-linux-x86_64-debian-gcc 1.4.5 2.25 39.01 41.25 NOTE
r-devel-linux-x86_64-fedora-clang 1.4.5 72.57 NOTE
r-devel-linux-x86_64-fedora-gcc 1.4.5 67.93 NOTE
r-devel-osx-x86_64-clang 1.4.5 75.07 NOTE
r-devel-windows-ix86+x86_64 1.4.5 10.00 67.00 77.00 NOTE
r-patched-linux-x86_64 1.4.5 2.24 37.26 39.50 NOTE
r-patched-solaris-sparc 1.4.5 419.50 NOTE
r-patched-solaris-x86 1.4.5 108.80 NOTE
r-release-linux-x86_64 1.4.5 1.79 33.88 35.67 NOTE
r-release-osx-x86_64-mavericks 1.4.5 NOTE
r-release-windows-ix86+x86_64 1.4.5 10.00 70.00 80.00 NOTE
r-oldrel-windows-ix86+x86_64 1.4.5 6.00 75.00 81.00 OK

Check Details

Version: 1.4.5
Check: R code for possible problems
Result: NOTE
    draw.missing: no visible global function definition for ‘hcl’
    draw.missing: no visible global function definition for ‘col2rgb’
    draw.scores: no visible global function definition for ‘col2rgb’
    msarc.loadTerms: no visible global function definition for ‘read.table’
    msarc.plotHeatmap: no visible global function definition for ‘dist’
    msarc.saveTerms: no visible global function definition for
     ‘write.table’
    summary.msarc: no visible global function definition for ‘head’
    write.arc: no visible global function definition for ‘hcl’
    write.arc: no visible global function definition for ‘col2rgb’
    write.background: no visible global function definition for ‘hcl’
    write.background: no visible global function definition for ‘col2rgb’
    write.separator: no visible global function definition for ‘hcl’
    write.separator: no visible global function definition for ‘col2rgb’
    Undefined global functions or variables:
     col2rgb dist hcl head read.table write.table
    Consider adding
     importFrom("grDevices", "col2rgb", "hcl")
     importFrom("stats", "dist")
     importFrom("utils", "head", "read.table", "write.table")
    to your NAMESPACE file.
Flavors: r-devel-linux-x86_64-debian-gcc, r-devel-linux-x86_64-fedora-clang, r-devel-linux-x86_64-fedora-gcc, r-devel-osx-x86_64-clang, r-devel-windows-ix86+x86_64, r-patched-linux-x86_64, r-patched-solaris-sparc, r-patched-solaris-x86, r-release-linux-x86_64, r-release-osx-x86_64-mavericks, r-release-windows-ix86+x86_64

Version: 1.4.5
Check: package dependencies
Result: NOTE
    Package suggested but not available for checking: ‘org.Mm.eg.db’
Flavor: r-release-osx-x86_64-mavericks