CRAN Package Check Results for Package msarc

Last updated on 2014-07-25 01:48:48.

Flavor Version Tinstall Tcheck Ttotal Status Flags
r-devel-linux-x86_64-debian-clang 1.3.2 1.21 36.36 37.58 OK
r-devel-linux-x86_64-debian-gcc 1.3.2 1.19 35.40 36.59 OK
r-devel-linux-x86_64-fedora-clang 1.3.2 83.96 OK
r-devel-linux-x86_64-fedora-gcc 1.3.2 78.30 OK
r-devel-osx-x86_64-clang 1.3.2 74.04 OK
r-devel-windows-ix86+x86_64 1.3.2 5.00 60.00 65.00 OK
r-patched-linux-x86_64 1.3.2 1.10 34.11 35.21 OK
r-patched-solaris-sparc 1.3.2 427.90 OK
r-patched-solaris-x86 1.3.2 105.80 OK
r-release-linux-ix86 1.3.2 1.57 48.00 49.56 OK
r-release-linux-x86_64 1.3.2 1.19 35.64 36.83 OK
r-release-osx-x86_64-mavericks 1.3.2 NOTE
r-release-osx-x86_64-snowleopard 1.3.2 NOTE
r-release-windows-ix86+x86_64 1.3.2 4.00 60.00 64.00 OK
r-oldrel-windows-ix86+x86_64 1.3.2 5.00 54.00 59.00 OK

Check Details

Version: 1.3.2
Check: package dependencies
Result: NOTE
    Package suggested but not available for checking: ‘org.Mm.eg.db’
Flavors: r-release-osx-x86_64-mavericks, r-release-osx-x86_64-snowleopard