CRAN Package Check Results for Package msarc

Last updated on 2017-02-19 23:48:22.

Flavor Version Tinstall Tcheck Ttotal Status Flags
r-devel-linux-x86_64-debian-clang 1.4.5 1.94 39.35 41.29 NOTE
r-devel-linux-x86_64-debian-gcc 1.4.5 2.14 39.85 41.99 NOTE
r-devel-linux-x86_64-fedora-clang 1.4.5 81.15 NOTE --no-stop-on-test-error
r-devel-linux-x86_64-fedora-gcc 1.4.5 82.24 NOTE --no-stop-on-test-error
r-devel-macos-x86_64-clang 1.4.5 65.35 NOTE --no-stop-on-test-error
r-devel-windows-ix86+x86_64 1.4.5 12.00 98.00 110.00 NOTE
r-patched-linux-x86_64 1.4.5 1.97 34.66 36.63 NOTE
r-patched-solaris-sparc 1.4.5 421.50 NOTE
r-patched-solaris-x86 1.4.5 114.40 NOTE
r-release-linux-x86_64 1.4.5 1.87 35.98 37.85 NOTE
r-release-osx-x86_64-mavericks 1.4.5 NOTE
r-release-windows-ix86+x86_64 1.4.5 6.00 62.00 68.00 NOTE
r-oldrel-windows-ix86+x86_64 1.4.5 12.00 103.00 115.00 OK

Check Details

Version: 1.4.5
Check: R code for possible problems
Result: NOTE
    draw.missing: no visible global function definition for ‘hcl’
    draw.missing: no visible global function definition for ‘col2rgb’
    draw.scores: no visible global function definition for ‘col2rgb’
    msarc.loadTerms: no visible global function definition for ‘read.table’
    msarc.plotHeatmap: no visible global function definition for ‘dist’
    msarc.saveTerms: no visible global function definition for
     ‘write.table’
    summary.msarc: no visible global function definition for ‘head’
    write.arc: no visible global function definition for ‘hcl’
    write.arc: no visible global function definition for ‘col2rgb’
    write.background: no visible global function definition for ‘hcl’
    write.background: no visible global function definition for ‘col2rgb’
    write.separator: no visible global function definition for ‘hcl’
    write.separator: no visible global function definition for ‘col2rgb’
    Undefined global functions or variables:
     col2rgb dist hcl head read.table write.table
    Consider adding
     importFrom("grDevices", "col2rgb", "hcl")
     importFrom("stats", "dist")
     importFrom("utils", "head", "read.table", "write.table")
    to your NAMESPACE file.
Flavors: r-devel-linux-x86_64-debian-clang, r-devel-linux-x86_64-debian-gcc, r-devel-windows-ix86+x86_64, r-patched-linux-x86_64, r-patched-solaris-sparc, r-patched-solaris-x86, r-release-linux-x86_64, r-release-osx-x86_64-mavericks, r-release-windows-ix86+x86_64

Version: 1.4.5
Flags: --no-stop-on-test-error
Check: R code for possible problems
Result: NOTE
    draw.missing: no visible global function definition for ‘hcl’
    draw.missing: no visible global function definition for ‘col2rgb’
    draw.scores: no visible global function definition for ‘col2rgb’
    msarc.loadTerms: no visible global function definition for ‘read.table’
    msarc.plotHeatmap: no visible global function definition for ‘dist’
    msarc.saveTerms: no visible global function definition for
     ‘write.table’
    summary.msarc: no visible global function definition for ‘head’
    write.arc: no visible global function definition for ‘hcl’
    write.arc: no visible global function definition for ‘col2rgb’
    write.background: no visible global function definition for ‘hcl’
    write.background: no visible global function definition for ‘col2rgb’
    write.separator: no visible global function definition for ‘hcl’
    write.separator: no visible global function definition for ‘col2rgb’
    Undefined global functions or variables:
     col2rgb dist hcl head read.table write.table
    Consider adding
     importFrom("grDevices", "col2rgb", "hcl")
     importFrom("stats", "dist")
     importFrom("utils", "head", "read.table", "write.table")
    to your NAMESPACE file.
Flavors: r-devel-linux-x86_64-fedora-clang, r-devel-linux-x86_64-fedora-gcc, r-devel-macos-x86_64-clang

Version: 1.4.5
Check: package dependencies
Result: NOTE
    Package suggested but not available for checking: ‘org.Mm.eg.db’
Flavor: r-release-osx-x86_64-mavericks