CRAN Package Check Results for Package msarc

Last updated on 2014-11-22 05:48:27.

Flavor Version Tinstall Tcheck Ttotal Status Flags
r-devel-linux-x86_64-debian-clang 1.3.4 1.19 33.12 34.30 OK
r-devel-linux-x86_64-debian-gcc 1.3.4 1.08 32.26 33.34 OK
r-devel-linux-x86_64-fedora-clang 1.3.4 73.12 OK
r-devel-linux-x86_64-fedora-gcc 1.3.4 67.09 OK
r-devel-osx-x86_64-clang 1.3.4 69.12 OK
r-devel-windows-ix86+x86_64 1.3.4 4.00 53.00 57.00 OK
r-patched-linux-x86_64 1.3.4 1.15 33.98 35.14 OK
r-patched-solaris-sparc 1.3.4 391.50 OK
r-patched-solaris-x86 1.3.4 104.00 OK
r-release-linux-ix86 1.3.4 1.58 47.80 49.38 OK
r-release-linux-x86_64 1.3.4 1.14 37.94 39.08 OK
r-release-osx-x86_64-mavericks 1.3.4 NOTE
r-release-osx-x86_64-snowleopard 1.3.4 NOTE
r-release-windows-ix86+x86_64 1.3.4 6.00 64.00 70.00 OK
r-oldrel-windows-ix86+x86_64 1.3.4 5.00 38.00 43.00 ERROR

Check Details

Version: 1.3.4
Check: package dependencies
Result: NOTE
    Package suggested but not available for checking: ‘org.Mm.eg.db’
Flavors: r-release-osx-x86_64-mavericks, r-release-osx-x86_64-snowleopard

Version: 1.3.4
Check: R code for possible problems
Result: NOTE
    Error : .onLoad failed in loadNamespace() for 'GO.db', details:
     call: match.arg(synchronous, c("off", "normal", "full"))
     error: 'arg' must be NULL or a character vector
    Error : .onLoad failed in loadNamespace() for 'org.Hs.eg.db', details:
     call: match.arg(synchronous, c("off", "normal", "full"))
     error: 'arg' must be NULL or a character vector
    Error : .onLoad failed in loadNamespace() for 'org.Mm.eg.db', details:
     call: match.arg(synchronous, c("off", "normal", "full"))
     error: 'arg' must be NULL or a character vector
Flavor: r-oldrel-windows-ix86+x86_64

Version: 1.3.4
Check: running R code from vignettes
Result: ERROR
    Errors in running code in vignettes:
    when running code in 'msarc.Rnw'
     ...
     'citation("Biobase")', and for packages 'citation("pkgname")'.
    
    Loading required package: DBI
    Error : .onLoad failed in loadNamespace() for 'GO.db', details:
     call: match.arg(synchronous, c("off", "normal", "full"))
     error: 'arg' must be NULL or a character vector
    
     When sourcing 'msarc.R':
    Error: Failed to load required package 'GO.db'.
    Execution halted
Flavor: r-oldrel-windows-ix86+x86_64