CRAN Package Check Results for Package msarc

Last updated on 2014-09-02 11:48:42.

Flavor Version Tinstall Tcheck Ttotal Status Flags
r-devel-linux-x86_64-debian-clang 1.3.4 1.12 32.07 33.19 OK
r-devel-linux-x86_64-debian-gcc 1.3.4 1.10 32.19 33.30 OK
r-devel-linux-x86_64-fedora-clang 1.3.4 71.00 OK
r-devel-linux-x86_64-fedora-gcc 1.3.4 67.64 OK
r-devel-osx-x86_64-clang 1.3.4 64.67 OK
r-devel-windows-ix86+x86_64 1.3.4 4.00 51.00 55.00 OK
r-patched-linux-x86_64 1.3.4 1.13 33.91 35.04 OK
r-patched-solaris-sparc 1.3.4 391.50 OK
r-patched-solaris-x86 1.3.4 103.50 OK
r-release-linux-ix86 1.3.4 1.49 45.58 47.07 OK
r-release-linux-x86_64 1.3.4 1.11 34.09 35.20 OK
r-release-osx-x86_64-mavericks 1.3.4 NOTE
r-release-osx-x86_64-snowleopard 1.3.4 NOTE
r-release-windows-ix86+x86_64 1.3.4 5.00 55.00 60.00 OK
r-oldrel-windows-ix86+x86_64 1.3.4 4.00 56.00 60.00 OK

Check Details

Version: 1.3.4
Check: package dependencies
Result: NOTE
    Package suggested but not available for checking: ‘org.Mm.eg.db’
Flavors: r-release-osx-x86_64-mavericks, r-release-osx-x86_64-snowleopard