CRAN Package Check Results for Package msarc

Last updated on 2014-10-31 08:47:11.

Flavor Version Tinstall Tcheck Ttotal Status Flags
r-devel-linux-x86_64-debian-clang 1.3.4 1.13 33.05 34.18 OK
r-devel-linux-x86_64-debian-gcc 1.3.4 1.15 35.08 36.23 OK
r-devel-linux-x86_64-fedora-clang 1.3.4 71.83 OK
r-devel-linux-x86_64-fedora-gcc 1.3.4 67.52 OK
r-devel-osx-x86_64-clang 1.3.4 69.67 OK
r-devel-windows-ix86+x86_64 1.3.4 4.00 31.00 35.00 ERROR
r-patched-linux-x86_64 1.3.4 1.16 34.76 35.92 OK
r-patched-solaris-sparc 1.3.4 391.50 OK
r-patched-solaris-x86 1.3.4 103.10 OK
r-release-linux-ix86 1.3.4 1.52 46.30 47.82 OK
r-release-linux-x86_64 1.3.4 1.17 34.88 36.05 OK
r-release-osx-x86_64-mavericks 1.3.4 NOTE
r-release-osx-x86_64-snowleopard 1.3.4 NOTE
r-release-windows-ix86+x86_64 1.3.4 5.00 57.00 62.00 OK
r-oldrel-windows-ix86+x86_64 1.3.4 5.00 37.00 42.00 ERROR

Check Details

Version: 1.3.4
Check: running R code from vignettes
Result: ERROR
    Errors in running code in vignettes:
    when running code in 'msarc.Rnw'
     ...
     species
    
    Loading required package: DBI
    Error : .onLoad failed in loadNamespace() for 'GO.db', details:
     call: ls(envir, all.names = TRUE)
     error: 2 arguments passed to .Internal(ls) which requires 3
    
     When sourcing 'msarc.R':
    Error: Failed to load required package 'GO.db'.
    Execution halted
Flavor: r-devel-windows-ix86+x86_64

Version: 1.3.4
Check: package dependencies
Result: NOTE
    Package suggested but not available for checking: ‘org.Mm.eg.db’
Flavors: r-release-osx-x86_64-mavericks, r-release-osx-x86_64-snowleopard

Version: 1.3.4
Check: R code for possible problems
Result: NOTE
    Error : .onLoad failed in loadNamespace() for 'GO.db', details:
     call: match.arg(synchronous, c("off", "normal", "full"))
     error: 'arg' must be NULL or a character vector
    Error : .onLoad failed in loadNamespace() for 'org.Hs.eg.db', details:
     call: match.arg(synchronous, c("off", "normal", "full"))
     error: 'arg' must be NULL or a character vector
    Error : .onLoad failed in loadNamespace() for 'org.Mm.eg.db', details:
     call: match.arg(synchronous, c("off", "normal", "full"))
     error: 'arg' must be NULL or a character vector
Flavor: r-oldrel-windows-ix86+x86_64

Version: 1.3.4
Check: running R code from vignettes
Result: ERROR
    Errors in running code in vignettes:
    when running code in 'msarc.Rnw'
     ...
     'citation("Biobase")', and for packages 'citation("pkgname")'.
    
    Loading required package: DBI
    Error : .onLoad failed in loadNamespace() for 'GO.db', details:
     call: match.arg(synchronous, c("off", "normal", "full"))
     error: 'arg' must be NULL or a character vector
    
     When sourcing 'msarc.R':
    Error: Failed to load required package 'GO.db'.
    Execution halted
Flavor: r-oldrel-windows-ix86+x86_64