CRAN Package Check Results for Package msarc

Last updated on 2016-12-06 16:50:52.

Flavor Version Tinstall Tcheck Ttotal Status Flags
r-devel-linux-x86_64-debian-clang 1.4.5 1.94 41.25 43.20 NOTE
r-devel-linux-x86_64-debian-gcc 1.4.5 2.14 40.11 42.25 NOTE
r-devel-linux-x86_64-fedora-clang 1.4.5 85.59 NOTE --no-stop-on-test-error
r-devel-linux-x86_64-fedora-gcc 1.4.5 85.04 NOTE --no-stop-on-test-error
r-devel-macos-x86_64-clang 1.4.5 64.68 NOTE
r-devel-windows-ix86+x86_64 1.4.5 7.00 64.00 71.00 NOTE
r-patched-linux-x86_64 1.4.5 1.87 35.29 37.16 NOTE
r-patched-solaris-sparc 1.4.5 410.80 NOTE
r-patched-solaris-x86 1.4.5 107.60 NOTE
r-release-linux-x86_64 1.4.5 1.95 36.01 37.95 NOTE
r-release-osx-x86_64-mavericks 1.4.5 NOTE
r-release-windows-ix86+x86_64 1.4.5 5.00 96.00 101.00 NOTE
r-oldrel-windows-ix86+x86_64 1.4.5 9.00 74.00 83.00 NOTE

Check Details

Version: 1.4.5
Check: R code for possible problems
Result: NOTE
    draw.missing: no visible global function definition for ‘hcl’
    draw.missing: no visible global function definition for ‘col2rgb’
    draw.scores: no visible global function definition for ‘col2rgb’
    msarc.loadTerms: no visible global function definition for ‘read.table’
    msarc.plotHeatmap: no visible global function definition for ‘dist’
    msarc.saveTerms: no visible global function definition for
     ‘write.table’
    summary.msarc: no visible global function definition for ‘head’
    write.arc: no visible global function definition for ‘hcl’
    write.arc: no visible global function definition for ‘col2rgb’
    write.background: no visible global function definition for ‘hcl’
    write.background: no visible global function definition for ‘col2rgb’
    write.separator: no visible global function definition for ‘hcl’
    write.separator: no visible global function definition for ‘col2rgb’
    Undefined global functions or variables:
     col2rgb dist hcl head read.table write.table
    Consider adding
     importFrom("grDevices", "col2rgb", "hcl")
     importFrom("stats", "dist")
     importFrom("utils", "head", "read.table", "write.table")
    to your NAMESPACE file.
Flavors: r-devel-linux-x86_64-debian-clang, r-devel-linux-x86_64-debian-gcc, r-devel-macos-x86_64-clang, r-devel-windows-ix86+x86_64, r-patched-linux-x86_64, r-patched-solaris-sparc, r-patched-solaris-x86, r-release-linux-x86_64, r-release-osx-x86_64-mavericks, r-release-windows-ix86+x86_64

Version: 1.4.5
Flags: --no-stop-on-test-error
Check: R code for possible problems
Result: NOTE
    draw.missing: no visible global function definition for ‘hcl’
    draw.missing: no visible global function definition for ‘col2rgb’
    draw.scores: no visible global function definition for ‘col2rgb’
    msarc.loadTerms: no visible global function definition for ‘read.table’
    msarc.plotHeatmap: no visible global function definition for ‘dist’
    msarc.saveTerms: no visible global function definition for
     ‘write.table’
    summary.msarc: no visible global function definition for ‘head’
    write.arc: no visible global function definition for ‘hcl’
    write.arc: no visible global function definition for ‘col2rgb’
    write.background: no visible global function definition for ‘hcl’
    write.background: no visible global function definition for ‘col2rgb’
    write.separator: no visible global function definition for ‘hcl’
    write.separator: no visible global function definition for ‘col2rgb’
    Undefined global functions or variables:
     col2rgb dist hcl head read.table write.table
    Consider adding
     importFrom("grDevices", "col2rgb", "hcl")
     importFrom("stats", "dist")
     importFrom("utils", "head", "read.table", "write.table")
    to your NAMESPACE file.
Flavors: r-devel-linux-x86_64-fedora-clang, r-devel-linux-x86_64-fedora-gcc

Version: 1.4.5
Check: package dependencies
Result: NOTE
    Package suggested but not available for checking: ‘org.Mm.eg.db’
Flavor: r-release-osx-x86_64-mavericks

Version: 1.4.5
Check: re-building of vignette outputs
Result: NOTE
    Error in re-building vignettes:
     ...
    
    
    Warning in value[[3L]](cond) :
     SET_STRING_ELT() can only be applied to a 'character vector', not a 'NULL'
    Warning: Pending rows
    
    Error: processing vignette 'msarc.Rnw' failed with diagnostics:
     chunk 1
    Error in if (nrow(data0) != 0) return(data0) : argument is of length zero
    Execution halted
Flavor: r-oldrel-windows-ix86+x86_64