CRAN Package Check Results for Package mseapca

Last updated on 2014-04-20 21:46:51.

Flavor Version Tinstall Tcheck Ttotal Status Flags
r-devel-linux-x86_64-debian-clang 1.0 1.23 16.02 17.25 NOTE
r-devel-linux-x86_64-debian-gcc 1.0 1.16 16.21 17.38 NOTE
r-devel-linux-x86_64-fedora-clang 1.0 34.12 NOTE
r-devel-linux-x86_64-fedora-gcc 1.0 32.70 NOTE
r-devel-macosx-x86_64-clang 1.0 32.18 NOTE
r-devel-macosx-x86_64-gcc 1.0 ERROR
r-devel-windows-ix86+x86_64 1.0 3.00 22.00 25.00 NOTE
r-patched-linux-x86_64 1.0 1.10 15.72 16.82 NOTE
r-patched-solaris-sparc 1.0 190.70 NOTE
r-patched-solaris-x86 1.0 47.80 NOTE
r-release-linux-ix86 NOTE
r-release-linux-x86_64 1.0 1.15 15.56 16.71 NOTE
r-release-macosx-x86_64 1.0 NOTE
r-release-windows-ix86+x86_64 1.0 6.00 33.00 39.00 NOTE
r-oldrel-windows-ix86+x86_64 1.0 3.00 23.00 26.00 NOTE

Check Details

Version: 1.0
Check: DESCRIPTION meta-information
Result: NOTE
    Deprecated license: BSD
Flavors: r-devel-linux-x86_64-debian-clang, r-devel-linux-x86_64-debian-gcc, r-devel-linux-x86_64-fedora-clang, r-devel-linux-x86_64-fedora-gcc, r-devel-macosx-x86_64-clang, r-patched-linux-x86_64, r-patched-solaris-sparc, r-patched-solaris-x86, r-release-linux-ix86, r-release-linux-x86_64, r-release-macosx-x86_64

Version: 1.0
Check: dependencies in R code
Result: NOTE
    'library' or 'require' call to ‘XML’ which was already attached by Depends.
     Please remove these calls from your code.
    Package in Depends field not imported from: ‘XML’
     These packages need to be imported from (in the NAMESPACE file)
     for when this namespace is loaded but not attached.
    See the information on DESCRIPTION files in the chapter ‘Creating R
    packages’ of the ‘Writing R Extensions’ manual.
Flavors: r-devel-linux-x86_64-debian-clang, r-devel-linux-x86_64-debian-gcc, r-devel-linux-x86_64-fedora-clang, r-devel-linux-x86_64-fedora-gcc, r-devel-macosx-x86_64-clang, r-devel-windows-ix86+x86_64, r-patched-linux-x86_64, r-patched-solaris-sparc, r-patched-solaris-x86, r-release-linux-ix86, r-release-linux-x86_64, r-release-windows-ix86+x86_64, r-oldrel-windows-ix86+x86_64

Version: 1.0
Check: top-level files
Result: NOTE
    Non-standard file/directory found at top level:
     ‘sample’
Flavors: r-devel-linux-x86_64-fedora-clang, r-devel-linux-x86_64-fedora-gcc

Version: 1.0
Check: package dependencies
Result: ERROR
    Package required but not available: ‘XML’
    
    See the information on DESCRIPTION files in the chapter ‘Creating R
    packages’ of the ‘Writing R Extensions’ manual.
Flavor: r-devel-macosx-x86_64-gcc

Version: 1.0
Check: dependencies in R code
Result: NOTE
    'library' or 'require' call to 'XML' which was already attached by Depends.
     Please remove these calls from your code.
    See the information on DESCRIPTION files in the chapter 'Creating R
    packages' of the 'Writing R Extensions' manual.
Flavor: r-release-macosx-x86_64