CRAN Package Check Results for Package mseapca

Last updated on 2015-01-28 17:55:22.

Flavor Version Tinstall Tcheck Ttotal Status Flags
r-devel-linux-x86_64-debian-clang 1.0 1.05 15.19 16.24 NOTE
r-devel-linux-x86_64-debian-gcc 1.0 0.94 14.12 15.06 NOTE
r-devel-linux-x86_64-fedora-clang 1.0 35.13 NOTE
r-devel-linux-x86_64-fedora-gcc 1.0 32.77 NOTE
r-devel-osx-x86_64-clang 1.0 36.71 NOTE
r-devel-windows-ix86+x86_64 1.0 4.00 23.00 27.00 NOTE
r-patched-linux-x86_64 1.0 1.05 15.32 16.37 NOTE
r-patched-solaris-sparc 1.0 205.70 NOTE
r-patched-solaris-x86 1.0 48.80 NOTE
r-release-linux-ix86 1.0 1.33 21.55 22.88 NOTE
r-release-linux-x86_64 1.0 1.12 16.48 17.60 NOTE
r-release-osx-x86_64-mavericks 1.0 NOTE
r-release-osx-x86_64-snowleopard 1.0 NOTE
r-release-windows-ix86+x86_64 1.0 3.00 26.00 29.00 NOTE
r-oldrel-windows-ix86+x86_64 1.0 4.00 26.00 30.00 NOTE

Check Details

Version: 1.0
Check: DESCRIPTION meta-information
Result: NOTE
    Deprecated license: BSD
Flavors: r-devel-linux-x86_64-debian-clang, r-devel-linux-x86_64-debian-gcc, r-devel-linux-x86_64-fedora-clang, r-devel-linux-x86_64-fedora-gcc, r-devel-osx-x86_64-clang, r-patched-linux-x86_64, r-patched-solaris-sparc, r-patched-solaris-x86, r-release-linux-ix86, r-release-linux-x86_64, r-release-osx-x86_64-mavericks, r-release-osx-x86_64-snowleopard

Version: 1.0
Check: top-level files
Result: NOTE
    Non-standard file/directory found at top level:
     ‘sample’
Flavors: r-devel-linux-x86_64-debian-clang, r-devel-linux-x86_64-debian-gcc, r-devel-linux-x86_64-fedora-clang, r-devel-linux-x86_64-fedora-gcc, r-patched-linux-x86_64, r-release-linux-x86_64

Version: 1.0
Check: dependencies in R code
Result: NOTE
    'library' or 'require' call to ‘XML’ which was already attached by Depends.
     Please remove these calls from your code.
    Package in Depends field not imported from: ‘XML’
     These packages need to be imported from (in the NAMESPACE file)
     for when this namespace is loaded but not attached.
Flavors: r-devel-linux-x86_64-debian-clang, r-devel-linux-x86_64-debian-gcc, r-devel-linux-x86_64-fedora-clang, r-devel-linux-x86_64-fedora-gcc, r-devel-osx-x86_64-clang, r-devel-windows-ix86+x86_64

Version: 1.0
Check: R code for possible problems
Result: NOTE
    kgml_i: no visible global function definition for ‘xmlTreeParse’
    kgml_i: no visible global function definition for ‘xmlRoot’
    kgml_i: no visible global function definition for ‘xmlAttrs’
    list2xml: no visible global function definition for ‘xmlNode’
    list2xml: no visible global function definition for ‘append.xmlNode’
    read_pathway: no visible global function definition for ‘xmlTreeParse’
    read_pathway: no visible global function definition for ‘xmlRoot’
    read_pathway: no visible global function definition for ‘xmlToList’
    read_pathway: no visible global function definition for ‘xmlAttrs’
Flavors: r-devel-linux-x86_64-debian-clang, r-devel-linux-x86_64-debian-gcc, r-devel-linux-x86_64-fedora-clang, r-devel-linux-x86_64-fedora-gcc, r-devel-osx-x86_64-clang, r-devel-windows-ix86+x86_64, r-patched-linux-x86_64, r-patched-solaris-sparc, r-patched-solaris-x86, r-release-linux-ix86, r-release-linux-x86_64, r-release-osx-x86_64-mavericks, r-release-windows-ix86+x86_64

Version: 1.0
Check: dependencies in R code
Result: NOTE
    'library' or 'require' call to ‘XML’ which was already attached by Depends.
     Please remove these calls from your code.
    Package in Depends field not imported from: ‘XML’
     These packages need to be imported from (in the NAMESPACE file)
     for when this namespace is loaded but not attached.
    See the information on DESCRIPTION files in the chapter ‘Creating R
    packages’ of the ‘Writing R Extensions’ manual.
Flavors: r-patched-linux-x86_64, r-patched-solaris-sparc, r-patched-solaris-x86, r-release-linux-ix86, r-release-linux-x86_64, r-release-osx-x86_64-mavericks, r-release-windows-ix86+x86_64, r-oldrel-windows-ix86+x86_64

Version: 1.0
Check: dependencies in R code
Result: NOTE
    'library' or 'require' call to 'XML' which was already attached by Depends.
     Please remove these calls from your code.
    See the information on DESCRIPTION files in the chapter 'Creating R
    packages' of the 'Writing R Extensions' manual.
Flavor: r-release-osx-x86_64-snowleopard