CRAN Package Check Results for Package msgl

Last updated on 2014-12-20 17:51:10.

Flavor Version Tinstall Tcheck Ttotal Status Flags
r-devel-linux-x86_64-debian-clang 2.0.125.1 15.57 85.21 100.78 OK
r-devel-linux-x86_64-debian-gcc 2.0.125.1 18.02 79.30 97.32 OK
r-devel-linux-x86_64-fedora-clang 2.0.125.1 231.19 OK
r-devel-linux-x86_64-fedora-gcc 2.0.125.1 218.46 OK
r-devel-osx-x86_64-clang 2.0.125.1 183.88 OK
r-devel-windows-ix86+x86_64 2.0.125.1 53.00 194.00 247.00 OK
r-patched-linux-x86_64 2.0.125.1 18.52 79.94 98.46 OK
r-patched-solaris-sparc 2.0.125.1 1350.40 OK
r-patched-solaris-x86 2.0.125.1 312.90 ERROR
r-release-linux-ix86 2.0.125.1 22.02 102.84 124.86 OK
r-release-linux-x86_64 2.0.125.1 19.16 83.23 102.39 OK
r-release-osx-x86_64-mavericks 2.0.125.1 OK
r-release-osx-x86_64-snowleopard 2.0.125.1 OK
r-release-windows-ix86+x86_64 2.0.125.1 53.00 217.00 270.00 OK
r-oldrel-windows-ix86+x86_64 2.0.125.1 51.00 234.00 285.00 OK

Check Details

Version: 2.0.125.1
Check: examples
Result: ERROR
    Running examples in ‘msgl-Ex.R’ failed
    The error most likely occurred in:
    
    > ### Name: print.msgl
    > ### Title: Print function for msgl
    > ### Aliases: print.msgl
    >
    > ### ** Examples
    >
    > data(SimData)
    > x <- sim.data$x
    > classes <- sim.data$classes
    >
    > ### Estimation
    > lambda <- msgl.lambda.seq(x, classes, alpha = .5, d = 50, lambda.min = 0.05)
    > fit <- msgl(x, classes, alpha = .5, lambda = lambda)
    
    Running msgl (sparse design matrix)
    
     Samples: Features: Classes: Groups: Parameters:
     100 401 10 401 4010
    
    0 %
    |----|----|----|----|----|----|----|----|----|----|
    **************************************************|
    |
    >
    > # Print some information about the estimated models
    > fit
    
    Call:
    msgl(x = x, classes = classes, alpha = 0.5, lambda = lambda)
    
    Models:
    
     Index: Lambda: Features: Parameters:
     10 0.082 4 23
     20 0.072 11 57
     30 0.064 15 82
     40 0.057 21 117
     50 0.050 24 141
    
    >
    > ### Cross validation
    > fit.cv <- msgl.cv(x, classes, alpha = .5, lambda = lambda)
    Running msgl 10 fold cross validation (dense design matrix)
    
     Samples: Features: Classes: Groups: Parameters:
     100 401 10 401 4010
    
    0 %
    |----|----|----|----|----|----|----|----|----|----|
    **************************************************|
    >
    > # Print some information
    > fit.cv
    
    Call:
    msgl.cv(x = x, classes = classes, alpha = 0.5, lambda = lambda)
    
    Models:
    
     Index: Lambda: Features: Parameters: Error:
     10 0.082 4 23 0.78
     20 0.072 10 55 0.54
     30 0.064 16 87 0.40
     40 0.057 20 113 0.33
     50 0.050 25 144 0.29
    
    Best model:
    
     Index: Lambda: Features: Parameters: Error:
     50 0.05 25 144 0.29
    
    >
    > ### Subsampling
    > test <- list(1:20, 21:40)
    > train <- lapply(test, function(s) (1:length(classes))[-s])
    >
    > lambda <- msgl.lambda.seq(x, classes, alpha = .5, d = 50, lambda.min = 0.05)
    > fit.sub <- msgl.subsampling(x, classes, alpha = .5, lambda = lambda, training = train, test = test)
    Running msgl subsampling with 2 subsamples (dense design matrix)
    
     Samples: Features: Classes: Groups: Parameters:
     100 401 10 401 4010
    
    0 %
    |----|----|----|----|----|----|----|----|----|----|
    **************************************************|
    >
    > # Print some information
    > fit.sub
    
    Call:
    msgl.subsampling(x = x, classes = classes, alpha = 0.5, lambda = lambda,
     training = train, test = test)
    
    Best models:
    
     Subsample: Model index: Lambda: Features: Parameters: Error:
     1 41 0.056 13 72 0.5
     2 46 0.053 13 67 0.4
    
    >
    >
    >
    > ### * <FOOTER>
    > ###
    > options(digits = 7L)
    > base::cat("Time elapsed: ", proc.time() - base::get("ptime", pos = 'CheckExEnv'),"\n")
    Time elapsed: 129.171 32.525 53.804 0 0
    > grDevices::dev.off()
    null device
     1
    > ###
    > ### Local variables: ***
    > ### mode: outline-minor ***
    > ### outline-regexp: "\\(> \\)?### [*]+" ***
    > ### End: ***
    > quit('no')
    
     *** caught segfault ***
    address 4, cause 'memory not mapped'
    
    Traceback:
     1: quit("no")
    aborting ...
Flavor: r-patched-solaris-x86