CRAN Package Check Results for Package msgl

Last updated on 2017-08-17 07:47:04.

Flavor Version Tinstall Tcheck Ttotal Status Flags
r-devel-linux-x86_64-debian-clang 2.3.6 19.92 157.84 177.76 OK
r-devel-linux-x86_64-debian-gcc 2.3.6 19.83 150.87 170.71 OK
r-devel-linux-x86_64-fedora-clang 2.3.6 312.57 OK
r-devel-linux-x86_64-fedora-gcc 2.3.6 306.81 OK
r-devel-windows-ix86+x86_64 2.3.6 49.00 414.00 463.00 OK
r-patched-linux-x86_64 2.3.6 19.61 152.95 172.56 OK
r-patched-solaris-x86 2.3.6 432.50 WARN
r-release-linux-x86_64 2.3.6 19.22 151.72 170.94 OK
r-release-windows-ix86+x86_64 2.3.6 55.00 377.00 432.00 OK
r-release-osx-x86_64 2.3.6 WARN
r-oldrel-windows-ix86+x86_64 2.3.6 52.00 362.00 414.00 OK
r-oldrel-osx-x86_64 2.3.6 WARN

Additional issues

rchk

Check Details

Version: 2.3.6
Check: re-building of vignette outputs
Result: WARN
    Error in re-building vignettes:
     ...
    Warning in engine$weave(file, quiet = quiet, encoding = enc) :
     Pandoc (>= 1.12.3) and/or pandoc-citeproc not available. Falling back to R Markdown v1.
    Quitting from lines 15-33 (README.Rmd)
    Error: processing vignette 'README.Rmd' failed with diagnostics:
    object 'params' not found
    Execution halted
Flavors: r-patched-solaris-x86, r-release-osx-x86_64, r-oldrel-osx-x86_64