CRAN Package Check Results for Package msgl

Last updated on 2017-03-27 03:49:53.

Flavor Version Tinstall Tcheck Ttotal Status Flags
r-devel-linux-x86_64-debian-clang 2.3.5 20.14 126.53 146.67 NOTE
r-devel-linux-x86_64-debian-gcc 2.3.5 19.05 120.18 139.23 NOTE
r-devel-linux-x86_64-fedora-clang 2.3.5 275.47 NOTE --no-stop-on-test-error
r-devel-linux-x86_64-fedora-gcc 2.3.5 261.35 NOTE --no-stop-on-test-error
r-devel-macos-x86_64-clang 2.3.5 202.61 NOTE --no-stop-on-test-error
r-patched-linux-x86_64 2.3.5 16.80 120.91 137.72 NOTE
r-patched-solaris-sparc 2.3.5 2137.60 OK
r-patched-solaris-x86 2.3.5 440.50 OK
r-release-linux-x86_64 2.3.5 16.65 108.18 124.83 OK
r-release-osx-x86_64-mavericks 2.3.5 OK
r-release-windows-ix86+x86_64 2.3.5 68.00 368.00 436.00 OK
r-oldrel-windows-ix86+x86_64 2.3.5 43.00 317.00 360.00 OK

Check Details

Version: 2.3.5
Check: compiled code
Result: NOTE
    File ‘msgl/libs/msgl.so’:
     Found no call to: ‘R_useDynamicSymbols’
    
    It is good practice to register native routines and to disable symbol
    search.
    
    See ‘Writing portable packages’ in the ‘Writing R Extensions’ manual.
Flavors: r-devel-linux-x86_64-debian-clang, r-devel-linux-x86_64-debian-gcc, r-patched-linux-x86_64

Version: 2.3.5
Flags: --no-stop-on-test-error
Check: compiled code
Result: NOTE
    File ‘msgl/libs/msgl.so’:
     Found no call to: ‘R_useDynamicSymbols’
    
    It is good practice to register native routines and to disable symbol
    search.
    
    See ‘Writing portable packages’ in the ‘Writing R Extensions’ manual.
Flavors: r-devel-linux-x86_64-fedora-clang, r-devel-linux-x86_64-fedora-gcc, r-devel-macos-x86_64-clang