CRAN Package Check Results for Package msgl

Last updated on 2017-10-19 12:49:35.

Flavor Version Tinstall Tcheck Ttotal Status Flags
r-devel-linux-x86_64-debian-clang 2.3.6 20.41 156.52 176.94 OK
r-devel-linux-x86_64-debian-gcc 2.3.6 21.97 164.50 186.47 OK
r-devel-linux-x86_64-fedora-clang 2.3.6 311.48 OK
r-devel-linux-x86_64-fedora-gcc 2.3.6 302.52 OK
r-devel-windows-ix86+x86_64 2.3.6 46.00 395.00 441.00 OK
r-patched-linux-x86_64 2.3.6 19.79 154.87 174.66 OK
r-patched-solaris-x86 2.3.6 425.40 WARN
r-release-linux-x86_64 2.3.6 19.95 153.31 173.26 OK
r-release-windows-ix86+x86_64 2.3.6 78.00 398.00 476.00 OK
r-release-osx-x86_64 2.3.6 WARN
r-oldrel-windows-ix86+x86_64 2.3.6 80.00 509.00 589.00 OK
r-oldrel-osx-x86_64 2.3.6 WARN

Additional issues

rchk

Check Details

Version: 2.3.6
Check: re-building of vignette outputs
Result: WARN
    Error in re-building vignettes:
     ...
    Warning in engine$weave(file, quiet = quiet, encoding = enc) :
     Pandoc (>= 1.12.3) and/or pandoc-citeproc not available. Falling back to R Markdown v1.
    Quitting from lines 15-33 (README.Rmd)
    Error: processing vignette 'README.Rmd' failed with diagnostics:
    object 'params' not found
    Execution halted
Flavors: r-patched-solaris-x86, r-release-osx-x86_64, r-oldrel-osx-x86_64