CRAN Package Check Results for Package msgl

Last updated on 2017-02-25 11:48:35.

Flavor Version Tinstall Tcheck Ttotal Status Flags
r-devel-linux-x86_64-debian-clang 2.3.5 19.32 126.20 145.52 NOTE
r-devel-linux-x86_64-debian-gcc 2.3.5 19.07 121.75 140.83 NOTE
r-devel-linux-x86_64-fedora-clang 2.3.5 293.70 NOTE --no-stop-on-test-error
r-devel-linux-x86_64-fedora-gcc 2.3.5 263.55 NOTE --no-stop-on-test-error
r-devel-macos-x86_64-clang 2.3.5 200.70 NOTE --no-stop-on-test-error
r-devel-windows-ix86+x86_64 2.3.5 68.00 417.00 485.00 OK
r-patched-linux-x86_64 2.3.5 17.16 110.99 128.15 OK
r-patched-solaris-sparc 2.3.5 1974.80 OK
r-patched-solaris-x86 2.3.5 395.20 OK
r-release-linux-x86_64 2.3.5 16.53 109.73 126.27 OK
r-release-osx-x86_64-mavericks 2.3.5 OK
r-release-windows-ix86+x86_64 2.3.5 66.00 378.00 444.00 OK
r-oldrel-windows-ix86+x86_64 2.3.5 66.00 542.00 608.00 OK

Check Details

Version: 2.3.5
Check: compiled code
Result: NOTE
    File ‘msgl/libs/msgl.so’:
     Found no call to: ‘R_useDynamicSymbols’
    
    It is good practice to register native routines and to disable symbol
    search.
    
    See ‘Writing portable packages’ in the ‘Writing R Extensions’ manual.
Flavors: r-devel-linux-x86_64-debian-clang, r-devel-linux-x86_64-debian-gcc

Version: 2.3.5
Flags: --no-stop-on-test-error
Check: compiled code
Result: NOTE
    File ‘msgl/libs/msgl.so’:
     Found no call to: ‘R_useDynamicSymbols’
    
    It is good practice to register native routines and to disable symbol
    search.
    
    See ‘Writing portable packages’ in the ‘Writing R Extensions’ manual.
Flavors: r-devel-linux-x86_64-fedora-clang, r-devel-linux-x86_64-fedora-gcc, r-devel-macos-x86_64-clang