CRAN Package Check Results for Package msgl

Last updated on 2017-12-13 20:48:45 CET.

Flavor Version Tinstall Tcheck Ttotal Status Flags
r-devel-linux-x86_64-debian-clang 2.3.6 27.53 218.19 245.72 OK
r-devel-linux-x86_64-debian-gcc 2.3.6 21.90 36.47 58.37 FAIL
r-devel-linux-x86_64-fedora-clang 2.3.6 284.22 OK
r-devel-linux-x86_64-fedora-gcc 2.3.6 274.61 OK
r-devel-windows-ix86+x86_64 2.3.6 70.00 388.00 458.00 OK
r-patched-linux-x86_64 2.3.6 25.44 217.82 243.26 OK
r-patched-solaris-x86 2.3.6 435.40 WARN
r-release-linux-x86_64 2.3.6 26.95 220.51 247.46 OK
r-release-windows-ix86+x86_64 2.3.6 52.00 543.00 595.00 OK
r-release-osx-x86_64 2.3.6 WARN
r-oldrel-windows-ix86+x86_64 2.3.6 54.00 485.00 539.00 OK
r-oldrel-osx-x86_64 2.3.6 WARN

Additional issues

rchk

Check Details

Version: 2.3.6
Check: pragmas in C/C++ headers and code
Result: FAIL
    
Flavor: r-devel-linux-x86_64-debian-gcc

Version: 2.3.6
Check: re-building of vignette outputs
Result: WARN
    Error in re-building vignettes:
     ...
    Warning in engine$weave(file, quiet = quiet, encoding = enc) :
     Pandoc (>= 1.12.3) and/or pandoc-citeproc not available. Falling back to R Markdown v1.
    Quitting from lines 15-33 (README.Rmd)
    Error: processing vignette 'README.Rmd' failed with diagnostics:
    object 'params' not found
    Execution halted
Flavors: r-patched-solaris-x86, r-release-osx-x86_64, r-oldrel-osx-x86_64