CRAN Package Check Results for Package msgl

Last updated on 2017-06-27 14:47:17.

Flavor Version Tinstall Tcheck Ttotal Status Flags
r-devel-linux-x86_64-debian-clang 2.3.6 19.70 157.98 177.67 OK
r-devel-linux-x86_64-debian-gcc 2.3.6 19.41 152.49 171.90 OK
r-devel-linux-x86_64-fedora-clang 2.3.6 318.22 OK
r-devel-linux-x86_64-fedora-gcc 2.3.6 306.03 OK
r-devel-windows-ix86+x86_64 2.3.6 70.00 373.00 443.00 OK
r-patched-linux-x86_64 2.3.6 19.36 154.36 173.72 OK
r-patched-solaris-sparc 2.3.6 2078.00 WARN
r-patched-solaris-x86 2.3.6 428.80 WARN
r-release-linux-x86_64 2.3.6 19.45 152.99 172.43 OK
r-release-windows-ix86+x86_64 2.3.6 49.00 545.00 594.00 OK
r-release-osx-x86_64 2.3.6 WARN
r-oldrel-windows-ix86+x86_64 2.3.6 75.00 513.00 588.00 OK
r-oldrel-osx-x86_64 2.3.6 WARN

Additional issues

rchk

Check Details

Version: 2.3.6
Check: re-building of vignette outputs
Result: WARN
    Error in re-building vignettes:
     ...
    Warning in engine$weave(file, quiet = quiet, encoding = enc) :
     Pandoc (>= 1.12.3) and/or pandoc-citeproc not available. Falling back to R Markdown v1.
    Quitting from lines 15-33 (README.Rmd)
    Error: processing vignette 'README.Rmd' failed with diagnostics:
    object 'params' not found
    Execution halted
Flavors: r-patched-solaris-sparc, r-patched-solaris-x86, r-release-osx-x86_64, r-oldrel-osx-x86_64