CRAN Package Check Results for Package msgl

Last updated on 2016-05-28 17:38:40.

Flavor Version Tinstall Tcheck Ttotal Status Flags
r-devel-linux-x86_64-debian-gcc 2.2.0 20.85 67.38 88.22 OK
r-devel-linux-x86_64-fedora-clang 2.2.0 188.43 OK
r-devel-linux-x86_64-fedora-gcc 2.2.0 170.25 OK
r-devel-osx-x86_64-clang 2.2.0 180.23 OK
r-devel-windows-ix86+x86_64 2.2.0 58.00 182.00 240.00 OK
r-patched-linux-x86_64 2.2.0 18.29 65.88 84.17 OK
r-patched-solaris-sparc 2.2.0 1044.70 OK
r-patched-solaris-x86 2.2.0 225.40 OK
r-release-linux-x86_64 2.2.0 17.91 65.00 82.91 OK
r-release-osx-x86_64-mavericks 2.2.0 OK
r-release-windows-ix86+x86_64 2.2.0 70.00 182.00 252.00 OK
r-oldrel-windows-ix86+x86_64 2.2.0 50.00 163.00 213.00 ERROR

Check Details

Version: 2.2.0
Check: running tests for arch ‘i386’
Result: ERROR
    Running the tests in 'tests/msgl_grouping_test_1.R' failed.
    Last 13 lines of output:
     > lambda1 <- msgl.lambda.seq(x, classes, grouping = grouping, alpha = 0, d = 100L, lambda.min = 0.01, sparse.data = TRUE, standardize = FALSE)
     > if(max(abs(lambda-lambda1)) > 1e-5) stop()
     >
     > lambda <- msgl.lambda.seq(x, classes, grouping = grouping, alpha = .5, d = 100L, lambda.min = 0.01, standardize = FALSE)
     Error in sgl_lambda_sequence("msgl_dense", "msgl", data, covariateGrouping, :
     The algorithm has encountered a numerical problem
     Try/check the following:
     (1) Check the lambda sequence and try with a longer sequence (the length d should be larger than 100)
     (2) try with a larger lambda.min
     (3) Ensure minimum one sample from each group/class present in all subsample (or cross validation) sets used
     (Assert failed in d:/RCompile/CRANpkg/lib/3.2/sglOptim/include/sgl/sgl_problem.h at line 379 )
     Calls: msgl.lambda.seq -> sgl_lambda_sequence -> .Call
     Execution halted
Flavor: r-oldrel-windows-ix86+x86_64