CRAN Package Check Results for Package msgl

Last updated on 2016-09-28 23:49:26.

Flavor Version Tinstall Tcheck Ttotal Status Flags
r-devel-linux-x86_64-debian-clang 2.2.1 24.82 61.20 86.02 OK
r-devel-linux-x86_64-debian-gcc 2.2.1 20.25 60.21 80.45 OK
r-devel-linux-x86_64-fedora-clang 2.3.0 110.34 OK
r-devel-linux-x86_64-fedora-gcc 2.3.0 148.00 OK
r-devel-macos-x86_64-clang 2.3.0 99.19 OK
r-devel-windows-ix86+x86_64 2.2.1 84.00 200.00 284.00 OK
r-patched-linux-x86_64 2.2.1 18.25 61.04 79.30 OK
r-patched-solaris-sparc 2.3.0 1050.50 OK
r-patched-solaris-x86 2.3.0 205.70 OK
r-release-linux-x86_64 2.2.1 18.53 61.70 80.23 OK
r-release-osx-x86_64-mavericks 2.2.1 OK
r-release-windows-ix86+x86_64 2.2.1 75.00 159.00 234.00 OK
r-oldrel-windows-ix86+x86_64 2.2.1 35.00 3.00 38.00 ERROR

Memtest notes: gcc6-ASAN gcc7-ASAN

Check Details

Version: 2.2.1
Check: package dependencies
Result: ERROR
    Package required and available but unsuitable version: 'sglOptim'
    
    See section 'The DESCRIPTION file' in the 'Writing R Extensions'
    manual.
Flavor: r-oldrel-windows-ix86+x86_64