CRAN Package Check Results for Package msgl

Last updated on 2015-03-03 03:48:59.

Flavor Version Tinstall Tcheck Ttotal Status Flags
r-devel-linux-x86_64-debian-clang 2.0.125.1 15.21 74.89 90.10 OK
r-devel-linux-x86_64-debian-gcc 2.0.125.1 17.42 68.87 86.28 OK
r-devel-linux-x86_64-fedora-clang 2.0.125.1 187.27 OK
r-devel-linux-x86_64-fedora-gcc 2.0.125.1 177.47 OK
r-devel-osx-x86_64-clang 2.0.125.1 151.07 OK
r-devel-windows-ix86+x86_64 2.0.125.1 70.00 229.00 299.00 OK
r-patched-linux-x86_64 2.0.125.1 18.56 81.46 100.02 OK
r-patched-solaris-sparc 2.0.125.1 132.50 ERROR
r-patched-solaris-x86 2.0.125.1 439.30 OK
r-release-linux-ix86 2.0.125.1 22.08 111.74 133.82 OK
r-release-linux-x86_64 2.0.125.1 21.96 80.97 102.92 OK
r-release-osx-x86_64-mavericks 2.0.125.1 OK
r-release-osx-x86_64-snowleopard 2.0.125.1 OK
r-release-windows-ix86+x86_64 2.0.125.1 76.00 213.00 289.00 OK
r-oldrel-windows-ix86+x86_64 2.0.125.1 49.00 222.00 271.00 OK

Check Details

Version: 2.0.125.1
Check: whether package can be installed
Result: ERROR
    Installation failed.
Flavor: r-patched-solaris-sparc