CRAN Package Check Results for Package msgl

Last updated on 2018-06-22 00:46:38 CEST.

Flavor Version Tinstall Tcheck Ttotal Status Flags
r-oldrel-osx-x86_64 2.3.6 WARN

Check Details

Version: 2.3.6
Check: re-building of vignette outputs
Result: WARN
    Error in re-building vignettes:
     ...
    Warning in engine$weave(file, quiet = quiet, encoding = enc) :
     Pandoc (>= 1.12.3) and/or pandoc-citeproc not available. Falling back to R Markdown v1.
    Quitting from lines 15-33 (README.Rmd)
    Error: processing vignette 'README.Rmd' failed with diagnostics:
    object 'params' not found
    Execution halted
Flavor: r-oldrel-osx-x86_64