CRAN Package Check Results for Package msgl

Last updated on 2015-07-01 13:47:23.

Flavor Version Tinstall Tcheck Ttotal Status Flags
r-devel-linux-x86_64-debian-clang 2.0.125.1 16.10 74.83 90.93 NOTE
r-devel-linux-x86_64-debian-gcc 2.0.125.1 17.62 72.04 89.66 NOTE
r-devel-linux-x86_64-fedora-clang 2.0.125.1 186.54 NOTE
r-devel-linux-x86_64-fedora-gcc 2.0.125.1 177.47 NOTE
r-devel-osx-x86_64-clang 2.0.125.1 173.88 OK
r-devel-windows-ix86+x86_64 2.0.125.1 54.00 181.00 235.00 NOTE
r-patched-linux-x86_64 2.0.125.1 18.02 68.80 86.82 OK
r-patched-solaris-sparc 2.0.125.1 1106.80 OK
r-patched-solaris-x86 2.0.125.1 262.20 OK
r-release-linux-x86_64 2.0.125.1 17.64 69.97 87.61 OK
r-release-osx-x86_64-mavericks 2.0.125.1 OK
r-release-windows-ix86+x86_64 2.0.125.1 50.00 201.00 251.00 OK
r-oldrel-windows-ix86+x86_64 2.0.125.1 53.00 290.00 343.00 OK

Check Details

Version: 2.0.125.1
Check: R code for possible problems
Result: NOTE
    coef.msgl: no visible global function definition for ‘coef’
    msgl: no visible global function definition for ‘is’
    msgl: no visible global function definition for ‘packageVersion’
    msgl.cv: no visible global function definition for ‘is’
    msgl.cv: no visible global function definition for ‘packageVersion’
    msgl.lambda.seq: no visible global function definition for ‘is’
    msgl.subsampling: no visible global function definition for ‘is’
    msgl.subsampling: no visible global function definition for
     ‘packageVersion’
    predict.msgl: no visible global function definition for ‘is’
    predict.msgl: no visible global function definition for ‘as’
    predict.msgl: no visible global function definition for
     ‘packageVersion’
Flavors: r-devel-linux-x86_64-debian-clang, r-devel-linux-x86_64-debian-gcc, r-devel-linux-x86_64-fedora-clang, r-devel-linux-x86_64-fedora-gcc, r-devel-windows-ix86+x86_64