CRAN Package Check Results for Package msgl

Last updated on 2018-02-23 06:55:00 CET.

Flavor Version Tinstall Tcheck Ttotal Status Flags
r-devel-linux-x86_64-debian-clang 2.3.6 30.19 171.43 201.62 WARN
r-devel-linux-x86_64-debian-gcc 2.3.6 21.62 149.47 171.09 WARN
r-devel-linux-x86_64-fedora-clang 2.3.6 282.44 WARN
r-devel-linux-x86_64-fedora-gcc 2.3.6 252.24 WARN
r-devel-windows-ix86+x86_64 2.3.6 79.00 465.00 544.00 WARN
r-patched-linux-x86_64 2.3.6 26.19 208.44 234.63 WARN
r-patched-solaris-x86 2.3.6 422.80 WARN
r-release-linux-x86_64 2.3.6 27.02 204.09 231.11 WARN
r-release-windows-ix86+x86_64 2.3.6 70.00 493.00 563.00 WARN
r-release-osx-x86_64 2.3.6 WARN
r-oldrel-windows-ix86+x86_64 2.3.6 55.00 382.00 437.00 WARN
r-oldrel-osx-x86_64 2.3.6 WARN

Additional issues

rchk

Check Details

Version: 2.3.6
Check: re-building of vignette outputs
Result: WARN
    Error in re-building vignettes:
     ...
    pandoc: Could not determine mime type for `https://raw.github.com/vincent-dk/msgl/master/fig1.png'
    CallStack (from HasCallStack):
     error, called at src/Text/Pandoc/SelfContained.hs:156:35 in pandoc-1.19.2.4-HbfKWUyODESBIy0vGktOwX:Text.Pandoc.SelfContained
    Error: processing vignette ‘README.Rmd’ failed with diagnostics:
    pandoc document conversion failed with error 1
    Execution halted
Flavors: r-devel-linux-x86_64-debian-clang, r-devel-linux-x86_64-debian-gcc, r-patched-linux-x86_64, r-release-linux-x86_64

Version: 2.3.6
Check: re-building of vignette outputs
Result: WARN
    Error in re-building vignettes:
     ...
    pandoc: Could not determine mime type for `https://raw.github.com/vincent-dk/msgl/master/fig1.png'
    CallStack (from HasCallStack):
     error, called at src/Text/Pandoc/SelfContained.hs:156:35 in pandoc-1.19.2.1-HmHZrsGgUrp4c4IkMOs9Vr:Text.Pandoc.SelfContained
    Error: processing vignette 'README.Rmd' failed with diagnostics:
    pandoc document conversion failed with error 1
    Execution halted
Flavors: r-devel-linux-x86_64-fedora-clang, r-devel-linux-x86_64-fedora-gcc

Version: 2.3.6
Check: re-building of vignette outputs
Result: WARN
    Error in re-building vignettes:
     ...
    pandoc.exe: Could not determine mime type for `https://raw.github.com/vincent-dk/msgl/master/fig1.png'
    CallStack (from HasCallStack):
     error, called at src\Text\Pandoc\SelfContained.hs:156:35 in pandoc-1.19.2.1-3EiBhxep0x773HKxrkonLI:Text.Pandoc.SelfContained
    Error: processing vignette 'README.Rmd' failed with diagnostics:
    pandoc document conversion failed with error 1
    Execution halted
Flavor: r-devel-windows-ix86+x86_64

Version: 2.3.6
Check: re-building of vignette outputs
Result: WARN
    Error in re-building vignettes:
     ...
    Warning in engine$weave(file, quiet = quiet, encoding = enc) :
     Pandoc (>= 1.12.3) and/or pandoc-citeproc not available. Falling back to R Markdown v1.
    Quitting from lines 15-33 (README.Rmd)
    Error: processing vignette 'README.Rmd' failed with diagnostics:
    object 'params' not found
    Execution halted
Flavors: r-patched-solaris-x86, r-release-osx-x86_64, r-oldrel-osx-x86_64

Version: 2.3.6
Check: re-building of vignette outputs
Result: WARN
    Error in re-building vignettes:
     ...
    pandoc.exe: Could not determine mime type for `https://raw.github.com/vincent-dk/msgl/master/fig1.png'
    CallStack (from HasCallStack):
     error, called at src\Text\Pandoc\SelfContained.hs:156:35 in pandoc-1.19.2.1-3EiBhxep0x773HKxrkonLI:Text.Pandoc.SelfContained
    Warning: running command '"D:/compiler/pandoc/pandoc" +RTS -K512m -RTS README.utf8.md --to html --from markdown+autolink_bare_uris+ascii_identifiers+tex_math_single_backslash --output README.html --smart --email-obfuscation none --self-contained --standalone --section-divs --template "d:\RCompile\CRANpkg\lib\3.4\rmarkdown\rmd\h\default.html" --highlight-style pygments --css "d:\RCompile\CRANpkg\lib\3.4\rmarkdown\rmarkdown\templates\html_vignette\resources\vignette.css" --mathjax --variable "mathjax-url:https://mathjax.rstudio.com/latest/MathJax.js?config=TeX-AMS-MML_HTMLorMML"' had status 1
    Error: processing vignette 'README.Rmd' failed with diagnostics:
    pandoc document conversion failed with error 1
    Execution halted
Flavor: r-release-windows-ix86+x86_64

Version: 2.3.6
Check: re-building of vignette outputs
Result: WARN
    Error in re-building vignettes:
     ...
    pandoc.exe: Could not determine mime type for `https://raw.github.com/vincent-dk/msgl/master/fig1.png'
    CallStack (from HasCallStack):
     error, called at src\Text\Pandoc\SelfContained.hs:156:35 in pandoc-1.19.2.1-3EiBhxep0x773HKxrkonLI:Text.Pandoc.SelfContained
    Warning: running command '"D:/compiler/pandoc/pandoc" +RTS -K512m -RTS README.utf8.md --to html --from markdown+autolink_bare_uris+ascii_identifiers+tex_math_single_backslash --output README.html --smart --email-obfuscation none --self-contained --standalone --section-divs --template "d:\RCompile\CRANpkg\lib\3.3\rmarkdown\rmd\h\default.html" --highlight-style pygments --css "d:\RCompile\CRANpkg\lib\3.3\rmarkdown\rmarkdown\templates\html_vignette\resources\vignette.css" --mathjax --variable "mathjax-url:https://mathjax.rstudio.com/latest/MathJax.js?config=TeX-AMS-MML_HTMLorMML"' had status 1
    Error: processing vignette 'README.Rmd' failed with diagnostics:
    pandoc document conversion failed with error 1
    Execution halted
Flavor: r-oldrel-windows-ix86+x86_64