CRAN Package Check Results for Package msgl

Last updated on 2017-04-29 08:49:00.

Flavor Version Tinstall Tcheck Ttotal Status Flags
r-devel-linux-x86_64-debian-clang 2.3.6 19.78 158.17 177.95 OK
r-devel-linux-x86_64-debian-gcc 2.3.6 19.08 153.54 172.62 OK
r-devel-linux-x86_64-fedora-clang 2.3.6 322.99 OK --no-stop-on-test-error
r-devel-linux-x86_64-fedora-gcc 2.3.6 297.36 OK --no-stop-on-test-error
r-devel-windows-ix86+x86_64 2.3.6 71.00 511.00 582.00 OK
r-patched-linux-x86_64 2.3.6 16.22 152.78 169.00 OK
r-patched-solaris-sparc 2.3.6 1965.90 WARN
r-patched-solaris-x86 2.3.6 425.90 WARN
r-release-linux-x86_64 2.3.6 16.81 150.88 167.69 OK
r-release-windows-ix86+x86_64 2.3.6 69.00 522.00 591.00 OK
r-release-osx-x86_64 2.3.6 WARN
r-oldrel-windows-ix86+x86_64 2.3.6 76.00 489.00 565.00 OK
r-oldrel-osx-x86_64 2.3.6 WARN

Check Details

Version: 2.3.6
Check: re-building of vignette outputs
Result: WARN
    Error in re-building vignettes:
     ...
    Warning in engine$weave(file, quiet = quiet, encoding = enc) :
     Pandoc (>= 1.12.3) and/or pandoc-citeproc not available. Falling back to R Markdown v1.
    Quitting from lines 15-33 (README.Rmd)
    Error: processing vignette 'README.Rmd' failed with diagnostics:
    object 'params' not found
    Execution halted
Flavors: r-patched-solaris-sparc, r-patched-solaris-x86, r-release-osx-x86_64, r-oldrel-osx-x86_64