CRAN Package Check Results for Package msgl

Last updated on 2014-04-24 07:52:31.

Flavor Version Tinstall Tcheck Ttotal Status Flags
r-devel-linux-x86_64-debian-clang 2.0.125.0 15.45 89.19 104.64 OK
r-devel-linux-x86_64-debian-gcc 2.0.125.0 18.84 83.38 102.22 OK
r-devel-linux-x86_64-fedora-clang 2.0.125.0 231.74 OK
r-devel-linux-x86_64-fedora-gcc 2.0.125.0 229.87 OK
r-devel-osx-x86_64-clang 2.0.125.0 182.38 OK
r-devel-osx-x86_64-gcc 2.0.125.0 OK
r-devel-windows-ix86+x86_64 2.0.125.0 52.00 198.00 250.00 OK
r-patched-linux-x86_64 2.0.125.0 18.82 82.45 101.27 OK
r-patched-solaris-sparc 2.0.125.0 1320.30 OK
r-patched-solaris-x86 2.0.125.0 429.70 OK
r-release-linux-ix86 2.0.125.0 28.00 143.00 171.00 OK
r-release-linux-x86_64 2.0.125.0 18.78 84.45 103.23 OK
r-release-osx-x86_64-mavericks 2.0.125.0 WARN
r-release-osx-x86_64-snowleopard 2.0.125.0 OK
r-release-windows-ix86+x86_64 2.0.125.0 45.00 193.00 238.00 OK
r-oldrel-windows-ix86+x86_64 2.0.125.0 44.00 202.00 246.00 OK

Check Details

Version: 2.0.125.0
Check: PDF version of manual
Result: WARNING
    LaTeX errors when creating PDF version.
    This typically indicates Rd problems.
    LaTeX errors found:
    ! LaTeX Error: File `upquote.sty' not found.
    
    Type X to quit or <RETURN> to proceed,
    or enter new name. (Default extension: sty)
    
    1ec4a0db/Rd2.tex:8: ==> Fatal error occurred, no output PDF file produced!
Flavor: r-release-osx-x86_64-mavericks