CRAN Package Check Results for Package msgl

Last updated on 2016-06-29 22:47:31.

Flavor Version Tinstall Tcheck Ttotal Status Flags
r-devel-linux-x86_64-debian-gcc 2.2.0 22.72 69.31 92.03 OK
r-devel-linux-x86_64-fedora-clang 2.2.0 181.11 OK
r-devel-linux-x86_64-fedora-gcc 2.2.0 171.75 OK
r-devel-osx-x86_64-clang 2.2.0 134.40 OK
r-devel-windows-ix86+x86_64 2.2.0 56.00 233.00 289.00 OK
r-patched-linux-x86_64 2.2.0 17.84 67.29 85.12 OK
r-patched-solaris-sparc 2.2.0 1059.20 NOTE
r-patched-solaris-x86 2.2.0 221.70 NOTE
r-release-linux-x86_64 2.2.0 17.31 64.79 82.09 OK
r-release-osx-x86_64-mavericks 2.2.0 OK
r-release-windows-ix86+x86_64 2.2.0 73.00 223.00 296.00 OK
r-oldrel-windows-ix86+x86_64 2.2.0 62.00 165.00 227.00 ERROR

Check Details

Version: 2.2.0
Check: installed package size
Result: NOTE
     installed size is 6.0Mb
     sub-directories of 1Mb or more:
     libs 5.5Mb
Flavors: r-patched-solaris-sparc, r-patched-solaris-x86

Version: 2.2.0
Check: running tests for arch ‘i386’
Result: ERROR
    Running the tests in 'tests/msgl_grouping_test_1.R' failed.
    Last 13 lines of output:
     > lambda1 <- msgl.lambda.seq(x, classes, grouping = grouping, alpha = 0, d = 100L, lambda.min = 0.01, sparse.data = TRUE, standardize = FALSE)
     > if(max(abs(lambda-lambda1)) > 1e-5) stop()
     >
     > lambda <- msgl.lambda.seq(x, classes, grouping = grouping, alpha = .5, d = 100L, lambda.min = 0.01, standardize = FALSE)
     Error in sgl_lambda_sequence("msgl_dense", "msgl", data, covariateGrouping, :
     The algorithm has encountered a numerical problem
     Try/check the following:
     (1) Check the lambda sequence and try with a longer sequence (the length d should be larger than 100)
     (2) try with a larger lambda.min
     (3) Ensure minimum one sample from each group/class present in all subsample (or cross validation) sets used
     (Assert failed in d:/RCompile/CRANpkg/lib/3.2/sglOptim/include/sgl/sgl_problem.h at line 379 )
     Calls: msgl.lambda.seq -> sgl_lambda_sequence -> .Call
     Execution halted
Flavor: r-oldrel-windows-ix86+x86_64