CRAN Package Check Results for Package msgpackR

Last updated on 2022-06-25 11:52:41 CEST.

Flavor Version Tinstall Tcheck Ttotal Status Flags
r-devel-linux-x86_64-debian-clang 1.1 2.79 24.79 27.58 NOTE
r-devel-linux-x86_64-debian-gcc 1.1 1.99 19.46 21.45 NOTE
r-devel-linux-x86_64-fedora-clang 1.1 45.41 NOTE
r-devel-linux-x86_64-fedora-gcc 1.1 43.72 NOTE
r-devel-windows-x86_64 1.1 13.00 50.00 63.00 OK
r-patched-linux-x86_64 1.1 2.20 24.51 26.71 NOTE
r-release-linux-x86_64 1.1 2.41 24.01 26.42 NOTE
r-release-macos-arm64 1.1 15.00 OK
r-release-macos-x86_64 1.1 20.00 OK
r-release-windows-x86_64 1.1 6.00 51.00 57.00 OK
r-oldrel-macos-arm64 1.1 18.00 OK
r-oldrel-macos-x86_64 1.1 26.00 OK
r-oldrel-windows-ix86+x86_64 1.1 6.00 26.00 32.00 OK

Check Details

Version: 1.1
Check: for non-standard things in the check directory
Result: NOTE
    Found the following files/directories:
     'test.txt'
Flavors: r-devel-linux-x86_64-debian-clang, r-devel-linux-x86_64-debian-gcc, r-devel-linux-x86_64-fedora-clang, r-devel-linux-x86_64-fedora-gcc, r-patched-linux-x86_64, r-release-linux-x86_64