CRAN Package Check Results for Package mshap

Last updated on 2022-01-24 13:50:22 CET.

Flavor Version Tinstall Tcheck Ttotal Status Flags
r-devel-linux-x86_64-debian-clang 0.1.0 2.82 47.81 50.63 OK
r-devel-linux-x86_64-debian-gcc 0.1.0 2.09 36.86 38.95 OK
r-devel-linux-x86_64-fedora-clang 0.1.0 62.39 NOTE
r-devel-linux-x86_64-fedora-gcc 0.1.0 50.88 NOTE
r-devel-windows-x86_64-new-UL 0.1.0 27.00 71.00 98.00 OK
r-devel-windows-x86_64-new-TK 0.1.0 NOTE
r-patched-linux-x86_64 0.1.0 1.73 45.13 46.86 OK
r-release-linux-x86_64 0.1.0 2.16 45.86 48.02 OK
r-release-macos-arm64 0.1.0 NOTE
r-release-macos-x86_64 0.1.0 NOTE
r-release-windows-ix86+x86_64 0.1.0 6.00 57.00 63.00 OK
r-oldrel-macos-x86_64 0.1.0 NOTE
r-oldrel-windows-ix86+x86_64 0.1.0 6.00 59.00 65.00 OK

Check Details

Version: 0.1.0
Check: dependencies in R code
Result: NOTE
    Namespace in Imports field not imported from: ‘tidyselect’
     All declared Imports should be used.
Flavors: r-devel-linux-x86_64-fedora-clang, r-devel-linux-x86_64-fedora-gcc, r-devel-windows-x86_64-new-TK, r-release-macos-arm64, r-release-macos-x86_64, r-oldrel-macos-x86_64