Last updated on 2023-09-24 22:08:04 CEST.
Flavor | Version | Tinstall | Tcheck | Ttotal | Status | Flags |
---|---|---|---|---|---|---|
r-devel-linux-x86_64-debian-clang | 7.5.1 | 34.06 | 230.27 | 264.33 | OK | |
r-devel-linux-x86_64-debian-gcc | 7.5.1 | 27.46 | 173.22 | 200.68 | OK | |
r-devel-linux-x86_64-fedora-clang | 7.5.1 | 358.69 | NOTE | |||
r-devel-linux-x86_64-fedora-gcc | 7.5.1 | 344.81 | OK | |||
r-devel-windows-x86_64 | 7.5.1 | 35.00 | 203.00 | 238.00 | NOTE | |
r-patched-linux-x86_64 | 7.5.1 | 31.39 | 218.16 | 249.55 | OK | |
r-release-linux-x86_64 | 7.5.1 | 28.52 | 229.42 | 257.94 | OK | |
r-release-macos-arm64 | 7.5.1 | 132.00 | NOTE | |||
r-release-macos-x86_64 | 7.5.1 | 208.00 | NOTE | |||
r-release-windows-x86_64 | 7.5.1 | 43.00 | 238.00 | 281.00 | NOTE | |
r-oldrel-macos-arm64 | 7.5.1 | 164.00 | NOTE | |||
r-oldrel-macos-x86_64 | 7.5.1 | 295.00 | NOTE | |||
r-oldrel-windows-x86_64 | 7.5.1 | 42.00 | 240.00 | 282.00 | NOTE |
Version: 7.5.1
Check: installed package size
Result: NOTE
installed size is 6.0Mb
sub-directories of 1Mb or more:
R 5.9Mb
Flavors: r-devel-linux-x86_64-fedora-clang, r-devel-windows-x86_64, r-release-macos-arm64, r-release-macos-x86_64, r-release-windows-x86_64, r-oldrel-macos-arm64, r-oldrel-macos-x86_64, r-oldrel-windows-x86_64