CRAN Package Check Results for Package msigdbr

Last updated on 2022-11-30 13:52:24 CET.

Flavor Version Tinstall Tcheck Ttotal Status Flags
r-devel-linux-x86_64-debian-clang 7.5.1 32.78 299.83 332.61 OK
r-devel-linux-x86_64-debian-gcc 7.5.1 29.15 221.65 250.80 OK
r-devel-linux-x86_64-fedora-clang 7.5.1 418.31 NOTE
r-devel-linux-x86_64-fedora-gcc 7.5.1 420.76 OK
r-devel-windows-x86_64 7.5.1 36.00 390.00 426.00 NOTE
r-patched-linux-x86_64 7.5.1 33.84 284.15 317.99 OK
r-release-linux-x86_64 7.5.1 30.67 296.62 327.29 OK
r-release-macos-arm64 7.5.1 164.00 NOTE
r-release-macos-x86_64 7.5.1 295.00 NOTE
r-release-windows-x86_64 7.5.1 31.00 401.00 432.00 NOTE
r-oldrel-macos-arm64 7.5.1 140.00 NOTE
r-oldrel-macos-x86_64 7.5.1 182.00 NOTE
r-oldrel-windows-ix86+x86_64 7.5.1 57.00 360.00 417.00 NOTE

Check Details

Version: 7.5.1
Check: installed package size
Result: NOTE
     installed size is 6.0Mb
     sub-directories of 1Mb or more:
     R 5.9Mb
Flavors: r-devel-linux-x86_64-fedora-clang, r-devel-windows-x86_64, r-release-macos-arm64, r-release-macos-x86_64, r-release-windows-x86_64, r-oldrel-macos-arm64, r-oldrel-macos-x86_64, r-oldrel-windows-ix86+x86_64