CRAN Package Check Results for Package msir

Last updated on 2015-05-26 08:47:59.

Flavor Version Tinstall Tcheck Ttotal Status Flags
r-devel-linux-x86_64-debian-clang 1.3 1.19 36.12 37.31 NOTE
r-devel-linux-x86_64-debian-gcc 1.3 1.15 36.46 37.62 NOTE
r-devel-linux-x86_64-fedora-clang 1.3 72.05 NOTE
r-devel-linux-x86_64-fedora-gcc 1.3 67.45 NOTE
r-devel-osx-x86_64-clang 1.3 63.19 NOTE
r-devel-windows-ix86+x86_64 1.3 4.00 61.00 65.00 NOTE
r-patched-linux-x86_64 1.3 1.14 35.58 36.73 NOTE
r-patched-solaris-sparc 1.3 475.90 NOTE
r-patched-solaris-x86 1.3 100.70 NOTE
r-release-linux-x86_64 1.3 1.28 36.46 37.74 NOTE
r-release-osx-x86_64-mavericks 1.3 NOTE
r-release-osx-x86_64-snowleopard 1.3 NOTE
r-release-windows-ix86+x86_64 1.3 4.00 56.00 60.00 NOTE
r-oldrel-windows-ix86+x86_64 1.3 4.00 58.00 62.00 NOTE

Check Details

Version: 1.3
Check: S3 generic/method consistency
Result: NOTE
    Found the following apparent S3 methods exported but not registered:
     plot.msir print.msir print.summary.msir summary.msir
    See section ‘Registering S3 methods’ in the ‘Writing R Extensions’
    manual.
Flavors: r-devel-linux-x86_64-debian-clang, r-devel-linux-x86_64-debian-gcc, r-devel-linux-x86_64-fedora-clang, r-devel-linux-x86_64-fedora-gcc, r-devel-osx-x86_64-clang, r-patched-linux-x86_64, r-patched-solaris-sparc, r-patched-solaris-x86, r-release-linux-x86_64

Version: 1.3
Check: R code for possible problems
Result: NOTE
    spinplot: no visible global function definition for ‘plot3d’
Flavors: r-devel-linux-x86_64-debian-clang, r-devel-linux-x86_64-debian-gcc, r-devel-linux-x86_64-fedora-clang, r-devel-linux-x86_64-fedora-gcc, r-devel-osx-x86_64-clang, r-devel-windows-ix86+x86_64, r-patched-linux-x86_64, r-patched-solaris-sparc, r-patched-solaris-x86, r-release-linux-x86_64, r-release-osx-x86_64-mavericks, r-release-osx-x86_64-snowleopard, r-release-windows-ix86+x86_64, r-oldrel-windows-ix86+x86_64