CRAN Package Check Results for Package msir

Last updated on 2014-09-02 15:49:01.

Flavor Version Tinstall Tcheck Ttotal Status Flags
r-devel-linux-x86_64-debian-clang 1.3 1.84 21.42 23.26 NOTE
r-devel-linux-x86_64-debian-gcc 1.3 1.28 21.82 23.10 NOTE
r-devel-linux-x86_64-fedora-clang 1.3 48.07 NOTE
r-devel-linux-x86_64-fedora-gcc 1.3 45.75 NOTE
r-devel-osx-x86_64-clang 1.3 43.71 NOTE
r-devel-windows-ix86+x86_64 1.3 3.00 36.00 39.00 NOTE
r-patched-linux-x86_64 1.3 1.36 22.31 23.68 OK
r-patched-solaris-sparc 1.3 267.40 OK
r-patched-solaris-x86 1.3 64.10 OK
r-release-linux-ix86 1.3 1.66 31.61 33.26 OK
r-release-linux-x86_64 1.3 1.32 22.73 24.05 OK
r-release-osx-x86_64-mavericks 1.3 OK
r-release-osx-x86_64-snowleopard 1.3 OK
r-release-windows-ix86+x86_64 1.3 3.00 34.00 37.00 OK
r-oldrel-windows-ix86+x86_64 1.3 4.00 36.00 40.00 OK

Check Details

Version: 1.3
Check: R code for possible problems
Result: NOTE
    spinplot: no visible global function definition for ‘plot3d’
Flavors: r-devel-linux-x86_64-debian-clang, r-devel-linux-x86_64-debian-gcc, r-devel-linux-x86_64-fedora-clang, r-devel-linux-x86_64-fedora-gcc, r-devel-osx-x86_64-clang, r-devel-windows-ix86+x86_64