CRAN Package Check Results for Package msir

Last updated on 2014-10-25 01:49:45.

Flavor Version Tinstall Tcheck Ttotal Status Flags
r-devel-linux-x86_64-debian-clang 1.3 1.37 26.64 28.01 NOTE
r-devel-linux-x86_64-debian-gcc 1.3 1.29 23.48 24.77 NOTE
r-devel-linux-x86_64-fedora-clang 1.3 47.96 NOTE
r-devel-linux-x86_64-fedora-gcc 1.3 45.29 NOTE
r-devel-osx-x86_64-clang 1.3 45.02 NOTE
r-devel-windows-ix86+x86_64 1.3 3.00 35.00 38.00 NOTE
r-patched-linux-x86_64 1.3 1.87 23.46 25.33 NOTE
r-patched-solaris-sparc 1.3 268.60 NOTE
r-patched-solaris-x86 1.3 63.40 NOTE
r-release-linux-ix86 1.3 1.69 33.20 34.89 OK
r-release-linux-x86_64 1.3 1.32 23.91 25.23 OK
r-release-osx-x86_64-mavericks 1.3 OK
r-release-osx-x86_64-snowleopard 1.3 OK
r-release-windows-ix86+x86_64 1.3 3.00 34.00 37.00 OK
r-oldrel-windows-ix86+x86_64 1.3 4.00 36.00 40.00 OK

Check Details

Version: 1.3
Check: R code for possible problems
Result: NOTE
    spinplot: no visible global function definition for ‘plot3d’
Flavors: r-devel-linux-x86_64-debian-clang, r-devel-linux-x86_64-debian-gcc, r-devel-linux-x86_64-fedora-clang, r-devel-linux-x86_64-fedora-gcc, r-devel-osx-x86_64-clang, r-devel-windows-ix86+x86_64, r-patched-linux-x86_64, r-patched-solaris-sparc, r-patched-solaris-x86