CRAN Package Check Results for Package msir

Last updated on 2015-03-03 22:48:24.

Flavor Version Tinstall Tcheck Ttotal Status Flags
r-devel-linux-x86_64-debian-clang 1.3 1.84 21.93 23.77 NOTE
r-devel-linux-x86_64-debian-gcc 1.3 1.50 20.88 22.39 NOTE
r-devel-linux-x86_64-fedora-clang 1.3 43.95 NOTE
r-devel-linux-x86_64-fedora-gcc 1.3 41.70 NOTE
r-devel-osx-x86_64-clang 1.3 43.13 NOTE
r-devel-windows-ix86+x86_64 1.3 3.00 34.00 37.00 NOTE
r-patched-linux-x86_64 1.3 1.36 23.01 24.37 NOTE
r-patched-solaris-sparc 1.3 300.70 NOTE
r-patched-solaris-x86 1.3 63.10 NOTE
r-release-linux-ix86 1.3 1.65 36.17 37.82 NOTE
r-release-linux-x86_64 1.3 1.35 23.19 24.54 NOTE
r-release-osx-x86_64-mavericks 1.3 NOTE
r-release-osx-x86_64-snowleopard 1.3 OK
r-release-windows-ix86+x86_64 1.3 7.00 37.00 44.00 NOTE
r-oldrel-windows-ix86+x86_64 1.3 4.00 36.00 40.00 OK

Check Details

Version: 1.3
Check: S3 generic/method consistency
Result: NOTE
    Found the following apparent S3 methods exported but not registered:
     plot.msir print.msir print.summary.msir summary.msir
    See section ‘Registering S3 methods’ in the ‘Writing R Extensions’
    manual.
Flavors: r-devel-linux-x86_64-debian-clang, r-devel-linux-x86_64-debian-gcc, r-devel-linux-x86_64-fedora-clang, r-devel-linux-x86_64-fedora-gcc, r-devel-osx-x86_64-clang

Version: 1.3
Check: R code for possible problems
Result: NOTE
    spinplot: no visible global function definition for ‘plot3d’
Flavors: r-devel-linux-x86_64-debian-clang, r-devel-linux-x86_64-debian-gcc, r-devel-linux-x86_64-fedora-clang, r-devel-linux-x86_64-fedora-gcc, r-devel-osx-x86_64-clang, r-devel-windows-ix86+x86_64, r-patched-linux-x86_64, r-patched-solaris-sparc, r-patched-solaris-x86, r-release-linux-ix86, r-release-linux-x86_64, r-release-osx-x86_64-mavericks, r-release-windows-ix86+x86_64