CRAN Package Check Results for Package msir

Last updated on 2014-11-27 17:47:35.

Flavor Version Tinstall Tcheck Ttotal Status Flags
r-devel-linux-x86_64-debian-clang 1.3 1.29 22.25 23.54 NOTE
r-devel-linux-x86_64-debian-gcc 1.3 1.24 22.82 24.06 NOTE
r-devel-linux-x86_64-fedora-clang 1.3 48.88 NOTE
r-devel-linux-x86_64-fedora-gcc 1.3 47.26 NOTE
r-devel-osx-x86_64-clang 1.3 45.45 NOTE
r-devel-windows-ix86+x86_64 1.3 3.00 34.00 37.00 NOTE
r-patched-linux-x86_64 1.3 1.50 22.50 24.00 NOTE
r-patched-solaris-sparc 1.3 268.60 NOTE
r-patched-solaris-x86 1.3 62.80 NOTE
r-release-linux-ix86 1.3 1.64 29.32 30.96 NOTE
r-release-linux-x86_64 1.3 1.37 23.01 24.38 NOTE
r-release-osx-x86_64-mavericks 1.3 OK
r-release-osx-x86_64-snowleopard 1.3 OK
r-release-windows-ix86+x86_64 1.3 4.00 34.00 38.00 NOTE
r-oldrel-windows-ix86+x86_64 1.3 3.00 39.00 42.00 OK

Check Details

Version: 1.3
Check: R code for possible problems
Result: NOTE
    spinplot: no visible global function definition for ‘plot3d’
Flavors: r-devel-linux-x86_64-debian-clang, r-devel-linux-x86_64-debian-gcc, r-devel-linux-x86_64-fedora-clang, r-devel-linux-x86_64-fedora-gcc, r-devel-osx-x86_64-clang, r-devel-windows-ix86+x86_64, r-patched-linux-x86_64, r-patched-solaris-sparc, r-patched-solaris-x86, r-release-linux-ix86, r-release-linux-x86_64, r-release-windows-ix86+x86_64