CRAN Package Check Results for Package msir

Last updated on 2015-01-31 09:57:25.

Flavor Version Tinstall Tcheck Ttotal Status Flags
r-devel-linux-x86_64-debian-clang 1.3 1.66 20.75 22.42 NOTE
r-devel-linux-x86_64-debian-gcc 1.3 1.15 20.39 21.54 NOTE
r-devel-linux-x86_64-fedora-clang 1.3 46.81 NOTE
r-devel-linux-x86_64-fedora-gcc 1.3 45.47 NOTE
r-devel-osx-x86_64-clang 1.3 46.12 NOTE
r-devel-windows-ix86+x86_64 1.3 4.00 35.00 39.00 NOTE
r-patched-linux-x86_64 1.3 1.36 23.14 24.50 NOTE
r-patched-solaris-sparc 1.3 274.40 NOTE
r-patched-solaris-x86 1.3 63.20 NOTE
r-release-linux-ix86 1.3 1.67 33.21 34.88 NOTE
r-release-linux-x86_64 1.3 1.93 22.73 24.66 NOTE
r-release-osx-x86_64-mavericks 1.3 NOTE
r-release-osx-x86_64-snowleopard 1.3 OK
r-release-windows-ix86+x86_64 1.3 4.00 37.00 41.00 NOTE
r-oldrel-windows-ix86+x86_64 1.3 3.00 58.00 61.00 OK

Check Details

Version: 1.3
Check: S3 generic/method consistency
Result: NOTE
    Found the following apparent S3 methods exported but not registered:
     print.msir print.summary.msir summary.msir plot.msir
    See section ‘Registering S3 methods’ in the ‘Writing R Extensions’
    manual.
Flavors: r-devel-linux-x86_64-debian-clang, r-devel-linux-x86_64-debian-gcc, r-devel-linux-x86_64-fedora-clang, r-devel-linux-x86_64-fedora-gcc, r-devel-osx-x86_64-clang

Version: 1.3
Check: R code for possible problems
Result: NOTE
    spinplot: no visible global function definition for ‘plot3d’
Flavors: r-devel-linux-x86_64-debian-clang, r-devel-linux-x86_64-debian-gcc, r-devel-linux-x86_64-fedora-clang, r-devel-linux-x86_64-fedora-gcc, r-devel-osx-x86_64-clang, r-devel-windows-ix86+x86_64, r-patched-linux-x86_64, r-patched-solaris-sparc, r-patched-solaris-x86, r-release-linux-ix86, r-release-linux-x86_64, r-release-osx-x86_64-mavericks, r-release-windows-ix86+x86_64