CRAN Package Check Results for Package msir

Last updated on 2014-12-21 11:46:38.

Flavor Version Tinstall Tcheck Ttotal Status Flags
r-devel-linux-x86_64-debian-clang 1.3 1.99 22.41 24.40 NOTE
r-devel-linux-x86_64-debian-gcc 1.3 1.22 21.35 22.57 NOTE
r-devel-linux-x86_64-fedora-clang 1.3 48.21 NOTE
r-devel-linux-x86_64-fedora-gcc 1.3 40.86 NOTE
r-devel-osx-x86_64-clang 1.3 45.50 NOTE
r-devel-windows-ix86+x86_64 1.3 4.00 34.00 38.00 NOTE
r-patched-linux-x86_64 1.3 1.38 22.77 24.16 NOTE
r-patched-solaris-sparc 1.3 268.60 NOTE
r-patched-solaris-x86 1.3 63.90 NOTE
r-release-linux-ix86 1.3 1.64 30.10 31.74 NOTE
r-release-linux-x86_64 1.3 1.35 24.23 25.58 NOTE
r-release-osx-x86_64-mavericks 1.3 OK
r-release-osx-x86_64-snowleopard 1.3 OK
r-release-windows-ix86+x86_64 1.3 4.00 39.00 43.00 NOTE
r-oldrel-windows-ix86+x86_64 1.3 4.00 41.00 45.00 OK

Check Details

Version: 1.3
Check: R code for possible problems
Result: NOTE
    spinplot: no visible global function definition for ‘plot3d’
Flavors: r-devel-linux-x86_64-debian-clang, r-devel-linux-x86_64-debian-gcc, r-devel-linux-x86_64-fedora-clang, r-devel-linux-x86_64-fedora-gcc, r-devel-osx-x86_64-clang, r-devel-windows-ix86+x86_64, r-patched-linux-x86_64, r-patched-solaris-sparc, r-patched-solaris-x86, r-release-linux-ix86, r-release-linux-x86_64, r-release-windows-ix86+x86_64