CRAN Package Check Results for Package msir

Last updated on 2016-12-05 09:50:58.

Flavor Version Tinstall Tcheck Ttotal Status Flags
r-devel-linux-x86_64-debian-clang 1.3.1 1.83 24.93 26.76 OK
r-devel-linux-x86_64-debian-gcc 1.3.1 1.87 24.58 26.45 OK
r-devel-linux-x86_64-fedora-clang 1.3.1 52.04 OK --no-stop-on-test-error
r-devel-linux-x86_64-fedora-gcc 1.3.1 49.82 OK --no-stop-on-test-error
r-devel-macos-x86_64-clang 1.3.1 37.99 OK
r-devel-windows-ix86+x86_64 1.3.1 5.00 67.00 72.00 OK
r-patched-linux-x86_64 1.3.1 1.82 22.62 24.44 OK
r-patched-solaris-sparc 1.3.1 204.20 OK
r-patched-solaris-x86 1.3.1 72.40 OK
r-release-linux-x86_64 1.3.1 1.61 22.93 24.54 OK
r-release-osx-x86_64-mavericks 1.3.1 WARN
r-release-windows-ix86+x86_64 1.3.1 6.00 43.00 49.00 OK
r-oldrel-windows-ix86+x86_64 1.3.1 5.00 44.00 49.00 OK

Check Details

Version: 1.3.1
Check: whether package can be installed
Result: WARN
    Found the following significant warnings:
     Warning: 'rgl_init' failed, running with rgl.useNULL = TRUE
Flavor: r-release-osx-x86_64-mavericks

Version: 1.3.1
Check: dependencies in R code
Result: NOTE
    Invalid MIT-MAGIC-COOKIE-1 key
Flavor: r-release-osx-x86_64-mavericks

Version: 1.3.1
Check: S3 generic/method consistency
Result: WARN
    Invalid MIT-MAGIC-COOKIE-1 key
    See section ‘Generic functions and methods’ in the ‘Writing R
    Extensions’ manual.
Flavor: r-release-osx-x86_64-mavericks

Version: 1.3.1
Check: replacement functions
Result: WARN
    Invalid MIT-MAGIC-COOKIE-1 key
    The argument of a replacement function which corresponds to the right
    hand side must be named ‘value’.
Flavor: r-release-osx-x86_64-mavericks

Version: 1.3.1
Check: foreign function calls
Result: NOTE
    Invalid MIT-MAGIC-COOKIE-1 key
    See chapter ‘System and foreign language interfaces’ in the ‘Writing R
    Extensions’ manual.
Flavor: r-release-osx-x86_64-mavericks

Version: 1.3.1
Check: R code for possible problems
Result: NOTE
    Invalid MIT-MAGIC-COOKIE-1 key
Flavor: r-release-osx-x86_64-mavericks

Version: 1.3.1
Check: for missing documentation entries
Result: WARN
    Invalid MIT-MAGIC-COOKIE-1 key
    All user-level objects in a package should have documentation entries.
    See chapter ‘Writing R documentation files’ in the ‘Writing R
    Extensions’ manual.
Flavor: r-release-osx-x86_64-mavericks

Version: 1.3.1
Check: for code/documentation mismatches
Result: WARN
    Invalid MIT-MAGIC-COOKIE-1 key
    Invalid MIT-MAGIC-COOKIE-1 key
    Invalid MIT-MAGIC-COOKIE-1 key
Flavor: r-release-osx-x86_64-mavericks

Version: 1.3.1
Check: Rd \usage sections
Result: NOTE
    Invalid MIT-MAGIC-COOKIE-1 key
    The \usage entries for S3 methods should use the \method markup and not
    their full name.
    See chapter ‘Writing R documentation files’ in the ‘Writing R
    Extensions’ manual.
Flavor: r-release-osx-x86_64-mavericks