CRAN Package Check Results for Package msir

Last updated on 2015-07-07 15:46:38.

Flavor Version Tinstall Tcheck Ttotal Status Flags
r-devel-linux-x86_64-debian-clang 1.3 1.16 34.59 35.75 NOTE
r-devel-linux-x86_64-debian-gcc 1.3 1.11 35.50 36.61 NOTE
r-devel-linux-x86_64-fedora-clang 1.3 70.76 NOTE
r-devel-linux-x86_64-fedora-gcc 1.3 66.35 NOTE
r-devel-osx-x86_64-clang 1.3 62.80 NOTE
r-devel-windows-ix86+x86_64 1.3 6.00 54.00 60.00 NOTE
r-patched-linux-x86_64 1.3 1.14 35.88 37.02 NOTE
r-patched-solaris-sparc 1.3 475.90 NOTE
r-patched-solaris-x86 1.3 100.70 NOTE
r-release-linux-x86_64 1.3 1.14 36.96 38.10 NOTE
r-release-osx-x86_64-mavericks 1.3 NOTE
r-release-windows-ix86+x86_64 1.3 5.00 56.00 61.00 NOTE
r-oldrel-windows-ix86+x86_64 1.3 4.00 86.00 90.00 NOTE

Check Details

Version: 1.3
Check: S3 generic/method consistency
Result: NOTE
    Found the following apparent S3 methods exported but not registered:
     plot.msir print.msir print.summary.msir summary.msir
    See section ‘Registering S3 methods’ in the ‘Writing R Extensions’
    manual.
Flavors: r-devel-linux-x86_64-debian-clang, r-devel-linux-x86_64-debian-gcc, r-devel-linux-x86_64-fedora-clang, r-devel-linux-x86_64-fedora-gcc, r-devel-osx-x86_64-clang, r-patched-linux-x86_64, r-patched-solaris-sparc, r-patched-solaris-x86, r-release-linux-x86_64

Version: 1.3
Check: R code for possible problems
Result: NOTE
    loess.sd: no visible global function definition for ‘xy.coords’
    loess.sd: no visible global function definition for ‘loess’
    loess.sd: no visible global function definition for ‘predict’
    loess.sd: no visible global function definition for ‘residuals’
    msir: no visible global function definition for ‘cor’
    msir: no visible global function definition for ‘lm.fit’
    msir.bic: no visible global function definition for ‘par’
    msir.bic: no visible global function definition for ‘grid’
    msir.bic: no visible global function definition for ‘axis’
    msir.bic: no visible global function definition for ‘mtext’
    msir.bic: no visible global function definition for ‘points’
    msir.permutation.test: no visible global function definition for
     ‘flush.console’
    msir.permutation.test: no visible global function definition for
     ‘txtProgressBar’
    msir.permutation.test: no visible global function definition for
     ‘setTxtProgressBar’
    msir.recoverdir: no visible global function definition for ‘coef’
    msir.recoverdir: no visible global function definition for ‘lm’
    msir.recoverdir: no visible global function definition for ‘sd’
    mvdnorm: no visible global function definition for ‘mahalanobis’
    panel.loess: no visible global function definition for ‘par’
    panel.loess: no visible global function definition for ‘points’
    panel.loess: no visible global function definition for ‘lines’
    plot.msir: no visible global function definition for ‘par’
    plot.msir: no visible global function definition for ‘pairs’
    plot.msir: no visible global function definition for ‘plot’
    plot.msir: no visible global function definition for ‘lines’
    plot.msir: no visible global function definition for
     ‘installed.packages’
    plot.msir: no visible global function definition for ‘grid’
    plot.msir: no visible global function definition for ‘axis’
    plot.msir: no visible global function definition for ‘points’
    plot.msir: no visible global function definition for ‘legend’
    plot.msir: no visible global function definition for ‘abline’
    plot.msir: no visible global function definition for ‘mtext’
    plot.msir: no visible global function definition for ‘strwidth’
    plot.msir: no visible global function definition for ‘layout’
    spinplot: no visible global function definition for ‘plot3d’
    Undefined global functions or variables:
     abline axis coef cor flush.console grid installed.packages layout
     legend lines lm lm.fit loess mahalanobis mtext pairs par plot plot3d
     points predict residuals sd setTxtProgressBar strwidth txtProgressBar
     xy.coords
Flavors: r-devel-linux-x86_64-debian-clang, r-devel-linux-x86_64-debian-gcc, r-devel-linux-x86_64-fedora-clang, r-devel-linux-x86_64-fedora-gcc, r-devel-windows-ix86+x86_64

Version: 1.3
Check: R code for possible problems
Result: NOTE
    spinplot: no visible global function definition for ‘plot3d’
    Undefined global functions or variables:
     plot3d
Flavor: r-devel-osx-x86_64-clang

Version: 1.3
Check: R code for possible problems
Result: NOTE
    spinplot: no visible global function definition for ‘plot3d’
Flavors: r-patched-linux-x86_64, r-patched-solaris-sparc, r-patched-solaris-x86, r-release-linux-x86_64, r-release-osx-x86_64-mavericks, r-release-windows-ix86+x86_64, r-oldrel-windows-ix86+x86_64