CRAN Package Check Results for Package msir

Last updated on 2014-04-24 03:47:48.

Flavor Version Tinstall Tcheck Ttotal Status Flags
r-devel-linux-x86_64-debian-clang 1.3 1.48 23.27 24.74 OK
r-devel-linux-x86_64-debian-gcc 1.3 1.37 23.39 24.76 OK
r-devel-linux-x86_64-fedora-clang 1.3 48.33 OK
r-devel-linux-x86_64-fedora-gcc 1.3 48.82 OK
r-devel-osx-x86_64-clang 1.3 46.64 OK
r-devel-osx-x86_64-gcc 1.3 OK
r-devel-windows-ix86+x86_64 1.3 3.00 36.00 39.00 OK
r-patched-linux-x86_64 1.3 1.47 23.01 24.48 OK
r-patched-solaris-sparc 1.3 264.30 OK
r-patched-solaris-x86 1.3 61.20 OK
r-release-linux-ix86 1.3 3.00 42.00 45.00 OK
r-release-linux-x86_64 1.3 1.48 23.48 24.96 OK
r-release-osx-x86_64-mavericks 1.3 WARN
r-release-osx-x86_64-snowleopard 1.3 OK
r-release-windows-ix86+x86_64 1.3 4.00 37.00 41.00 OK
r-oldrel-windows-ix86+x86_64 1.3 4.00 40.00 44.00 OK

Check Details

Version: 1.3
Check: PDF version of manual
Result: WARNING
    LaTeX errors when creating PDF version.
    This typically indicates Rd problems.
    LaTeX errors found:
    ! LaTeX Error: File `upquote.sty' not found.
    
    Type X to quit or <RETURN> to proceed,
    or enter new name. (Default extension: sty)
    
    946ebae/Rd2.tex:8: ==> Fatal error occurred, no output PDF file produced!
Flavor: r-release-osx-x86_64-mavericks