CRAN Package Check Results for Package msir

Last updated on 2014-08-31 11:47:10.

Flavor Version Tinstall Tcheck Ttotal Status Flags
r-devel-linux-x86_64-debian-clang 1.3 1.33 21.16 22.49 NOTE
r-devel-linux-x86_64-debian-gcc 1.3 1.27 21.25 22.52 NOTE
r-devel-linux-x86_64-fedora-clang 1.3 48.89 NOTE
r-devel-linux-x86_64-fedora-gcc 1.3 45.75 NOTE
r-devel-osx-x86_64-clang 1.3 44.27 NOTE
r-devel-windows-ix86+x86_64 1.3 4.00 37.00 41.00 NOTE
r-patched-linux-x86_64 1.3 2.13 22.33 24.46 OK
r-patched-solaris-sparc 1.3 267.40 OK
r-patched-solaris-x86 1.3 63.70 OK
r-release-linux-ix86 1.3 1.66 31.61 33.26 OK
r-release-linux-x86_64 1.3 1.77 22.61 24.38 OK
r-release-osx-x86_64-mavericks 1.3 OK
r-release-osx-x86_64-snowleopard 1.3 OK
r-release-windows-ix86+x86_64 1.3 3.00 56.00 59.00 OK
r-oldrel-windows-ix86+x86_64 1.3 5.00 38.00 43.00 OK

Check Details

Version: 1.3
Check: R code for possible problems
Result: NOTE
    spinplot: no visible global function definition for ‘plot3d’
Flavors: r-devel-linux-x86_64-debian-clang, r-devel-linux-x86_64-debian-gcc, r-devel-linux-x86_64-fedora-clang, r-devel-linux-x86_64-fedora-gcc, r-devel-osx-x86_64-clang, r-devel-windows-ix86+x86_64