CRAN Package Check Results for Package msm

Last updated on 2015-03-29 08:49:14.

Flavor Version Tinstall Tcheck Ttotal Status Flags
r-devel-linux-x86_64-debian-clang 1.5 5.83 109.06 114.90 NOTE
r-devel-linux-x86_64-debian-gcc 1.5 6.35 102.59 108.94 NOTE
r-devel-linux-x86_64-fedora-clang 1.5 224.47 NOTE
r-devel-linux-x86_64-fedora-gcc 1.5 238.02 NOTE
r-devel-osx-x86_64-clang 1.5 192.19 NOTE
r-prerel-windows-ix86+x86_64 1.5 31.00 244.00 275.00 OK
r-prerel-linux-x86_64 1.5 6.19 104.57 110.76 NOTE
r-prerel-solaris-sparc 1.5 1382.30 OK
r-prerel-solaris-x86 1.5 282.10 OK
r-release-linux-x86_64 1.5 8.10 120.93 129.03 OK
r-release-osx-x86_64-mavericks 1.5 OK
r-release-osx-x86_64-snowleopard 1.5 OK
r-release-windows-ix86+x86_64 1.5 22.00 251.00 273.00 OK
r-oldrel-windows-ix86+x86_64 1.5 22.00 392.00 414.00 OK

Check Details

Version: 1.5
Check: S3 generic/method consistency
Result: NOTE
    Found the following apparent S3 methods exported but not registered:
     plot.prevalence.msm plot.survfit.msm
    See section ‘Registering S3 methods’ in the ‘Writing R Extensions’
    manual.
Flavors: r-devel-linux-x86_64-debian-clang, r-devel-linux-x86_64-debian-gcc, r-devel-linux-x86_64-fedora-clang, r-devel-linux-x86_64-fedora-gcc, r-devel-osx-x86_64-clang, r-prerel-linux-x86_64