CRAN Package Check Results for Package msm

Last updated on 2017-08-20 15:48:49.

Flavor Version Tinstall Tcheck Ttotal Status Flags
r-devel-linux-x86_64-debian-clang 1.6.4 6.62 156.82 163.43 NOTE
r-devel-linux-x86_64-debian-gcc 1.6.4 6.68 146.78 153.46 NOTE
r-devel-linux-x86_64-fedora-clang 1.6.4 302.67 NOTE
r-devel-linux-x86_64-fedora-gcc 1.6.4 301.09 NOTE
r-devel-windows-ix86+x86_64 1.6.4 21.00 301.00 322.00 OK
r-patched-linux-x86_64 1.6.4 7.09 154.11 161.20 NOTE
r-patched-solaris-x86 1.6.4 424.40 OK
r-release-linux-x86_64 1.6.4 6.58 153.94 160.52 NOTE
r-release-windows-ix86+x86_64 1.6.4 32.00 309.00 341.00 OK
r-release-osx-x86_64 1.6.4 OK
r-oldrel-windows-ix86+x86_64 1.6.4 21.00 344.00 365.00 OK
r-oldrel-osx-x86_64 1.6.4 OK

Check Details

Version: 1.6.4
Check: compiled code
Result: NOTE
    File ‘msm/libs/msm.so’:
     Found no calls to: ‘R_registerRoutines’, ‘R_useDynamicSymbols’
    
    It is good practice to register native routines and to disable symbol
    search.
    
    See ‘Writing portable packages’ in the ‘Writing R Extensions’ manual.
Flavors: r-devel-linux-x86_64-debian-clang, r-devel-linux-x86_64-debian-gcc, r-devel-linux-x86_64-fedora-clang, r-devel-linux-x86_64-fedora-gcc, r-patched-linux-x86_64, r-release-linux-x86_64