CRAN Package Check Results for Package msm

Last updated on 2017-04-28 17:47:46.

Flavor Version Tinstall Tcheck Ttotal Status Flags
r-devel-linux-x86_64-debian-clang 1.6.4 6.94 152.31 159.25 NOTE
r-devel-linux-x86_64-debian-gcc 1.6.4 6.67 147.72 154.39 NOTE
r-devel-linux-x86_64-fedora-clang 1.6.4 313.59 NOTE --no-stop-on-test-error
r-devel-linux-x86_64-fedora-gcc 1.6.4 297.43 NOTE --no-stop-on-test-error
r-devel-windows-ix86+x86_64 1.6.4 33.00 397.00 430.00 OK
r-patched-linux-x86_64 1.6.4 6.31 154.27 160.58 NOTE
r-patched-solaris-sparc 1.6.4 1865.00 OK
r-patched-solaris-x86 1.6.4 413.30 OK
r-release-linux-x86_64 1.6.4 6.55 151.60 158.15 NOTE
r-release-windows-ix86+x86_64 1.6.4 33.00 409.00 442.00 OK
r-release-osx-x86_64 1.6.4 OK
r-oldrel-windows-ix86+x86_64 1.6.4 32.00 302.00 334.00 OK
r-oldrel-osx-x86_64 1.6.4 OK

Check Details

Version: 1.6.4
Check: compiled code
Result: NOTE
    File ‘msm/libs/msm.so’:
     Found no calls to: ‘R_registerRoutines’, ‘R_useDynamicSymbols’
    
    It is good practice to register native routines and to disable symbol
    search.
    
    See ‘Writing portable packages’ in the ‘Writing R Extensions’ manual.
Flavors: r-devel-linux-x86_64-debian-clang, r-devel-linux-x86_64-debian-gcc, r-patched-linux-x86_64, r-release-linux-x86_64

Version: 1.6.4
Flags: --no-stop-on-test-error
Check: compiled code
Result: NOTE
    File ‘msm/libs/msm.so’:
     Found no calls to: ‘R_registerRoutines’, ‘R_useDynamicSymbols’
    
    It is good practice to register native routines and to disable symbol
    search.
    
    See ‘Writing portable packages’ in the ‘Writing R Extensions’ manual.
Flavors: r-devel-linux-x86_64-fedora-clang, r-devel-linux-x86_64-fedora-gcc