CRAN Package Check Results for Package msm

Last updated on 2017-03-01 17:52:27.

Flavor Version Tinstall Tcheck Ttotal Status Flags
r-devel-linux-x86_64-debian-clang 1.6.4 6.78 153.03 159.82 NOTE
r-devel-linux-x86_64-debian-gcc 1.6.4 6.78 150.92 157.70 NOTE
r-devel-linux-x86_64-fedora-clang 1.6.4 320.33 NOTE --no-stop-on-test-error
r-devel-linux-x86_64-fedora-gcc 1.6.4 299.83 NOTE --no-stop-on-test-error
r-devel-macos-x86_64-clang 1.6.4 220.68 NOTE --no-stop-on-test-error
r-devel-windows-ix86+x86_64 1.6.4 24.00 408.00 432.00 OK
r-patched-linux-x86_64 1.6.4 6.35 137.83 144.18 OK
r-patched-solaris-sparc 1.6.4 1757.60 OK
r-patched-solaris-x86 1.6.4 389.30 OK
r-release-linux-x86_64 1.6.4 6.58 145.37 151.95 OK
r-release-osx-x86_64-mavericks 1.6.4 OK
r-release-windows-ix86+x86_64 1.6.4 28.00 372.00 400.00 OK
r-oldrel-windows-ix86+x86_64 1.6.4 34.00 481.00 515.00 OK

Check Details

Version: 1.6.4
Check: compiled code
Result: NOTE
    File ‘msm/libs/msm.so’:
     Found no calls to: ‘R_registerRoutines’, ‘R_useDynamicSymbols’
    
    It is good practice to register native routines and to disable symbol
    search.
    
    See ‘Writing portable packages’ in the ‘Writing R Extensions’ manual.
Flavors: r-devel-linux-x86_64-debian-clang, r-devel-linux-x86_64-debian-gcc

Version: 1.6.4
Flags: --no-stop-on-test-error
Check: compiled code
Result: NOTE
    File ‘msm/libs/msm.so’:
     Found no calls to: ‘R_registerRoutines’, ‘R_useDynamicSymbols’
    
    It is good practice to register native routines and to disable symbol
    search.
    
    See ‘Writing portable packages’ in the ‘Writing R Extensions’ manual.
Flavors: r-devel-linux-x86_64-fedora-clang, r-devel-linux-x86_64-fedora-gcc, r-devel-macos-x86_64-clang