CRAN Package Check Results for Package msm

Last updated on 2015-05-28 19:47:35.

Flavor Version Tinstall Tcheck Ttotal Status Flags
r-devel-linux-x86_64-debian-clang 1.5 5.91 112.18 118.09 NOTE
r-devel-linux-x86_64-debian-gcc 1.5 7.00 106.76 113.75 NOTE
r-devel-linux-x86_64-fedora-clang 1.5 228.83 NOTE
r-devel-linux-x86_64-fedora-gcc 1.5 215.54 NOTE
r-devel-osx-x86_64-clang 1.5 178.53 NOTE
r-devel-windows-ix86+x86_64 1.5 21.00 229.00 250.00 OK
r-patched-linux-x86_64 1.5 6.66 104.67 111.33 NOTE
r-patched-solaris-sparc 1.5 1391.20 NOTE
r-patched-solaris-x86 1.5 292.00 NOTE
r-release-linux-x86_64 1.5 6.48 106.27 112.75 NOTE
r-release-osx-x86_64-mavericks 1.5 OK
r-release-osx-x86_64-snowleopard 1.5 OK
r-release-windows-ix86+x86_64 1.5 21.00 229.00 250.00 OK
r-oldrel-windows-ix86+x86_64 1.5 24.00 258.00 282.00 OK

Check Details

Version: 1.5
Check: S3 generic/method consistency
Result: NOTE
    Found the following apparent S3 methods exported but not registered:
     plot.prevalence.msm plot.survfit.msm
    See section ‘Registering S3 methods’ in the ‘Writing R Extensions’
    manual.
Flavors: r-devel-linux-x86_64-debian-clang, r-devel-linux-x86_64-debian-gcc, r-devel-linux-x86_64-fedora-clang, r-devel-linux-x86_64-fedora-gcc, r-devel-osx-x86_64-clang, r-patched-linux-x86_64, r-patched-solaris-sparc, r-patched-solaris-x86, r-release-linux-x86_64