CRAN Package Check Results for Package msm

Last updated on 2014-12-18 11:50:10.

Flavor Version Tinstall Tcheck Ttotal Status Flags
r-devel-linux-x86_64-debian-clang 1.4 6.05 198.78 204.83 NOTE
r-devel-linux-x86_64-debian-gcc 1.4 7.24 186.35 193.58 NOTE
r-devel-linux-x86_64-fedora-clang 1.4 450.56 NOTE
r-devel-linux-x86_64-fedora-gcc 1.4 407.44 NOTE
r-devel-osx-x86_64-clang 1.4 377.55 NOTE
r-devel-windows-ix86+x86_64 1.4 24.00 420.00 444.00 NOTE
r-patched-linux-x86_64 1.4 7.51 204.36 211.87 NOTE
r-patched-solaris-sparc 1.4 2976.80 NOTE
r-patched-solaris-x86 1.4 556.60 NOTE
r-release-linux-ix86 1.4 8.41 233.41 241.82 NOTE
r-release-linux-x86_64 1.4 7.19 201.96 209.15 NOTE
r-release-osx-x86_64-mavericks 1.4 OK
r-release-osx-x86_64-snowleopard 1.4 OK
r-release-windows-ix86+x86_64 1.4 22.00 496.00 518.00 NOTE
r-oldrel-windows-ix86+x86_64 1.4 24.00 527.00 551.00 OK

Memtest notes: UBSAN-gcc valgrind

Check Details

Version: 1.4
Check: R code for possible problems
Result: NOTE
    boot.msm: no visible global function definition for ‘makeCluster’
    boot.msm: no visible global function definition for
     ‘registerDoParallel’
    boot.msm: no visible global function definition for ‘%dopar%’
    boot.msm: no visible global function definition for ‘foreach’
    boot.msm: no visible global function definition for ‘stopCluster’
    deriv.test: no visible global function definition for ‘grad’
    drlcv.msm: no visible global function definition for ‘makeCluster’
    drlcv.msm: no visible global function definition for
     ‘registerDoParallel’
    drlcv.msm: no visible global function definition for ‘%dopar%’
    drlcv.msm: no visible global function definition for ‘foreach’
Flavors: r-devel-linux-x86_64-debian-clang, r-devel-linux-x86_64-debian-gcc, r-devel-linux-x86_64-fedora-clang, r-devel-linux-x86_64-fedora-gcc, r-devel-osx-x86_64-clang, r-devel-windows-ix86+x86_64, r-patched-linux-x86_64, r-patched-solaris-sparc, r-patched-solaris-x86, r-release-linux-ix86, r-release-linux-x86_64, r-release-windows-ix86+x86_64