CRAN Package Check Results for Package msm

Last updated on 2017-10-17 14:46:40.

Flavor Version Tinstall Tcheck Ttotal Status Flags
r-devel-linux-x86_64-debian-clang 1.6.4 6.30 158.26 164.56 NOTE
r-devel-linux-x86_64-debian-gcc 1.6.4 6.66 162.52 169.18 NOTE
r-devel-linux-x86_64-fedora-clang 1.6.4 310.15 NOTE
r-devel-linux-x86_64-fedora-gcc 1.6.4 308.89 NOTE
r-devel-windows-ix86+x86_64 1.6.4 23.00 307.00 330.00 OK
r-patched-linux-x86_64 1.6.4 6.57 149.79 156.36 NOTE
r-patched-solaris-x86 1.6.4 418.40 OK
r-release-linux-x86_64 1.6.4 6.60 149.43 156.03 NOTE
r-release-windows-ix86+x86_64 1.6.4 34.00 324.00 358.00 OK
r-release-osx-x86_64 1.6.4 OK
r-oldrel-windows-ix86+x86_64 1.6.4 30.00 370.00 400.00 OK
r-oldrel-osx-x86_64 1.6.4 OK

Additional issues

clang-ASAN gcc-ASAN

Check Details

Version: 1.6.4
Check: compiled code
Result: NOTE
    File ‘msm/libs/msm.so’:
     Found no calls to: ‘R_registerRoutines’, ‘R_useDynamicSymbols’
    
    It is good practice to register native routines and to disable symbol
    search.
    
    See ‘Writing portable packages’ in the ‘Writing R Extensions’ manual.
Flavors: r-devel-linux-x86_64-debian-clang, r-devel-linux-x86_64-debian-gcc, r-devel-linux-x86_64-fedora-clang, r-devel-linux-x86_64-fedora-gcc, r-patched-linux-x86_64, r-release-linux-x86_64