CRAN Package Check Results for Package msm

Last updated on 2014-09-01 11:48:59.

Flavor Version Tinstall Tcheck Ttotal Status Flags
r-devel-linux-x86_64-debian-clang 1.4 5.81 199.02 204.84 NOTE
r-devel-linux-x86_64-debian-gcc 1.4 7.00 187.46 194.45 NOTE
r-devel-linux-x86_64-fedora-clang 1.4 461.21 NOTE
r-devel-linux-x86_64-fedora-gcc 1.4 429.42 NOTE
r-devel-osx-x86_64-clang 1.4 327.26 NOTE
r-devel-windows-ix86+x86_64 1.4 20.00 466.00 486.00 NOTE
r-patched-linux-x86_64 1.4 7.25 201.87 209.12 OK
r-patched-solaris-sparc 1.4 2981.80 OK
r-patched-solaris-x86 1.4 556.40 OK
r-release-linux-ix86 1.4 8.91 245.43 254.34 OK
r-release-linux-x86_64 1.4 7.44 213.78 221.22 OK
r-release-osx-x86_64-mavericks 1.4 OK
r-release-osx-x86_64-snowleopard 1.4 OK
r-release-windows-ix86+x86_64 1.4 20.00 475.00 495.00 OK
r-oldrel-windows-ix86+x86_64 1.4 19.00 543.00 562.00 OK

Memtest notes: valgrind

Check Details

Version: 1.4
Check: R code for possible problems
Result: NOTE
    boot.msm: no visible global function definition for ‘makeCluster’
    boot.msm: no visible global function definition for
     ‘registerDoParallel’
    boot.msm: no visible global function definition for ‘%dopar%’
    boot.msm: no visible global function definition for ‘foreach’
    boot.msm: no visible global function definition for ‘stopCluster’
    deriv.test: no visible global function definition for ‘grad’
    drlcv.msm: no visible global function definition for ‘makeCluster’
    drlcv.msm: no visible global function definition for
     ‘registerDoParallel’
    drlcv.msm: no visible global function definition for ‘%dopar%’
    drlcv.msm: no visible global function definition for ‘foreach’
Flavors: r-devel-linux-x86_64-debian-clang, r-devel-linux-x86_64-debian-gcc, r-devel-linux-x86_64-fedora-clang, r-devel-linux-x86_64-fedora-gcc, r-devel-osx-x86_64-clang, r-devel-windows-ix86+x86_64