CRAN Package Check Results for Package msm

Last updated on 2014-08-29 02:47:47.

Flavor Version Tinstall Tcheck Ttotal Status Flags
r-devel-linux-x86_64-debian-clang 1.4 5.79 198.12 203.91 NOTE
r-devel-linux-x86_64-debian-gcc 1.4 6.98 189.26 196.23 NOTE
r-devel-linux-x86_64-fedora-clang 1.4 461.21 NOTE
r-devel-linux-x86_64-fedora-gcc 1.4 428.57 NOTE
r-devel-osx-x86_64-clang 1.4 339.95 NOTE
r-devel-windows-ix86+x86_64 1.4 22.00 456.00 478.00 NOTE
r-patched-linux-x86_64 1.4 7.20 204.40 211.60 OK
r-patched-solaris-sparc 1.4 2981.80 OK
r-patched-solaris-x86 1.4 556.40 OK
r-release-linux-ix86 1.4 8.88 245.48 254.36 OK
r-release-linux-x86_64 1.4 7.24 202.67 209.91 OK
r-release-osx-x86_64-mavericks 1.4 OK
r-release-osx-x86_64-snowleopard 1.4 OK
r-release-windows-ix86+x86_64 1.4 22.00 500.00 522.00 OK
r-oldrel-windows-ix86+x86_64 1.4 21.00 528.00 549.00 OK

Memtest notes: valgrind

Check Details

Version: 1.4
Check: R code for possible problems
Result: NOTE
    boot.msm: no visible global function definition for ‘makeCluster’
    boot.msm: no visible global function definition for
     ‘registerDoParallel’
    boot.msm: no visible global function definition for ‘%dopar%’
    boot.msm: no visible global function definition for ‘foreach’
    boot.msm: no visible global function definition for ‘stopCluster’
    deriv.test: no visible global function definition for ‘grad’
    drlcv.msm: no visible global function definition for ‘makeCluster’
    drlcv.msm: no visible global function definition for
     ‘registerDoParallel’
    drlcv.msm: no visible global function definition for ‘%dopar%’
    drlcv.msm: no visible global function definition for ‘foreach’
Flavors: r-devel-linux-x86_64-debian-clang, r-devel-linux-x86_64-debian-gcc, r-devel-linux-x86_64-fedora-clang, r-devel-linux-x86_64-fedora-gcc, r-devel-osx-x86_64-clang, r-devel-windows-ix86+x86_64