CRAN Package Check Results for Package msm

Last updated on 2016-09-28 08:57:47.

Flavor Version Tinstall Tcheck Ttotal Status Flags
r-devel-linux-x86_64-debian-clang 1.6.1 6.66 106.27 112.93 NOTE
r-devel-linux-x86_64-debian-gcc 1.6.1 6.56 106.24 112.80 NOTE
r-devel-linux-x86_64-fedora-clang 1.6.1 220.70 NOTE
r-devel-linux-x86_64-fedora-gcc 1.6.1 207.70 NOTE
r-devel-macos-x86_64-clang 1.6.1 150.91 NOTE
r-devel-windows-ix86+x86_64 1.6.1 30.00 287.00 317.00 NOTE
r-patched-linux-x86_64 1.6.1 6.42 101.97 108.39 OK
r-patched-solaris-sparc 1.6.1 1298.10 OK
r-patched-solaris-x86 1.6.1 270.00 OK
r-release-linux-x86_64 1.6.1 8.80 101.18 109.98 OK
r-release-osx-x86_64-mavericks 1.6.1 OK
r-release-windows-ix86+x86_64 1.6.1 24.00 221.00 245.00 OK
r-oldrel-windows-ix86+x86_64 1.6.1 31.00 249.00 280.00 OK

Check Details

Version: 1.6.1
Check: files in ‘vignettes’
Result: NOTE
    Package has no Sweave vignette sources and no VignetteBuilder field.
Flavors: r-devel-linux-x86_64-debian-clang, r-devel-linux-x86_64-debian-gcc, r-devel-linux-x86_64-fedora-clang, r-devel-linux-x86_64-fedora-gcc, r-devel-macos-x86_64-clang, r-devel-windows-ix86+x86_64