CRAN Package Check Results for Package msm

Last updated on 2015-01-28 12:48:04.

Flavor Version Tinstall Tcheck Ttotal Status Flags
r-devel-linux-x86_64-debian-clang 1.5 5.83 115.78 121.61 NOTE
r-devel-linux-x86_64-debian-gcc 1.5 6.84 109.63 116.47 NOTE
r-devel-linux-x86_64-fedora-clang 1.5 258.46 NOTE
r-devel-linux-x86_64-fedora-gcc 1.5 244.55 NOTE
r-devel-osx-x86_64-clang 1.5 207.70 NOTE
r-devel-windows-ix86+x86_64 1.5 27.00 246.00 273.00 OK
r-patched-linux-x86_64 1.5 7.70 118.28 125.98 OK
r-patched-solaris-sparc 1.5 1461.20 OK
r-patched-solaris-x86 1.5 334.90 OK
r-release-linux-ix86 1.5 8.56 138.84 147.40 OK
r-release-linux-x86_64 1.5 7.63 119.80 127.42 OK
r-release-osx-x86_64-mavericks 1.5 OK
r-release-osx-x86_64-snowleopard 1.5 OK
r-release-windows-ix86+x86_64 1.5 24.00 259.00 283.00 OK
r-oldrel-windows-ix86+x86_64 1.5 24.00 262.00 286.00 OK

Check Details

Version: 1.5
Check: S3 generic/method consistency
Result: NOTE
    Found the following apparent S3 methods exported but not registered:
     plot.prevalence.msm plot.survfit.msm
    See section ‘Registering S3 methods’ in the ‘Writing R Extensions’
    manual.
Flavors: r-devel-linux-x86_64-debian-clang, r-devel-linux-x86_64-debian-gcc, r-devel-linux-x86_64-fedora-clang, r-devel-linux-x86_64-fedora-gcc, r-devel-osx-x86_64-clang