CRAN Package Check Results for Package msm

Last updated on 2014-04-24 07:52:31.

Flavor Version Tinstall Tcheck Ttotal Status Flags
r-devel-linux-x86_64-debian-clang 1.3 5.96 81.66 87.62 OK
r-devel-linux-x86_64-debian-gcc 1.3 6.81 82.30 89.11 OK
r-devel-linux-x86_64-fedora-clang 1.3 196.01 OK
r-devel-linux-x86_64-fedora-gcc 1.3 191.57 OK
r-devel-osx-x86_64-clang 1.3 146.50 OK
r-devel-osx-x86_64-gcc 1.3 OK
r-devel-windows-ix86+x86_64 1.3 21.00 150.00 171.00 OK
r-patched-linux-x86_64 1.3 6.69 80.69 87.38 OK
r-patched-solaris-sparc 1.3 1056.40 OK
r-patched-solaris-x86 1.3 241.30 OK
r-release-linux-ix86 1.3 10.00 123.00 133.00 OK
r-release-linux-x86_64 1.3 6.74 84.21 90.95 OK
r-release-osx-x86_64-mavericks 1.3 WARN
r-release-osx-x86_64-snowleopard 1.3 OK
r-release-windows-ix86+x86_64 1.3 18.00 148.00 166.00 OK
r-oldrel-windows-ix86+x86_64 1.3 18.00 144.00 162.00 OK

Check Details

Version: 1.3
Check: PDF version of manual
Result: WARNING
    LaTeX errors when creating PDF version.
    This typically indicates Rd problems.
    LaTeX errors found:
    ! LaTeX Error: File `upquote.sty' not found.
    
    Type X to quit or <RETURN> to proceed,
    or enter new name. (Default extension: sty)
    
    a2ec626/Rd2.tex:8: ==> Fatal error occurred, no output PDF file produced!
Flavor: r-release-osx-x86_64-mavericks