CRAN Package Check Results for Package msm

Last updated on 2015-02-28 12:51:17.

Flavor Version Tinstall Tcheck Ttotal Status Flags
r-devel-linux-x86_64-debian-clang 1.5 5.58 109.21 114.78 NOTE
r-devel-linux-x86_64-debian-gcc 1.5 6.65 104.62 111.27 NOTE
r-devel-linux-x86_64-fedora-clang 1.5 227.43 NOTE
r-devel-linux-x86_64-fedora-gcc 1.5 212.43 NOTE
r-devel-osx-x86_64-clang 1.5 184.11 NOTE
r-devel-windows-ix86+x86_64 1.5 29.00 222.00 251.00 OK
r-patched-linux-x86_64 1.5 7.54 124.68 132.22 OK
r-patched-solaris-sparc 1.5 1461.20 OK
r-patched-solaris-x86 1.5 336.70 OK
r-release-linux-ix86 1.5 9.26 145.57 154.84 OK
r-release-linux-x86_64 1.5 7.64 118.73 126.37 OK
r-release-osx-x86_64-mavericks 1.5 OK
r-release-osx-x86_64-snowleopard 1.5 OK
r-release-windows-ix86+x86_64 1.5 21.00 257.00 278.00 OK
r-oldrel-windows-ix86+x86_64 1.5 24.00 275.00 299.00 OK

Check Details

Version: 1.5
Check: S3 generic/method consistency
Result: NOTE
    Found the following apparent S3 methods exported but not registered:
     plot.prevalence.msm plot.survfit.msm
    See section ‘Registering S3 methods’ in the ‘Writing R Extensions’
    manual.
Flavors: r-devel-linux-x86_64-debian-clang, r-devel-linux-x86_64-debian-gcc, r-devel-linux-x86_64-fedora-clang, r-devel-linux-x86_64-fedora-gcc, r-devel-osx-x86_64-clang