CRAN Package Check Results for Package msm

Last updated on 2017-06-23 04:47:11.

Flavor Version Tinstall Tcheck Ttotal Status Flags
r-devel-linux-x86_64-debian-clang 1.6.4 6.68 154.88 161.57 NOTE
r-devel-linux-x86_64-debian-gcc 1.6.4 6.66 153.48 160.14 NOTE
r-devel-linux-x86_64-fedora-clang 1.6.4 311.31 NOTE
r-devel-linux-x86_64-fedora-gcc 1.6.4 297.03 NOTE
r-devel-windows-ix86+x86_64 1.6.4 29.00 334.00 363.00 OK
r-patched-linux-x86_64 1.6.4 6.64 150.42 157.06 NOTE
r-patched-solaris-sparc 1.6.4 1865.00 OK
r-patched-solaris-x86 1.6.4 416.60 OK
r-release-linux-x86_64 1.6.4 6.73 145.66 152.39 NOTE
r-release-windows-ix86+x86_64 1.6.4 29.00 357.00 386.00 OK
r-release-osx-x86_64 1.6.4 OK
r-oldrel-windows-ix86+x86_64 1.6.4 33.00 312.00 345.00 OK
r-oldrel-osx-x86_64 1.6.4 OK

Check Details

Version: 1.6.4
Check: compiled code
Result: NOTE
    File ‘msm/libs/msm.so’:
     Found no calls to: ‘R_registerRoutines’, ‘R_useDynamicSymbols’
    
    It is good practice to register native routines and to disable symbol
    search.
    
    See ‘Writing portable packages’ in the ‘Writing R Extensions’ manual.
Flavors: r-devel-linux-x86_64-debian-clang, r-devel-linux-x86_64-debian-gcc, r-devel-linux-x86_64-fedora-clang, r-devel-linux-x86_64-fedora-gcc, r-patched-linux-x86_64, r-release-linux-x86_64