CRAN Package Check Results for Package msm

Last updated on 2015-04-27 23:47:30.

Flavor Version Tinstall Tcheck Ttotal Status Flags
r-devel-linux-x86_64-debian-clang 1.5 5.89 108.09 113.98 NOTE
r-devel-linux-x86_64-debian-gcc 1.5 6.55 104.38 110.93 NOTE
r-devel-linux-x86_64-fedora-clang 1.5 229.05 NOTE
r-devel-linux-x86_64-fedora-gcc 1.5 212.35 NOTE
r-devel-osx-x86_64-clang 1.5 183.57 NOTE
r-devel-windows-ix86+x86_64 1.5 22.00 247.00 269.00 OK
r-patched-linux-x86_64 1.5 6.58 102.66 109.25 NOTE
r-patched-solaris-sparc 1.5 1382.30 OK
r-patched-solaris-x86 1.5 278.20 NOTE
r-release-linux-x86_64 1.5 6.86 108.56 115.42 NOTE
r-release-osx-x86_64-mavericks 1.5 OK
r-release-osx-x86_64-snowleopard 1.5 OK
r-release-windows-ix86+x86_64 1.5 32.00 313.00 345.00 OK
r-oldrel-windows-ix86+x86_64 1.5 19.00 238.00 257.00 OK

Check Details

Version: 1.5
Check: S3 generic/method consistency
Result: NOTE
    Found the following apparent S3 methods exported but not registered:
     plot.prevalence.msm plot.survfit.msm
    See section ‘Registering S3 methods’ in the ‘Writing R Extensions’
    manual.
Flavors: r-devel-linux-x86_64-debian-clang, r-devel-linux-x86_64-debian-gcc, r-devel-linux-x86_64-fedora-clang, r-devel-linux-x86_64-fedora-gcc, r-devel-osx-x86_64-clang, r-patched-solaris-x86, r-release-linux-x86_64