CRAN Package Check Results for Package msme

Last updated on 2015-02-27 22:49:23.

Flavor Version Tinstall Tcheck Ttotal Status Flags
r-devel-linux-x86_64-debian-clang 0.5.1 0.97 32.65 33.62 NOTE
r-devel-linux-x86_64-debian-gcc 0.5.1 0.87 31.77 32.64 NOTE
r-devel-linux-x86_64-fedora-clang 0.5.1 64.86 NOTE
r-devel-linux-x86_64-fedora-gcc 0.5.1 62.16 NOTE
r-devel-osx-x86_64-clang 0.5.1 52.29 NOTE
r-devel-windows-ix86+x86_64 0.5.1 8.00 46.00 54.00 NOTE
r-patched-linux-x86_64 0.5.1 0.97 34.85 35.82 OK
r-patched-solaris-sparc 0.5.1 479.10 OK
r-release-linux-ix86 0.5.1 1.45 48.97 50.42 OK
r-release-linux-x86_64 0.5.1 0.96 35.22 36.18 OK
r-release-osx-x86_64-mavericks 0.5.1 OK
r-release-osx-x86_64-snowleopard 0.5.1 OK
r-release-windows-ix86+x86_64 0.5.1 5.00 52.00 57.00 OK
r-oldrel-windows-ix86+x86_64 0.5.1 5.00 59.00 64.00 OK

Check Details

Version: 0.5.1
Check: DESCRIPTION meta-information
Result: NOTE
    Malformed Title field: should not end in a period.
Flavors: r-devel-linux-x86_64-debian-clang, r-devel-linux-x86_64-debian-gcc, r-devel-linux-x86_64-fedora-clang, r-devel-linux-x86_64-fedora-gcc, r-devel-osx-x86_64-clang, r-devel-windows-ix86+x86_64

Version: 0.5.1
Check: S3 generic/method consistency
Result: NOTE
    Found the following apparent S3 methods exported but not registered:
     hatvalues.msme plot.ml_g_fit residuals.msme summary.ml_g_fit
     summary.msme
    See section ‘Registering S3 methods’ in the ‘Writing R Extensions’
    manual.
Flavors: r-devel-linux-x86_64-debian-clang, r-devel-linux-x86_64-debian-gcc, r-devel-linux-x86_64-fedora-clang, r-devel-linux-x86_64-fedora-gcc, r-devel-osx-x86_64-clang