CRAN Package Check Results for Package msme

Last updated on 2015-01-27 10:47:45.

Flavor Version Tinstall Tcheck Ttotal Status Flags
r-devel-linux-x86_64-debian-clang 0.5.1 0.96 33.36 34.32 OK
r-devel-linux-x86_64-debian-gcc 0.5.1 0.96 32.78 33.74 NOTE
r-devel-linux-x86_64-fedora-clang 0.5.1 68.99 NOTE
r-devel-linux-x86_64-fedora-gcc 0.5.1 68.00 NOTE
r-devel-osx-x86_64-clang 0.5.1 56.57 NOTE
r-devel-windows-ix86+x86_64 0.5.1 3.00 45.00 48.00 OK
r-patched-linux-x86_64 0.5.1 0.98 34.94 35.92 OK
r-patched-solaris-sparc 0.5.1 479.10 OK
r-patched-solaris-x86 0.5.1 93.20 OK
r-release-linux-ix86 0.5.1 1.34 48.30 49.64 OK
r-release-linux-x86_64 0.5.1 0.98 35.28 36.26 OK
r-release-osx-x86_64-mavericks 0.5.1 OK
r-release-osx-x86_64-snowleopard 0.5.1 OK
r-release-windows-ix86+x86_64 0.5.1 5.00 50.00 55.00 OK
r-oldrel-windows-ix86+x86_64 0.5.1 7.00 56.00 63.00 OK

Check Details

Version: 0.5.1
Check: S3 generic/method consistency
Result: NOTE
    Found the following apparent S3 methods exported but not registered:
     summary.ml_g_fit summary.msme plot.ml_g_fit hatvalues.msme
     residuals.msme
    See section ‘Registering S3 methods’ in the ‘Writing R Extensions’
    manual.
Flavors: r-devel-linux-x86_64-debian-gcc, r-devel-linux-x86_64-fedora-clang, r-devel-linux-x86_64-fedora-gcc, r-devel-osx-x86_64-clang