CRAN Package Check Results for Package msme

Last updated on 2015-05-29 17:47:42.

Flavor Version Tinstall Tcheck Ttotal Status Flags
r-devel-linux-x86_64-debian-clang 0.5.1 0.94 33.54 34.48 NOTE
r-devel-linux-x86_64-debian-gcc 0.5.1 0.93 32.73 33.66 NOTE
r-devel-linux-x86_64-fedora-clang 0.5.1 66.24 NOTE
r-devel-linux-x86_64-fedora-gcc 0.5.1 63.03 NOTE
r-devel-osx-x86_64-clang 0.5.1 52.62 NOTE
r-devel-windows-ix86+x86_64 0.5.1 4.00 46.00 50.00 NOTE
r-patched-linux-x86_64 0.5.1 0.87 32.83 33.70 NOTE
r-patched-solaris-sparc 0.5.1 464.40 NOTE
r-patched-solaris-x86 0.5.1 89.20 NOTE
r-release-linux-x86_64 0.5.1 0.98 32.30 33.28 NOTE
r-release-osx-x86_64-mavericks 0.5.1 NOTE
r-release-osx-x86_64-snowleopard 0.5.1 NOTE
r-release-windows-ix86+x86_64 0.5.1 4.00 45.00 49.00 NOTE
r-oldrel-windows-ix86+x86_64 0.5.1 5.00 79.00 84.00 OK

Check Details

Version: 0.5.1
Check: DESCRIPTION meta-information
Result: NOTE
    Malformed Title field: should not end in a period.
Flavors: r-devel-linux-x86_64-debian-clang, r-devel-linux-x86_64-debian-gcc, r-devel-linux-x86_64-fedora-clang, r-devel-linux-x86_64-fedora-gcc, r-devel-osx-x86_64-clang, r-devel-windows-ix86+x86_64, r-patched-linux-x86_64, r-patched-solaris-sparc, r-patched-solaris-x86, r-release-linux-x86_64, r-release-osx-x86_64-mavericks, r-release-osx-x86_64-snowleopard, r-release-windows-ix86+x86_64

Version: 0.5.1
Check: S3 generic/method consistency
Result: NOTE
    Found the following apparent S3 methods exported but not registered:
     hatvalues.msme plot.ml_g_fit residuals.msme summary.ml_g_fit
     summary.msme
    See section ‘Registering S3 methods’ in the ‘Writing R Extensions’
    manual.
Flavors: r-devel-linux-x86_64-debian-clang, r-devel-linux-x86_64-debian-gcc, r-devel-linux-x86_64-fedora-clang, r-devel-linux-x86_64-fedora-gcc, r-devel-osx-x86_64-clang, r-patched-linux-x86_64, r-patched-solaris-sparc, r-patched-solaris-x86, r-release-linux-x86_64