Last updated on 2022-08-11 09:53:22 CEST.
Flavor | Version | Tinstall | Tcheck | Ttotal | Status | Flags |
---|---|---|---|---|---|---|
r-devel-linux-x86_64-debian-clang | 0.5.3 | 2.64 | 54.93 | 57.57 | NOTE | |
r-devel-linux-x86_64-debian-gcc | 0.5.3 | 2.80 | 41.88 | 44.68 | NOTE | |
r-devel-linux-x86_64-fedora-clang | 0.5.3 | 84.55 | NOTE | |||
r-devel-linux-x86_64-fedora-gcc | 0.5.3 | 83.27 | NOTE | |||
r-devel-windows-x86_64 | 0.5.3 | 24.00 | 90.00 | 114.00 | NOTE | |
r-patched-linux-x86_64 | 0.5.3 | 3.31 | 54.50 | 57.81 | OK | |
r-release-linux-x86_64 | 0.5.3 | OK | ||||
r-release-macos-arm64 | 0.5.3 | 26.00 | OK | |||
r-release-macos-x86_64 | 0.5.3 | 38.00 | OK | |||
r-release-windows-x86_64 | 0.5.3 | 14.00 | 89.00 | 103.00 | OK | |
r-oldrel-macos-arm64 | 0.5.3 | 32.00 | OK | |||
r-oldrel-macos-x86_64 | 0.5.3 | 51.00 | OK | |||
r-oldrel-windows-ix86+x86_64 | 0.5.3 | 9.00 | 79.00 | 88.00 | OK |
Version: 0.5.3
Check: Rd files
Result: NOTE
checkRd: (-1) ml_g.Rd:47: Escaped LaTeX specials: \&
Flavors: r-devel-linux-x86_64-debian-clang, r-devel-linux-x86_64-debian-gcc, r-devel-linux-x86_64-fedora-clang, r-devel-linux-x86_64-fedora-gcc, r-devel-windows-x86_64