CRAN Package Check Results for Package msme

Last updated on 2015-03-26 19:47:44.

Flavor Version Tinstall Tcheck Ttotal Status Flags
r-devel-linux-x86_64-debian-clang 0.5.1 1.16 33.03 34.20 NOTE
r-devel-linux-x86_64-debian-gcc 0.5.1 0.86 31.68 32.54 NOTE
r-devel-linux-x86_64-fedora-clang 0.5.1 64.94 NOTE
r-devel-linux-x86_64-fedora-gcc 0.5.1 61.30 NOTE
r-devel-osx-x86_64-clang 0.5.1 57.45 NOTE
r-prerel-windows-ix86+x86_64 0.5.1 4.00 51.00 55.00 NOTE
r-prerel-linux-x86_64 0.5.1 0.87 32.76 33.64 NOTE
r-prerel-solaris-sparc 0.5.1 469.00 NOTE
r-prerel-solaris-x86 0.5.1 84.50 NOTE
r-release-linux-x86_64 0.5.1 0.96 35.00 35.97 OK
r-release-osx-x86_64-mavericks 0.5.1 OK
r-release-osx-x86_64-snowleopard 0.5.1 OK
r-release-windows-ix86+x86_64 0.5.1 5.00 48.00 53.00 OK
r-oldrel-windows-ix86+x86_64 0.5.1 5.00 56.00 61.00 OK

Check Details

Version: 0.5.1
Check: DESCRIPTION meta-information
Result: NOTE
    Malformed Title field: should not end in a period.
Flavors: r-devel-linux-x86_64-debian-clang, r-devel-linux-x86_64-debian-gcc, r-devel-linux-x86_64-fedora-clang, r-devel-linux-x86_64-fedora-gcc, r-devel-osx-x86_64-clang, r-prerel-windows-ix86+x86_64, r-prerel-linux-x86_64, r-prerel-solaris-sparc, r-prerel-solaris-x86

Version: 0.5.1
Check: S3 generic/method consistency
Result: NOTE
    Found the following apparent S3 methods exported but not registered:
     hatvalues.msme plot.ml_g_fit residuals.msme summary.ml_g_fit
     summary.msme
    See section ‘Registering S3 methods’ in the ‘Writing R Extensions’
    manual.
Flavors: r-devel-linux-x86_64-debian-clang, r-devel-linux-x86_64-debian-gcc, r-devel-linux-x86_64-fedora-clang, r-devel-linux-x86_64-fedora-gcc, r-devel-osx-x86_64-clang, r-prerel-linux-x86_64