CRAN Package Check Results for Package msme

Last updated on 2014-04-25 05:47:19.

Flavor Version Tinstall Tcheck Ttotal Status Flags
r-devel-linux-x86_64-debian-clang 0.4.4 1.07 35.18 36.25 OK
r-devel-linux-x86_64-debian-gcc 0.4.4 1.00 35.08 36.07 OK
r-devel-linux-x86_64-fedora-clang 0.4.4 69.68 OK
r-devel-linux-x86_64-fedora-gcc 0.4.4 68.59 OK
r-devel-osx-x86_64-clang 0.4.4 55.72 OK
r-devel-osx-x86_64-gcc 0.4.4 OK
r-devel-windows-ix86+x86_64 0.4.4 4.00 47.00 51.00 OK
r-patched-linux-x86_64 0.4.4 0.99 35.08 36.07 OK
r-patched-solaris-sparc 0.4.4 462.60 OK
r-patched-solaris-x86 0.4.4 90.20 OK
r-release-linux-ix86 0.4.4 1.00 61.00 62.00 OK
r-release-linux-x86_64 0.4.4 0.99 36.06 37.05 OK
r-release-osx-x86_64-mavericks 0.4.4 WARN
r-release-osx-x86_64-snowleopard 0.4.4 OK
r-release-windows-ix86+x86_64 0.4.4 4.00 50.00 54.00 OK
r-oldrel-windows-ix86+x86_64 0.4.4 5.00 56.00 61.00 OK

Check Details

Version: 0.4.4
Check: PDF version of manual
Result: WARNING
    LaTeX errors when creating PDF version.
    This typically indicates Rd problems.
    LaTeX errors found:
    ! LaTeX Error: File `upquote.sty' not found.
    
    Type X to quit or <RETURN> to proceed,
    or enter new name. (Default extension: sty)
    
    763b022/Rd2.tex:8: ==> Fatal error occurred, no output PDF file produced!
Flavor: r-release-osx-x86_64-mavericks