CRAN Package Check Results for Package msme

Last updated on 2015-04-26 12:46:34.

Flavor Version Tinstall Tcheck Ttotal Status Flags
r-devel-linux-x86_64-debian-clang 0.5.1 0.89 32.55 33.44 NOTE
r-devel-linux-x86_64-debian-gcc 0.5.1 0.88 32.04 32.91 NOTE
r-devel-linux-x86_64-fedora-clang 0.5.1 65.04 NOTE
r-devel-linux-x86_64-fedora-gcc 0.5.1 60.86 NOTE
r-devel-osx-x86_64-clang 0.5.1 51.77 NOTE
r-devel-windows-ix86+x86_64 0.5.1 4.00 49.00 53.00 NOTE
r-patched-linux-x86_64 0.5.1 0.87 32.25 33.12 NOTE
r-patched-solaris-sparc 0.5.1 469.00 NOTE
r-patched-solaris-x86 0.5.1 85.30 NOTE
r-release-linux-x86_64 0.5.1 0.94 32.51 33.45 NOTE
r-release-osx-x86_64-mavericks 0.5.1 NOTE
r-release-osx-x86_64-snowleopard 0.5.1 NOTE
r-release-windows-ix86+x86_64 0.5.1 4.00 48.00 52.00 NOTE
r-oldrel-windows-ix86+x86_64 0.5.1 4.00 54.00 58.00 OK

Check Details

Version: 0.5.1
Check: DESCRIPTION meta-information
Result: NOTE
    Malformed Title field: should not end in a period.
Flavors: r-devel-linux-x86_64-fedora-clang, r-devel-linux-x86_64-fedora-gcc, r-devel-osx-x86_64-clang, r-devel-windows-ix86+x86_64, r-patched-solaris-sparc, r-patched-solaris-x86, r-release-osx-x86_64-mavericks, r-release-windows-ix86+x86_64

Version: 0.5.1
Check: S3 generic/method consistency
Result: NOTE
    Found the following apparent S3 methods exported but not registered:
     hatvalues.msme plot.ml_g_fit residuals.msme summary.ml_g_fit
     summary.msme
    See section ‘Registering S3 methods’ in the ‘Writing R Extensions’
    manual.
Flavors: r-devel-linux-x86_64-fedora-clang, r-devel-linux-x86_64-fedora-gcc, r-devel-osx-x86_64-clang, r-patched-solaris-x86