CRAN Package Check Results for Package msme

Last updated on 2015-07-28 11:51:43.

Flavor Version Tinstall Tcheck Ttotal Status Flags
r-devel-linux-x86_64-debian-clang 0.5.1 0.86 32.60 33.47 NOTE
r-devel-linux-x86_64-debian-gcc 0.5.1 0.86 32.39 33.25 NOTE
r-devel-linux-x86_64-fedora-clang 0.5.1 65.18 NOTE
r-devel-linux-x86_64-fedora-gcc 0.5.1 62.35 NOTE
r-devel-osx-x86_64-clang 0.5.1 44.27 NOTE
r-devel-windows-ix86+x86_64 0.5.1 4.00 49.00 53.00 NOTE
r-patched-linux-x86_64 0.5.1 0.87 32.43 33.30 NOTE
r-patched-solaris-sparc 0.5.1 472.30 NOTE
r-patched-solaris-x86 0.5.1 86.30 NOTE
r-release-linux-x86_64 0.5.1 0.84 33.10 33.93 NOTE
r-release-osx-x86_64-mavericks 0.5.1 NOTE
r-release-windows-ix86+x86_64 0.5.1 7.00 75.00 82.00 NOTE
r-oldrel-windows-ix86+x86_64 0.5.1 7.00 80.00 87.00 OK

Check Details

Version: 0.5.1
Check: DESCRIPTION meta-information
Result: NOTE
    Malformed Title field: should not end in a period.
Flavors: r-devel-linux-x86_64-debian-clang, r-devel-linux-x86_64-debian-gcc, r-devel-linux-x86_64-fedora-clang, r-devel-linux-x86_64-fedora-gcc, r-devel-osx-x86_64-clang, r-devel-windows-ix86+x86_64, r-patched-linux-x86_64, r-patched-solaris-sparc, r-patched-solaris-x86, r-release-linux-x86_64, r-release-osx-x86_64-mavericks, r-release-windows-ix86+x86_64

Version: 0.5.1
Check: S3 generic/method consistency
Result: NOTE
    Found the following apparent S3 methods exported but not registered:
     hatvalues.msme plot.ml_g_fit residuals.msme summary.ml_g_fit
     summary.msme
    See section ‘Registering S3 methods’ in the ‘Writing R Extensions’
    manual.
Flavors: r-devel-linux-x86_64-debian-clang, r-devel-linux-x86_64-debian-gcc, r-devel-linux-x86_64-fedora-clang, r-devel-linux-x86_64-fedora-gcc, r-devel-osx-x86_64-clang, r-patched-linux-x86_64, r-patched-solaris-sparc, r-patched-solaris-x86, r-release-linux-x86_64

Version: 0.5.1
Check: R code for possible problems
Result: NOTE
    P__disp: no visible global function definition for ‘residuals’
    Sjll: no visible global function definition for ‘predict’
    Sjll2: no visible global function definition for ‘predict’
    alrt: no visible global function definition for ‘logLik’
    alrt: no visible global function definition for ‘pchisq’
    devianceResiduals: no visible global function definition for ‘predict’
    devianceResiduals2: no visible global function definition for ‘predict’
    fitted.ml_g_fit: no visible global function definition for ‘coef’
    irls: no visible global function definition for ‘model.frame’
    irls: no visible global function definition for ‘model.response’
    irls: no visible global function definition for ‘model.matrix’
    irls: no visible global function definition for ‘lm’
    irls: no visible global function definition for ‘coef’
    irls_glogit: no visible global function definition for ‘model.frame’
    irls_glogit: no visible global function definition for ‘model.response’
    irls_glogit: no visible global function definition for ‘model.matrix’
    irls_glogit: no visible global function definition for ‘lm’
    irls_glogit: no visible global function definition for ‘coef’
    irls_logit: no visible global function definition for ‘model.frame’
    irls_logit: no visible global function definition for ‘model.response’
    irls_logit: no visible global function definition for ‘model.matrix’
    irls_logit: no visible global function definition for ‘lm’
    irls_logit: no visible global function definition for ‘coef’
    jll.bernoulli: no visible global function definition for ‘dbinom’
    jll.poisson: no visible global function definition for ‘dpois’
    jll.ztp: no visible global function definition for ‘dpois’
    jll2.gamma: no visible global function definition for ‘dgamma’
    jll2.nb2: no visible global function definition for ‘dnbinom’
    jll2.negBinomial: no visible global function definition for ‘dnbinom’
    jll2.normal: no visible global function definition for ‘dnorm’
    jll_normal: no visible global function definition for ‘dnorm’
    jllm.binomial: no visible global function definition for ‘dbinom’
    jllm.negBinomial: no visible global function definition for ‘dnbinom’
    jllm.poisson: no visible global function definition for ‘dpois’
    kickStart.default: no visible global function definition for ‘coef’
    kickStart.default: no visible global function definition for ‘lm’
    kickStart.inverse: no visible global function definition for ‘coef’
    kickStart.inverse: no visible global function definition for ‘lm’
    kickStart.log: no visible global function definition for ‘coef’
    kickStart.log: no visible global function definition for ‘lm’
    lPrime.probit: no visible global function definition for ‘dnorm’
    lPrime.probit: no visible global function definition for ‘qnorm’
    linkFn.probit: no visible global function definition for ‘qnorm’
    maximize: no visible global function definition for ‘optim’
    ml.nb1: no visible global function definition for ‘model.frame’
    ml.nb1: no visible global function definition for ‘model.response’
    ml.nb1: no visible global function definition for ‘model.matrix’
    ml.nb1 : jll.nb1: no visible global function definition for ‘dnbinom’
    ml.nb1: no visible global function definition for ‘coef’
    ml.nb1: no visible global function definition for ‘lm.fit’
    ml.nb1: no visible global function definition for ‘optim’
    ml.nb2: no visible global function definition for ‘model.frame’
    ml.nb2: no visible global function definition for ‘model.response’
    ml.nb2: no visible global function definition for ‘model.matrix’
    ml.nb2 : nb2.reg.ml: no visible global function definition for
     ‘dnbinom’
    ml.nb2: no visible global function definition for ‘optim’
    ml.nbc: no visible global function definition for ‘model.frame’
    ml.nbc: no visible global function definition for ‘model.response’
    ml.nbc: no visible global function definition for ‘model.matrix’
    ml.nbc : nbc.reg.ml: no visible global function definition for
     ‘dnbinom’
    ml.nbc: no visible global function definition for ‘optim’
    ml_g: no visible global function definition for ‘model.frame’
    ml_g: no visible global function definition for ‘model.response’
    ml_g: no visible global function definition for ‘model.matrix’
    ml_g : jll.normal: no visible global function definition for ‘dnorm’
    ml_g: no visible global function definition for ‘lm’
    ml_g: no visible global function definition for ‘coef’
    ml_g: no visible global function definition for ‘sd’
    ml_g: no visible global function definition for ‘residuals’
    ml_g: no visible global function definition for ‘optim’
    ml_glm: no visible global function definition for ‘model.frame’
    ml_glm: no visible global function definition for ‘model.response’
    ml_glm: no visible global function definition for ‘model.matrix’
    ml_glm2: no visible global function definition for ‘model.frame’
    ml_glm2: no visible global function definition for ‘model.response’
    ml_glm2: no visible global function definition for ‘model.matrix’
    ml_glm3: no visible global function definition for ‘model.frame’
    ml_glm3: no visible global function definition for ‘model.response’
    ml_glm3: no visible global function definition for ‘model.matrix’
    nbinomial: no visible global function definition for ‘model.frame’
    nbinomial: no visible global function definition for ‘model.response’
    nbinomial: no visible global function definition for ‘model.matrix’
    pearsonResiduals2: no visible global function definition for ‘predict’
    plot.ml_g_fit: no visible global function definition for ‘residuals’
    plot.ml_g_fit: no visible global function definition for ‘fitted’
    plot.ml_g_fit: no visible global function definition for ‘par’
    plot.ml_g_fit: no visible global function definition for
     ‘scatter.smooth’
    plot.ml_g_fit: no visible global function definition for ‘abline’
    plot.ml_g_fit: no visible global function definition for ‘plot’
    plot.ml_g_fit: no visible global function definition for ‘qnorm’
    residuals.ml_g_fit: no visible global function definition for ‘fitted’
    residuals.ml_g_fit: no visible global function definition for
     ‘hatvalues’
    residuals.msme: no visible global function definition for ‘hatvalues’
    summary.ml_g_fit: no visible global function definition for ‘residuals’
    summary.msme: no visible global function definition for ‘residuals’
    unlink.probit: no visible global function definition for ‘pnorm’
    unlink.probit1: no visible global function definition for ‘pnorm’
    Undefined global functions or variables:
     abline coef dbinom dgamma dnbinom dnorm dpois fitted hatvalues lm
     lm.fit logLik model.frame model.matrix model.response optim par
     pchisq plot pnorm predict qnorm residuals scatter.smooth sd
    Consider adding
     importFrom("graphics", "abline", "par", "plot")
     importFrom("stats", "coef", "dbinom", "dgamma", "dnbinom", "dnorm",
     "dpois", "fitted", "hatvalues", "lm", "lm.fit", "logLik",
     "model.frame", "model.matrix", "model.response", "optim",
     "pchisq", "pnorm", "predict", "qnorm", "residuals",
     "scatter.smooth", "sd")
    to your NAMESPACE.
Flavors: r-devel-linux-x86_64-debian-clang, r-devel-linux-x86_64-debian-gcc, r-devel-linux-x86_64-fedora-clang, r-devel-linux-x86_64-fedora-gcc, r-devel-windows-ix86+x86_64