CRAN Package Check Results for Package msmtools

Last updated on 2024-06-14 02:54:08 CEST.

Flavor Version Tinstall Tcheck Ttotal Status Flags
r-devel-linux-x86_64-debian-clang 2.0.1 12.62 162.79 175.41 OK
r-devel-linux-x86_64-debian-gcc 2.0.1 0.37 1.87 2.24 ERROR
r-devel-linux-x86_64-fedora-clang 2.0.1 217.85 OK
r-devel-linux-x86_64-fedora-gcc 2.0.1 211.62 OK
r-devel-windows-x86_64 2.0.1 10.00 117.00 127.00 OK
r-patched-linux-x86_64 2.0.1 12.99 154.66 167.65 OK
r-release-linux-x86_64 2.0.1 7.54 151.81 159.35 OK
r-release-macos-arm64 2.0.1 61.00 OK
r-release-macos-x86_64 2.0.1 141.00 OK
r-release-windows-x86_64 2.0.1 11.00 120.00 131.00 OK
r-oldrel-macos-arm64 2.0.1 89.00 OK
r-oldrel-macos-x86_64 2.0.1 107.00 OK
r-oldrel-windows-x86_64 2.0.1 14.00 147.00 161.00 OK

Check Details

Version: 2.0.1
Check: package dependencies
Result: ERROR Packages required but not available: 'ggplot2', 'patchwork' Packages suggested but not available for checking: 'testthat', 'roxygen2', 'usethis' See section ‘The DESCRIPTION file’ in the ‘Writing R Extensions’ manual. Flavor: r-devel-linux-x86_64-debian-gcc