CRAN Package Check Results for Package msr

Last updated on 2015-07-04 08:50:28.

Flavor Version Tinstall Tcheck Ttotal Status Flags
r-devel-linux-x86_64-debian-clang 0.4.1 8.46 48.41 56.87 WARN
r-devel-linux-x86_64-debian-gcc 0.4.1 9.48 48.39 57.87 WARN
r-devel-linux-x86_64-fedora-clang 0.4.1 119.20 WARN
r-devel-linux-x86_64-fedora-gcc 0.4.1 106.03 WARN
r-devel-osx-x86_64-clang 0.4.1 94.78 WARN
r-devel-windows-ix86+x86_64 0.4.1 43.00 121.00 164.00 WARN
r-patched-linux-x86_64 0.4.1 9.52 47.16 56.68 WARN
r-patched-solaris-sparc 0.4.1 670.70 NOTE
r-patched-solaris-x86 0.4.1 160.60 NOTE
r-release-linux-x86_64 0.4.1 9.39 48.11 57.50 WARN
r-release-osx-x86_64-mavericks 0.4.1 WARN
r-release-windows-ix86+x86_64 0.4.1 50.00 108.00 158.00 WARN
r-oldrel-windows-ix86+x86_64 0.4.1 40.00 183.00 223.00 WARN

Check Details

Version: 0.4.1
Check: package dependencies
Result: NOTE
    Depends: includes the non-default packages:
     ‘Matrix’ ‘class’ ‘glmnet’ ‘stats4’ ‘e1071’ ‘rgl’ ‘RColorBrewer’
     ‘colorspace’
    Adding so many packages to the search path is excessive and importing
    selectively is preferable.
Flavors: r-devel-linux-x86_64-debian-clang, r-devel-linux-x86_64-debian-gcc, r-devel-linux-x86_64-fedora-clang, r-devel-linux-x86_64-fedora-gcc, r-devel-osx-x86_64-clang, r-devel-windows-ix86+x86_64, r-patched-linux-x86_64, r-patched-solaris-sparc, r-patched-solaris-x86, r-release-linux-x86_64, r-release-osx-x86_64-mavericks, r-release-windows-ix86+x86_64, r-oldrel-windows-ix86+x86_64

Version: 0.4.1
Check: whether package can be installed
Result: WARN
    Found the following significant warnings:
     kd_dump.cpp:444:1: warning: control may reach end of non-void function [-Wreturn-type]
    Found the following additional warnings:
     kd_dump.cpp:444:1: warning: control may reach end of non-void function [-Wreturn-type]
Flavors: r-devel-linux-x86_64-debian-clang, r-devel-linux-x86_64-fedora-clang, r-devel-osx-x86_64-clang, r-release-osx-x86_64-mavericks

Version: 0.4.1
Check: dependencies in R code
Result: NOTE
    Packages in Depends field not imported from:
     ‘Matrix’ ‘RColorBrewer’ ‘class’ ‘colorspace’ ‘e1071’ ‘glmnet’ ‘rgl’
     ‘stats4’
     These packages need to be imported from (in the NAMESPACE file)
     for when this namespace is loaded but not attached.
Flavors: r-devel-linux-x86_64-debian-clang, r-devel-linux-x86_64-debian-gcc, r-devel-linux-x86_64-fedora-clang, r-devel-linux-x86_64-fedora-gcc, r-devel-osx-x86_64-clang, r-devel-windows-ix86+x86_64, r-patched-linux-x86_64, r-patched-solaris-sparc, r-patched-solaris-x86, r-release-linux-x86_64, r-release-osx-x86_64-mavericks, r-release-windows-ix86+x86_64, r-oldrel-windows-ix86+x86_64

Version: 0.4.1
Check: R code for possible problems
Result: NOTE
    cv.lm: no visible global function definition for ‘lm’
    cv.lm: no visible global function definition for ‘predict’
    cv.lm: no visible global function definition for ‘median’
    geometry.mscPlot: no visible global function definition for ‘prcomp’
    geometry.mscPlot: no visible global function definition for ‘loess’
    geometry.mscPlot: no visible global function definition for ‘predict’
    geometry.mscPlot: no visible global function definition for ‘dist’
    linear.gaussianNd.sample.full: no visible global function definition
     for ‘runif’
    linear.gaussianNd.sample.full: no visible global function definition
     for ‘rnorm’
    model.matrix.msc.slm: no visible global function definition for
     ‘model.matrix’
    model.matrix.msc.slm: no visible global function definition for
     ‘predict’
    model.matrix.msr: no visible global function definition for
     ‘model.matrix’
    model.matrix.msr: no visible global function definition for ‘predict’
    model.matrix.msr.elnet: no visible global function definition for
     ‘model.matrix’
    model.matrix.msr.elnet: no visible global function definition for
     ‘predict’
    mouseSelect : mouseBegin : createSelectFunction: no visible global
     function definition for ‘rgl.projection’
    mouseSelect : mouseBegin : createSelectFunction : <anonymous>: no
     visible global function definition for ‘rgl.user2window’
    mouseSelect : mouseBegin: no visible global function definition for
     ‘rgl.pop’
    mouseSelect : mouseBegin: no visible global function definition for
     ‘shade3d’
    mouseSelect : mouseBegin: no visible global function definition for
     ‘addNormals’
    mouseSelect: no visible global function definition for
     ‘rgl.setMouseCallbacks’
    msc.elnet : buildelnet: no visible global function definition for
     ‘cv.glmnet’
    msc.elnet : buildelnet: no visible global function definition for
     ‘glmnet’
    msc.graph: no visible global function definition for ‘runif’
    msc.lm : buildlm: no visible global function definition for ‘step’
    msc.nn: no visible global function definition for ‘runif’
    msc.nn.svm: no visible global function definition for ‘svm’
    msc.p: no visible global function definition for ‘lm’
    msc.p: no visible global function definition for ‘var’
    msc.slm: no visible global function definition for ‘model.matrix’
    msc.slm: no visible global function definition for ‘step’
    msc.slm: no visible global function definition for ‘predict’
    msc.slm: no visible global function definition for ‘BIC’
    msc.slm.elnet : buildmodel: no visible global function definition for
     ‘model.matrix’
    msc.slm.elnet : buildmodel: no visible global function definition for
     ‘cv.glmnet’
    msr : buildlm: no visible global function definition for ‘lm’
    msr : buildlm: no visible global function definition for ‘step’
    msr : buildlm: no visible global function definition for ‘BIC’
    msr : buildslm: no visible global function definition for
     ‘model.matrix’
    msr : buildslm: no visible global function definition for ‘lm’
    msr : buildslm: no visible global function definition for ‘step’
    msr : buildslm: no visible global function definition for ‘formula’
    msr: no visible global function definition for ‘svm’
    msr.elnet : buildlm: no visible global function definition for
     ‘formula’
    msr.elnet : buildlm: no visible global function definition for
     ‘model.matrix’
    msr.elnet : buildlm: no visible global function definition for
     ‘cv.glmnet’
    msr.elnet : buildslm: no visible global function definition for
     ‘model.matrix’
    msr.elnet : buildslm: no visible global function definition for
     ‘cv.glmnet’
    msr.elnet: no visible global function definition for ‘svm’
    plot.mscPlot: no visible global function definition for ‘rgl.cur’
    plot.mscPlot: no visible global function definition for ‘open3d’
    plot.mscPlot: no visible global function definition for ‘view3d’
    plot.mscPlot: no visible global function definition for ‘light3d’
    plot.mscPlot: no visible global function definition for ‘bg3d’
    plot.mscPlot: no visible global function definition for ‘rgl.clear’
    plot.mscPlot: no visible global function definition for ‘spheres3d’
    plot.mscPlot: no visible global function definition for ‘rgb’
    plot.mscPlot: no visible global function definition for ‘shade3d’
    plot.mscPlot: no visible global function definition for ‘addNormals’
    plot.mscPlot: no visible global function definition for ‘text3d’
    plot.mscPlot: no visible global function definition for ‘lines3d’
    plot.mscPlot: no visible global function definition for ‘segments3d’
    plotCurves: no visible global function definition for ‘dev.list’
    plotCurves: no visible global function definition for ‘dev.new’
    plotCurves: no visible global function definition for ‘dev.set’
    plotCurves: no visible global function definition for ‘par’
    plotCurves: no visible global function definition for ‘plot’
    plotCurves: no visible global function definition for ‘axis’
    plotCurves: no visible global function definition for ‘hex’
    plotCurves: no visible global function definition for ‘mixcolor’
    plotCurves: no visible global function definition for ‘hex2RGB’
    plotCurves: no visible global function definition for ‘RGB’
    plotCurves: no visible global function definition for ‘lines’
    predict.msc.elnet: no visible global function definition for
     ‘model.matrix’
    predict.msc.elnet: no visible global function definition for ‘predict’
    predict.msc.kd: no visible global function definition for
     ‘model.matrix’
    predict.msc.lm: no visible global function definition for
     ‘model.matrix’
    predict.msc.lm: no visible global function definition for ‘predict’
    predict.msc.slm: no visible global function definition for
     ‘model.matrix’
    predict.msc.slm.elnet: no visible global function definition for
     ‘model.matrix’
    predict.msc.slm.elnet: no visible global function definition for
     ‘predict’
    predict.msc.svm: no visible global function definition for
     ‘model.matrix’
    predict.msc.svm: no visible global function definition for ‘svm’
    predict.msc.svm: no visible global function definition for ‘predict’
    predict.msr: no visible global function definition for ‘model.matrix’
    predict.msr.elnet: no visible global function definition for
     ‘model.matrix’
    predict.msr.elnet: no visible global function definition for ‘predict’
    scene.mscPlot: no visible global function definition for ‘brewer.pal’
    scene.mscPlot: no visible binding for global variable ‘brewer.pal.info’
    scene.mscPlot: no visible global function definition for ‘colorRamp’
    scene.mscPlot: no visible global function definition for ‘rgb’
    scene.mscPlot: no visible global function definition for ‘cylinder3d’
    Undefined global functions or variables:
     BIC RGB addNormals axis bg3d brewer.pal brewer.pal.info colorRamp
     cv.glmnet cylinder3d dev.list dev.new dev.set dist formula glmnet hex
     hex2RGB light3d lines lines3d lm loess median mixcolor model.matrix
     open3d par plot prcomp predict rgb rgl.clear rgl.cur rgl.pop
     rgl.projection rgl.setMouseCallbacks rgl.user2window rnorm runif
     segments3d shade3d spheres3d step svm text3d var view3d
Flavors: r-devel-linux-x86_64-debian-clang, r-devel-linux-x86_64-debian-gcc, r-devel-linux-x86_64-fedora-clang, r-devel-linux-x86_64-fedora-gcc, r-devel-windows-ix86+x86_64

Version: 0.4.1
Check: whether package can be installed
Result: WARN
    Found the following significant warnings:
     kd_dump.cpp:444:1: warning: control reaches end of non-void function [-Wreturn-type]
Flavors: r-devel-linux-x86_64-debian-gcc, r-devel-linux-x86_64-fedora-gcc, r-devel-windows-ix86+x86_64, r-patched-linux-x86_64, r-release-linux-x86_64, r-release-windows-ix86+x86_64, r-oldrel-windows-ix86+x86_64

Version: 0.4.1
Check: R code for possible problems
Result: NOTE
    mouseSelect : mouseBegin : createSelectFunction: no visible global
     function definition for ‘rgl.projection’
    mouseSelect : mouseBegin : createSelectFunction : <anonymous>: no
     visible global function definition for ‘rgl.user2window’
    mouseSelect : mouseBegin: no visible global function definition for
     ‘rgl.pop’
    mouseSelect : mouseBegin: no visible global function definition for
     ‘shade3d’
    mouseSelect : mouseBegin: no visible global function definition for
     ‘addNormals’
    mouseSelect: no visible global function definition for
     ‘rgl.setMouseCallbacks’
    msc.elnet : buildelnet: no visible global function definition for
     ‘cv.glmnet’
    msc.elnet : buildelnet: no visible global function definition for
     ‘glmnet’
    msc.nn.svm: no visible global function definition for ‘svm’
    msc.slm.elnet : buildmodel: no visible global function definition for
     ‘cv.glmnet’
    msr: no visible global function definition for ‘svm’
    msr.elnet : buildlm: no visible global function definition for
     ‘cv.glmnet’
    msr.elnet : buildslm: no visible global function definition for
     ‘cv.glmnet’
    msr.elnet: no visible global function definition for ‘svm’
    plot.mscPlot: no visible global function definition for ‘rgl.cur’
    plot.mscPlot: no visible global function definition for ‘open3d’
    plot.mscPlot: no visible global function definition for ‘view3d’
    plot.mscPlot: no visible global function definition for ‘light3d’
    plot.mscPlot: no visible global function definition for ‘bg3d’
    plot.mscPlot: no visible global function definition for ‘rgl.clear’
    plot.mscPlot: no visible global function definition for ‘spheres3d’
    plot.mscPlot: no visible global function definition for ‘shade3d’
    plot.mscPlot: no visible global function definition for ‘addNormals’
    plot.mscPlot: no visible global function definition for ‘text3d’
    plot.mscPlot: no visible global function definition for ‘lines3d’
    plot.mscPlot: no visible global function definition for ‘segments3d’
    plotCurves: no visible global function definition for ‘hex’
    plotCurves: no visible global function definition for ‘mixcolor’
    plotCurves: no visible global function definition for ‘hex2RGB’
    plotCurves: no visible global function definition for ‘RGB’
    predict.msc.svm: no visible global function definition for ‘svm’
    scene.mscPlot: no visible global function definition for ‘brewer.pal’
    scene.mscPlot: no visible binding for global variable ‘brewer.pal.info’
    scene.mscPlot: no visible global function definition for ‘cylinder3d’
    Undefined global functions or variables:
     RGB addNormals bg3d brewer.pal brewer.pal.info cv.glmnet cylinder3d
     glmnet hex hex2RGB light3d lines3d mixcolor open3d rgl.clear rgl.cur
     rgl.pop rgl.projection rgl.setMouseCallbacks rgl.user2window
     segments3d shade3d spheres3d svm text3d view3d
Flavor: r-devel-osx-x86_64-clang

Version: 0.4.1
Check: R code for possible problems
Result: NOTE
    mouseSelect : mouseBegin : createSelectFunction: no visible global
     function definition for ‘rgl.projection’
    mouseSelect : mouseBegin : createSelectFunction : <anonymous>: no
     visible global function definition for ‘rgl.user2window’
    mouseSelect : mouseBegin: no visible global function definition for
     ‘rgl.pop’
    mouseSelect : mouseBegin: no visible global function definition for
     ‘shade3d’
    mouseSelect : mouseBegin: no visible global function definition for
     ‘addNormals’
    mouseSelect: no visible global function definition for
     ‘rgl.setMouseCallbacks’
    msc.elnet : buildelnet: no visible global function definition for
     ‘cv.glmnet’
    msc.elnet : buildelnet: no visible global function definition for
     ‘glmnet’
    msc.nn.svm: no visible global function definition for ‘svm’
    msc.slm.elnet : buildmodel: no visible global function definition for
     ‘cv.glmnet’
    msr: no visible global function definition for ‘svm’
    msr.elnet : buildlm: no visible global function definition for
     ‘cv.glmnet’
    msr.elnet : buildslm: no visible global function definition for
     ‘cv.glmnet’
    msr.elnet: no visible global function definition for ‘svm’
    plot.mscPlot: no visible global function definition for ‘rgl.cur’
    plot.mscPlot: no visible global function definition for ‘open3d’
    plot.mscPlot: no visible global function definition for ‘view3d’
    plot.mscPlot: no visible global function definition for ‘light3d’
    plot.mscPlot: no visible global function definition for ‘bg3d’
    plot.mscPlot: no visible global function definition for ‘rgl.clear’
    plot.mscPlot: no visible global function definition for ‘spheres3d’
    plot.mscPlot: no visible global function definition for ‘shade3d’
    plot.mscPlot: no visible global function definition for ‘addNormals’
    plot.mscPlot: no visible global function definition for ‘text3d’
    plot.mscPlot: no visible global function definition for ‘lines3d’
    plot.mscPlot: no visible global function definition for ‘segments3d’
    plotCurves: no visible global function definition for ‘hex’
    plotCurves: no visible global function definition for ‘mixcolor’
    plotCurves: no visible global function definition for ‘hex2RGB’
    plotCurves: no visible global function definition for ‘RGB’
    predict.msc.svm: no visible global function definition for ‘svm’
    scene.mscPlot: no visible global function definition for ‘brewer.pal’
    scene.mscPlot: no visible binding for global variable ‘brewer.pal.info’
    scene.mscPlot: no visible global function definition for ‘cylinder3d’
Flavors: r-patched-linux-x86_64, r-patched-solaris-sparc, r-patched-solaris-x86, r-release-linux-x86_64, r-release-osx-x86_64-mavericks, r-release-windows-ix86+x86_64, r-oldrel-windows-ix86+x86_64