CRAN Package Check Results for Package msr

Last updated on 2016-12-06 16:50:52.

Flavor Version Tinstall Tcheck Ttotal Status Flags
r-devel-linux-x86_64-debian-clang 0.4.4 10.20 57.94 68.14 OK
r-devel-linux-x86_64-debian-gcc 0.4.4 10.57 57.85 68.43 OK
r-devel-linux-x86_64-fedora-clang 0.4.4 150.61 OK --no-stop-on-test-error
r-devel-linux-x86_64-fedora-gcc 0.4.4 143.97 OK --no-stop-on-test-error
r-devel-macos-x86_64-clang 0.4.4 100.75 OK --no-stop-on-test-error
r-devel-windows-ix86+x86_64 0.4.4 35.00 139.00 174.00 OK
r-patched-linux-x86_64 0.4.4 9.24 51.46 60.70 OK
r-patched-solaris-sparc 0.4.4 654.50 OK
r-patched-solaris-x86 0.4.4 163.20 OK
r-release-linux-x86_64 0.4.4 9.03 51.66 60.69 OK
r-release-osx-x86_64-mavericks 0.4.4 WARN
r-release-windows-ix86+x86_64 0.4.4 34.00 116.00 150.00 OK
r-oldrel-windows-ix86+x86_64 0.4.4 53.00 136.00 189.00 OK

Check Details

Version: 0.4.4
Check: whether package can be installed
Result: WARN
    Found the following significant warnings:
     Warning: 'rgl_init' failed, running with rgl.useNULL = TRUE
Flavor: r-release-osx-x86_64-mavericks

Version: 0.4.4
Check: dependencies in R code
Result: NOTE
    Invalid MIT-MAGIC-COOKIE-1 key
Flavor: r-release-osx-x86_64-mavericks

Version: 0.4.4
Check: S3 generic/method consistency
Result: WARN
    Invalid MIT-MAGIC-COOKIE-1 key
    See section ‘Generic functions and methods’ in the ‘Writing R
    Extensions’ manual.
Flavor: r-release-osx-x86_64-mavericks

Version: 0.4.4
Check: replacement functions
Result: WARN
    Invalid MIT-MAGIC-COOKIE-1 key
    The argument of a replacement function which corresponds to the right
    hand side must be named ‘value’.
Flavor: r-release-osx-x86_64-mavericks

Version: 0.4.4
Check: foreign function calls
Result: NOTE
    Invalid MIT-MAGIC-COOKIE-1 key
    See chapter ‘System and foreign language interfaces’ in the ‘Writing R
    Extensions’ manual.
Flavor: r-release-osx-x86_64-mavericks

Version: 0.4.4
Check: R code for possible problems
Result: NOTE
    Invalid MIT-MAGIC-COOKIE-1 key
Flavor: r-release-osx-x86_64-mavericks

Version: 0.4.4
Check: for missing documentation entries
Result: WARN
    Invalid MIT-MAGIC-COOKIE-1 key
    All user-level objects in a package should have documentation entries.
    See chapter ‘Writing R documentation files’ in the ‘Writing R
    Extensions’ manual.
Flavor: r-release-osx-x86_64-mavericks

Version: 0.4.4
Check: for code/documentation mismatches
Result: WARN
    Invalid MIT-MAGIC-COOKIE-1 key
    Invalid MIT-MAGIC-COOKIE-1 key
    Invalid MIT-MAGIC-COOKIE-1 key
Flavor: r-release-osx-x86_64-mavericks

Version: 0.4.4
Check: Rd \usage sections
Result: NOTE
    Invalid MIT-MAGIC-COOKIE-1 key
    The \usage entries for S3 methods should use the \method markup and not
    their full name.
    See chapter ‘Writing R documentation files’ in the ‘Writing R
    Extensions’ manual.
Flavor: r-release-osx-x86_64-mavericks