CRAN Package Check Results for Package msr

Last updated on 2014-07-22 19:47:53.

Flavor Version Tinstall Tcheck Ttotal Status Flags
r-devel-linux-x86_64-debian-clang 0.4.1 8.98 58.18 67.16 NOTE
r-devel-linux-x86_64-debian-gcc 0.4.1 10.37 58.03 68.40 WARN
r-devel-linux-x86_64-fedora-clang 0.4.1 154.60 NOTE
r-devel-linux-x86_64-fedora-gcc 0.4.1 143.87 WARN
r-devel-osx-x86_64-clang 0.4.1 119.66 NOTE
r-devel-windows-ix86+x86_64 0.4.1 41.00 120.00 161.00 WARN
r-patched-linux-x86_64 0.4.1 10.36 57.97 68.34 WARN
r-patched-solaris-sparc 0.4.1 812.60 NOTE
r-patched-solaris-x86 0.4.1 197.20 NOTE
r-release-linux-ix86 0.4.1 14.01 74.74 88.75 WARN
r-release-linux-x86_64 0.4.1 10.63 56.69 67.32 WARN
r-release-osx-x86_64-mavericks 0.4.1 NOTE
r-release-osx-x86_64-snowleopard 0.4.1 NOTE
r-release-windows-ix86+x86_64 0.4.1 40.00 124.00 164.00 WARN
r-oldrel-windows-ix86+x86_64 0.4.1 41.00 125.00 166.00 NOTE

Check Details

Version: 0.4.1
Check: package dependencies
Result: NOTE
    Depends: includes the non-default packages:
     ‘Matrix’ ‘class’ ‘glmnet’ ‘stats4’ ‘e1071’ ‘rgl’ ‘RColorBrewer’
     ‘colorspace’
    Adding so many packages to the search path is excessive and importing
    selectively is preferable.
Flavors: r-devel-linux-x86_64-debian-clang, r-devel-linux-x86_64-debian-gcc, r-devel-linux-x86_64-fedora-clang, r-devel-linux-x86_64-fedora-gcc, r-devel-osx-x86_64-clang, r-devel-windows-ix86+x86_64, r-patched-linux-x86_64, r-patched-solaris-sparc, r-patched-solaris-x86, r-release-linux-ix86, r-release-linux-x86_64, r-release-osx-x86_64-mavericks, r-release-osx-x86_64-snowleopard, r-release-windows-ix86+x86_64

Version: 0.4.1
Check: whether package can be installed
Result: NOTE
    Found the following warnings:
     kd_dump.cpp:444:1: warning: control may reach end of non-void function [-Wreturn-type]
    See ‘/home/hornik/tmp/R.check/r-devel-clang/Work/PKGS/msr.Rcheck/00install.out’ for details.
Flavor: r-devel-linux-x86_64-debian-clang

Version: 0.4.1
Check: dependencies in R code
Result: NOTE
    Packages in Depends field not imported from:
     ‘Matrix’ ‘RColorBrewer’ ‘class’ ‘colorspace’ ‘e1071’ ‘glmnet’ ‘rgl’
     ‘stats4’
     These packages need to be imported from (in the NAMESPACE file)
     for when this namespace is loaded but not attached.
    See the information on DESCRIPTION files in the chapter ‘Creating R
    packages’ of the ‘Writing R Extensions’ manual.
Flavors: r-devel-linux-x86_64-debian-clang, r-devel-linux-x86_64-debian-gcc, r-devel-linux-x86_64-fedora-clang, r-devel-linux-x86_64-fedora-gcc, r-devel-osx-x86_64-clang, r-devel-windows-ix86+x86_64, r-patched-linux-x86_64, r-patched-solaris-sparc, r-patched-solaris-x86, r-release-linux-ix86, r-release-linux-x86_64, r-release-osx-x86_64-mavericks, r-release-windows-ix86+x86_64, r-oldrel-windows-ix86+x86_64

Version: 0.4.1
Check: whether package can be installed
Result: WARNING
    Found the following significant warnings:
     kd_dump.cpp:444:1: warning: control reaches end of non-void function [-Wreturn-type]
    See ‘/home/hornik/tmp/R.check/r-devel-gcc/Work/PKGS/msr.Rcheck/00install.out’ for details.
Flavor: r-devel-linux-x86_64-debian-gcc

Version: 0.4.1
Check: whether package can be installed
Result: NOTE
    Found the following warnings:
     kd_dump.cpp:444:1: warning: control may reach end of non-void function [-Wreturn-type]
    See ‘/data/gannet/ripley/R/packages/tests-clang/msr.Rcheck/00install.out’ for details.
Flavor: r-devel-linux-x86_64-fedora-clang

Version: 0.4.1
Check: whether package can be installed
Result: WARNING
    Found the following significant warnings:
     kd_dump.cpp:444:1: warning: control reaches end of non-void function [-Wreturn-type]
    See ‘/data/gannet/ripley/R/packages/tests-devel/msr.Rcheck/00install.out’ for details.
Flavor: r-devel-linux-x86_64-fedora-gcc

Version: 0.4.1
Check: whether package can be installed
Result: NOTE
    Found the following warnings:
     kd_dump.cpp:444:1: warning: control may reach end of non-void function [-Wreturn-type]
    See ‘/Users/ripley/R/packages/tests-devel/msr.Rcheck/00install.out’ for details.
Flavor: r-devel-osx-x86_64-clang

Version: 0.4.1
Check: whether package can be installed
Result: WARNING
    Found the following significant warnings:
     kd_dump.cpp:444:1: warning: control reaches end of non-void function [-Wreturn-type]
    See 'd:/Rcompile/CRANpkg/local/3.2/msr.Rcheck/00install.out' for details.
Flavor: r-devel-windows-ix86+x86_64

Version: 0.4.1
Check: whether package can be installed
Result: WARNING
    Found the following significant warnings:
     kd_dump.cpp:444:1: warning: control reaches end of non-void function [-Wreturn-type]
    See ‘/home/hornik/tmp/R.check/r-patched-gcc/Work/PKGS/msr.Rcheck/00install.out’ for details.
Flavor: r-patched-linux-x86_64

Version: 0.4.1
Check: whether package can be installed
Result: WARNING
    Found the following significant warnings:
     kd_dump.cpp:444:1: warning: control reaches end of non-void function [-Wreturn-type]
    See ‘/home/hornik/tmp/R.check/r-release-gcc/Work/PKGS/msr.Rcheck/00install.out’ for details.
Flavors: r-release-linux-ix86, r-release-linux-x86_64

Version: 0.4.1
Check: dependencies in R code
Result: NOTE
    Packages in Depends field not imported from:
     ‘Matrix’ ‘RColorBrewer’ ‘class’ ‘colorspace’ ‘e1071’ ‘glmnet’ ‘rgl’
     ‘stats4’
     These packages need to be imported from for the case when
     this namespace is loaded but not attached.
    See the information on DESCRIPTION files in the chapter ‘Creating R
    packages’ of the ‘Writing R Extensions’ manual.
Flavor: r-release-osx-x86_64-snowleopard

Version: 0.4.1
Check: whether package can be installed
Result: WARNING
    Found the following significant warnings:
     kd_dump.cpp:444:1: warning: control reaches end of non-void function [-Wreturn-type]
    See 'd:/Rcompile/CRANpkg/local/3.1/msr.Rcheck/00install.out' for details.
Flavor: r-release-windows-ix86+x86_64