CRAN Package Check Results for Package msr

Last updated on 2017-04-29 19:48:53.

Flavor Version Tinstall Tcheck Ttotal Status Flags
r-devel-linux-x86_64-debian-clang 0.4.4 11.26 55.56 66.82 NOTE
r-devel-linux-x86_64-debian-gcc 0.4.4 10.65 54.91 65.57 NOTE
r-devel-linux-x86_64-fedora-clang 0.4.4 147.76 NOTE --no-stop-on-test-error
r-devel-linux-x86_64-fedora-gcc 0.4.4 133.20 NOTE --no-stop-on-test-error
r-devel-windows-ix86+x86_64 0.4.4 60.00 181.00 241.00 OK
r-patched-linux-x86_64 0.4.4 9.65 54.08 63.73 NOTE
r-patched-solaris-sparc 0.4.4 837.10 OK
r-patched-solaris-x86 0.4.4 193.00 OK
r-release-linux-x86_64 0.4.4 9.74 53.95 63.69 NOTE
r-release-windows-ix86+x86_64 0.4.4 61.00 184.00 245.00 OK
r-release-osx-x86_64 0.4.4 OK
r-oldrel-windows-ix86+x86_64 0.4.4 69.00 171.00 240.00 OK
r-oldrel-osx-x86_64 0.4.4 WARN

Check Details

Version: 0.4.4
Check: compiled code
Result: NOTE
    File ‘msr/libs/msr.so’:
     Found no calls to: ‘R_registerRoutines’, ‘R_useDynamicSymbols’
    
    It is good practice to register native routines and to disable symbol
    search.
    
    See ‘Writing portable packages’ in the ‘Writing R Extensions’ manual.
Flavors: r-devel-linux-x86_64-debian-clang, r-devel-linux-x86_64-debian-gcc, r-patched-linux-x86_64, r-release-linux-x86_64

Version: 0.4.4
Flags: --no-stop-on-test-error
Check: compiled code
Result: NOTE
    File ‘msr/libs/msr.so’:
     Found no calls to: ‘R_registerRoutines’, ‘R_useDynamicSymbols’
    
    It is good practice to register native routines and to disable symbol
    search.
    
    See ‘Writing portable packages’ in the ‘Writing R Extensions’ manual.
Flavors: r-devel-linux-x86_64-fedora-clang, r-devel-linux-x86_64-fedora-gcc

Version: 0.4.4
Check: whether package can be installed
Result: WARN
    Found the following significant warnings:
     Warning: 'rgl_init' failed, running with rgl.useNULL = TRUE
Flavor: r-oldrel-osx-x86_64

Version: 0.4.4
Check: dependencies in R code
Result: NOTE
    Invalid MIT-MAGIC-COOKIE-1 key
Flavor: r-oldrel-osx-x86_64

Version: 0.4.4
Check: S3 generic/method consistency
Result: WARN
    Invalid MIT-MAGIC-COOKIE-1 key
    See section ‘Generic functions and methods’ in the ‘Writing R
    Extensions’ manual.
Flavor: r-oldrel-osx-x86_64

Version: 0.4.4
Check: replacement functions
Result: WARN
    Invalid MIT-MAGIC-COOKIE-1 key
    The argument of a replacement function which corresponds to the right
    hand side must be named ‘value’.
Flavor: r-oldrel-osx-x86_64

Version: 0.4.4
Check: foreign function calls
Result: NOTE
    Invalid MIT-MAGIC-COOKIE-1 key
    See chapter ‘System and foreign language interfaces’ in the ‘Writing R
    Extensions’ manual.
Flavor: r-oldrel-osx-x86_64

Version: 0.4.4
Check: R code for possible problems
Result: NOTE
    Invalid MIT-MAGIC-COOKIE-1 key
Flavor: r-oldrel-osx-x86_64

Version: 0.4.4
Check: for missing documentation entries
Result: WARN
    Invalid MIT-MAGIC-COOKIE-1 key
    All user-level objects in a package should have documentation entries.
    See chapter ‘Writing R documentation files’ in the ‘Writing R
    Extensions’ manual.
Flavor: r-oldrel-osx-x86_64

Version: 0.4.4
Check: for code/documentation mismatches
Result: WARN
    Invalid MIT-MAGIC-COOKIE-1 key
    Invalid MIT-MAGIC-COOKIE-1 key
    Invalid MIT-MAGIC-COOKIE-1 key
Flavor: r-oldrel-osx-x86_64

Version: 0.4.4
Check: Rd \usage sections
Result: NOTE
    Invalid MIT-MAGIC-COOKIE-1 key
    The \usage entries for S3 methods should use the \method markup and not
    their full name.
    See chapter ‘Writing R documentation files’ in the ‘Writing R
    Extensions’ manual.
Flavor: r-oldrel-osx-x86_64