CRAN Package Check Results for Package msr

Last updated on 2014-12-18 11:50:10.

Flavor Version Tinstall Tcheck Ttotal Status Flags
r-devel-linux-x86_64-debian-clang 0.4.1 9.15 54.21 63.36 WARN
r-devel-linux-x86_64-debian-gcc 0.4.1 10.50 53.98 64.49 WARN
r-devel-linux-x86_64-fedora-clang 0.4.1 150.98 WARN
r-devel-linux-x86_64-fedora-gcc 0.4.1 134.58 WARN
r-devel-osx-x86_64-clang 0.4.1 116.48 WARN
r-devel-windows-ix86+x86_64 0.4.1 56.00 114.00 170.00 WARN
r-patched-linux-x86_64 0.4.1 10.79 55.78 66.57 WARN
r-patched-solaris-sparc 0.4.1 815.00 NOTE
r-patched-solaris-x86 0.4.1 192.60 NOTE
r-release-linux-ix86 0.4.1 13.39 69.68 83.07 WARN
r-release-linux-x86_64 0.4.1 10.51 56.12 66.63 WARN
r-release-osx-x86_64-mavericks 0.4.1 NOTE
r-release-osx-x86_64-snowleopard 0.4.1 NOTE
r-release-windows-ix86+x86_64 0.4.1 40.00 121.00 161.00 WARN
r-oldrel-windows-ix86+x86_64 0.4.1 39.00 128.00 167.00 NOTE

Check Details

Version: 0.4.1
Check: package dependencies
Result: NOTE
    Depends: includes the non-default packages:
     ‘Matrix’ ‘class’ ‘glmnet’ ‘stats4’ ‘e1071’ ‘rgl’ ‘RColorBrewer’
     ‘colorspace’
    Adding so many packages to the search path is excessive and importing
    selectively is preferable.
Flavors: r-devel-linux-x86_64-debian-clang, r-devel-linux-x86_64-debian-gcc, r-devel-linux-x86_64-fedora-clang, r-devel-linux-x86_64-fedora-gcc, r-devel-osx-x86_64-clang, r-devel-windows-ix86+x86_64, r-patched-linux-x86_64, r-patched-solaris-sparc, r-patched-solaris-x86, r-release-linux-ix86, r-release-linux-x86_64, r-release-osx-x86_64-mavericks, r-release-osx-x86_64-snowleopard, r-release-windows-ix86+x86_64

Version: 0.4.1
Check: whether package can be installed
Result: WARN
    Found the following significant warnings:
     kd_dump.cpp:444:1: warning: control may reach end of non-void function [-Wreturn-type]
    Found the following additional warnings:
     kd_dump.cpp:444:1: warning: control may reach end of non-void function [-Wreturn-type]
Flavors: r-devel-linux-x86_64-debian-clang, r-devel-linux-x86_64-fedora-clang, r-devel-osx-x86_64-clang

Version: 0.4.1
Check: dependencies in R code
Result: NOTE
    Packages in Depends field not imported from:
     ‘Matrix’ ‘RColorBrewer’ ‘class’ ‘colorspace’ ‘e1071’ ‘glmnet’ ‘rgl’
     ‘stats4’
     These packages need to be imported from (in the NAMESPACE file)
     for when this namespace is loaded but not attached.
    See the information on DESCRIPTION files in the chapter ‘Creating R
    packages’ of the ‘Writing R Extensions’ manual.
Flavors: r-devel-linux-x86_64-debian-clang, r-devel-linux-x86_64-debian-gcc, r-devel-linux-x86_64-fedora-clang, r-devel-linux-x86_64-fedora-gcc, r-devel-osx-x86_64-clang, r-devel-windows-ix86+x86_64, r-patched-linux-x86_64, r-patched-solaris-sparc, r-patched-solaris-x86, r-release-linux-ix86, r-release-linux-x86_64, r-release-osx-x86_64-mavericks, r-release-windows-ix86+x86_64, r-oldrel-windows-ix86+x86_64

Version: 0.4.1
Check: R code for possible problems
Result: NOTE
    mouseSelect : mouseBegin : createSelectFunction: no visible global
     function definition for ‘rgl.projection’
    mouseSelect : mouseBegin : createSelectFunction : <anonymous>: no
     visible global function definition for ‘rgl.user2window’
    mouseSelect : mouseBegin: no visible global function definition for
     ‘rgl.pop’
    mouseSelect : mouseBegin: no visible global function definition for
     ‘shade3d’
    mouseSelect : mouseBegin: no visible global function definition for
     ‘addNormals’
    mouseSelect: no visible global function definition for
     ‘rgl.setMouseCallbacks’
    msc.elnet : buildelnet: no visible global function definition for
     ‘cv.glmnet’
    msc.elnet : buildelnet: no visible global function definition for
     ‘glmnet’
    msc.nn.svm: no visible global function definition for ‘svm’
    msc.slm.elnet : buildmodel: no visible global function definition for
     ‘cv.glmnet’
    msr: no visible global function definition for ‘svm’
    msr.elnet : buildlm: no visible global function definition for
     ‘cv.glmnet’
    msr.elnet : buildslm: no visible global function definition for
     ‘cv.glmnet’
    msr.elnet: no visible global function definition for ‘svm’
    plot.mscPlot: no visible global function definition for ‘rgl.cur’
    plot.mscPlot: no visible global function definition for ‘open3d’
    plot.mscPlot: no visible global function definition for ‘view3d’
    plot.mscPlot: no visible global function definition for ‘light3d’
    plot.mscPlot: no visible global function definition for ‘bg3d’
    plot.mscPlot: no visible global function definition for ‘rgl.clear’
    plot.mscPlot: no visible global function definition for ‘spheres3d’
    plot.mscPlot: no visible global function definition for ‘shade3d’
    plot.mscPlot: no visible global function definition for ‘addNormals’
    plot.mscPlot: no visible global function definition for ‘text3d’
    plot.mscPlot: no visible global function definition for ‘lines3d’
    plot.mscPlot: no visible global function definition for ‘segments3d’
    plotCurves: no visible global function definition for ‘hex’
    plotCurves: no visible global function definition for ‘mixcolor’
    plotCurves: no visible global function definition for ‘hex2RGB’
    plotCurves: no visible global function definition for ‘RGB’
    predict.msc.svm: no visible global function definition for ‘svm’
    scene.mscPlot: no visible global function definition for ‘brewer.pal’
    scene.mscPlot: no visible binding for global variable ‘brewer.pal.info’
    scene.mscPlot: no visible global function definition for ‘cylinder3d’
Flavors: r-devel-linux-x86_64-debian-clang, r-devel-linux-x86_64-debian-gcc, r-devel-linux-x86_64-fedora-clang, r-devel-linux-x86_64-fedora-gcc, r-devel-osx-x86_64-clang, r-devel-windows-ix86+x86_64, r-patched-linux-x86_64, r-patched-solaris-sparc, r-patched-solaris-x86, r-release-linux-ix86, r-release-linux-x86_64, r-release-windows-ix86+x86_64

Version: 0.4.1
Check: whether package can be installed
Result: WARN
    Found the following significant warnings:
     kd_dump.cpp:444:1: warning: control reaches end of non-void function [-Wreturn-type]
Flavors: r-devel-linux-x86_64-debian-gcc, r-devel-linux-x86_64-fedora-gcc, r-devel-windows-ix86+x86_64, r-patched-linux-x86_64, r-release-linux-ix86, r-release-linux-x86_64, r-release-windows-ix86+x86_64

Version: 0.4.1
Check: dependencies in R code
Result: NOTE
    Packages in Depends field not imported from:
     ‘Matrix’ ‘RColorBrewer’ ‘class’ ‘colorspace’ ‘e1071’ ‘glmnet’ ‘rgl’
     ‘stats4’
     These packages need to be imported from for the case when
     this namespace is loaded but not attached.
    See the information on DESCRIPTION files in the chapter ‘Creating R
    packages’ of the ‘Writing R Extensions’ manual.
Flavor: r-release-osx-x86_64-snowleopard