CRAN Package Check Results for Package msr

Last updated on 2014-04-19 03:49:23.

Flavor Version Tinstall Tcheck Ttotal Status Flags
r-devel-linux-x86_64-debian-clang 0.4.1 10.56 60.81 71.36 NOTE
r-devel-linux-x86_64-debian-gcc 0.4.1 10.81 60.89 71.70 WARN
r-devel-linux-x86_64-fedora-clang 0.4.1 157.57 NOTE
r-devel-linux-x86_64-fedora-gcc 0.4.1 146.38 WARN
r-devel-macosx-x86_64-clang 0.4.1 121.94 NOTE
r-devel-macosx-x86_64-gcc 0.4.1 NOTE
r-devel-windows-ix86+x86_64 0.4.1 41.00 124.00 165.00 WARN
r-patched-linux-x86_64 0.4.1 10.86 59.33 70.19 WARN
r-patched-solaris-sparc 0.4.1 812.60 NOTE
r-patched-solaris-x86 0.4.1 201.90 NOTE
r-release-linux-ix86 0.4.1 21.00 98.00 119.00 WARN
r-release-linux-x86_64 0.4.1 10.52 60.00 70.52 WARN
r-release-macosx-x86_64 0.4.1 NOTE
r-release-windows-ix86+x86_64 0.4.1 36.00 140.00 176.00 WARN
r-oldrel-windows-ix86+x86_64 0.4.1 39.00 122.00 161.00 NOTE

Check Details

Version: 0.4.1
Check: package dependencies
Result: NOTE
    Depends: includes the non-default packages:
     ‘Matrix’ ‘class’ ‘glmnet’ ‘stats4’ ‘e1071’ ‘rgl’ ‘RColorBrewer’
     ‘colorspace’
    Adding so many packages to the search path is excessive and importing
    selectively is preferable.
Flavors: r-devel-linux-x86_64-debian-clang, r-devel-linux-x86_64-debian-gcc, r-devel-linux-x86_64-fedora-clang, r-devel-linux-x86_64-fedora-gcc, r-devel-macosx-x86_64-clang, r-devel-macosx-x86_64-gcc, r-devel-windows-ix86+x86_64, r-patched-linux-x86_64, r-patched-solaris-sparc, r-patched-solaris-x86, r-release-linux-ix86, r-release-linux-x86_64, r-release-macosx-x86_64, r-release-windows-ix86+x86_64

Version: 0.4.1
Check: dependencies in R code
Result: NOTE
    Packages in Depends field not imported from:
     ‘Matrix’ ‘RColorBrewer’ ‘class’ ‘colorspace’ ‘e1071’ ‘glmnet’ ‘rgl’
     ‘stats4’
     These packages need to be imported from (in the NAMESPACE file)
     for when this namespace is loaded but not attached.
    See the information on DESCRIPTION files in the chapter ‘Creating R
    packages’ of the ‘Writing R Extensions’ manual.
Flavors: r-devel-linux-x86_64-debian-clang, r-devel-linux-x86_64-debian-gcc, r-devel-linux-x86_64-fedora-clang, r-devel-linux-x86_64-fedora-gcc, r-devel-macosx-x86_64-clang, r-devel-macosx-x86_64-gcc, r-devel-windows-ix86+x86_64, r-patched-linux-x86_64, r-patched-solaris-sparc, r-patched-solaris-x86, r-release-linux-ix86, r-release-linux-x86_64, r-release-windows-ix86+x86_64, r-oldrel-windows-ix86+x86_64

Version: 0.4.1
Check: whether package can be installed
Result: WARNING
    Found the following significant warnings:
     kd_dump.cpp:444:1: warning: control reaches end of non-void function [-Wreturn-type]
    See ‘/home/hornik/tmp/R.check/r-devel-gcc/Work/PKGS/msr.Rcheck/00install.out’ for details.
Flavor: r-devel-linux-x86_64-debian-gcc

Version: 0.4.1
Check: whether package can be installed
Result: WARNING
    Found the following significant warnings:
     kd_dump.cpp:444:1: warning: control reaches end of non-void function [-Wreturn-type]
    See ‘/data/gannet/ripley/R/packages/tests-devel/msr.Rcheck/00install.out’ for details.
Flavor: r-devel-linux-x86_64-fedora-gcc

Version: 0.4.1
Check: whether package can be installed
Result: WARNING
    Found the following significant warnings:
     kd_dump.cpp:444:1: warning: control reaches end of non-void function [-Wreturn-type]
     kd_dump.cpp:444:1: warning: control reaches end of non-void function [-Wreturn-type]
    See 'd:/Rcompile/CRANpkg/local/3.2/msr.Rcheck/00install.out' for details.
Flavor: r-devel-windows-ix86+x86_64

Version: 0.4.1
Check: whether package can be installed
Result: WARNING
    Found the following significant warnings:
     kd_dump.cpp:444:1: warning: control reaches end of non-void function [-Wreturn-type]
    See ‘/home/hornik/tmp/R.check/r-patched-gcc/Work/PKGS/msr.Rcheck/00install.out’ for details.
Flavor: r-patched-linux-x86_64

Version: 0.4.1
Check: whether package can be installed
Result: WARNING
    Found the following significant warnings:
     kd_dump.cpp:444:1: warning: control reaches end of non-void function [-Wreturn-type]
    See ‘/home/hornik/tmp/R.check/r-release-gcc/Work/PKGS/msr.Rcheck/00install.out’ for details.
Flavors: r-release-linux-ix86, r-release-linux-x86_64

Version: 0.4.1
Check: dependencies in R code
Result: NOTE
    Packages in Depends field not imported from:
     ‘Matrix’ ‘RColorBrewer’ ‘class’ ‘colorspace’ ‘e1071’ ‘glmnet’ ‘rgl’
     ‘stats4’
     These packages need to be imported from for the case when
     this namespace is loaded but not attached.
    See the information on DESCRIPTION files in the chapter ‘Creating R
    packages’ of the ‘Writing R Extensions’ manual.
Flavor: r-release-macosx-x86_64

Version: 0.4.1
Check: whether package can be installed
Result: WARNING
    Found the following significant warnings:
     kd_dump.cpp:444:1: warning: control reaches end of non-void function [-Wreturn-type]
     kd_dump.cpp:444:1: warning: control reaches end of non-void function [-Wreturn-type]
    See 'd:/Rcompile/CRANpkg/local/3.1/msr.Rcheck/00install.out' for details.
Flavor: r-release-windows-ix86+x86_64