CRAN Package Check Results for Package mssm

Last updated on 2022-11-29 00:50:52 CET.

Flavor Version Tinstall Tcheck Ttotal Status Flags
r-devel-linux-x86_64-debian-clang 0.1.6 372.86 65.26 438.12 OK
r-devel-linux-x86_64-debian-gcc 0.1.6 305.39 48.80 354.19 OK
r-devel-linux-x86_64-fedora-clang 0.1.6 673.76 OK
r-devel-linux-x86_64-fedora-gcc 0.1.6 634.65 OK
r-devel-windows-x86_64 0.1.6 345.00 149.00 494.00 OK
r-patched-linux-x86_64 0.1.6 334.52 61.26 395.78 OK
r-release-linux-x86_64 0.1.6 315.73 60.85 376.58 OK
r-release-macos-arm64 0.1.6 128.00 NOTE
r-release-macos-x86_64 0.1.6 220.00 NOTE
r-release-windows-x86_64 0.1.6 353.00 152.00 505.00 OK
r-oldrel-macos-arm64 0.1.6 111.00 NOTE
r-oldrel-macos-x86_64 0.1.6 160.00 NOTE
r-oldrel-windows-ix86+x86_64 0.1.6 928.00 203.00 1131.00 NOTE

Check Details

Version: 0.1.6
Check: installed package size
Result: NOTE
     installed size is 18.1Mb
     sub-directories of 1Mb or more:
     help 1.0Mb
     libs 17.0Mb
Flavors: r-release-macos-arm64, r-release-macos-x86_64, r-oldrel-macos-arm64, r-oldrel-macos-x86_64, r-oldrel-windows-ix86+x86_64