CRAN Package Check Results for Package mssqlR

Last updated on 2019-10-16 19:46:27 CEST.

Flavor Version Tinstall Tcheck Ttotal Status Flags
r-devel-linux-x86_64-debian-clang 1.0.0 1.87 17.28 19.15 OK
r-devel-linux-x86_64-debian-gcc 1.0.0 1.61 14.44 16.05 OK
r-devel-linux-x86_64-fedora-clang 1.0.0 24.50 OK
r-devel-linux-x86_64-fedora-gcc 1.0.0 24.23 OK
r-devel-windows-ix86+x86_64 1.0.0 10.00 31.00 41.00 OK
r-patched-linux-x86_64 1.0.0 1.56 17.47 19.03 OK
r-patched-solaris-x86 1.0.0 38.60 OK
r-release-linux-x86_64 1.0.0 1.48 17.30 18.78 OK
r-release-windows-ix86+x86_64 1.0.0 5.00 42.00 47.00 OK
r-release-osx-x86_64 1.0.0 ERROR
r-oldrel-windows-ix86+x86_64 1.0.0 3.00 28.00 31.00 OK
r-oldrel-osx-x86_64 1.0.0 ERROR

Check Details

Version: 1.0.0
Check: examples
Result: ERROR
    Running examples in ‘mssqlR-Ex.R’ failed
Flavors: r-release-osx-x86_64, r-oldrel-osx-x86_64