Last updated on 2022-08-13 23:51:50 CEST.
Flavor | Version | Tinstall | Tcheck | Ttotal | Status | Flags |
---|---|---|---|---|---|---|
r-devel-linux-x86_64-debian-clang | 0.3.2 | 14.78 | 183.98 | 198.76 | NOTE | |
r-devel-linux-x86_64-debian-gcc | 0.3.2 | 14.10 | 132.01 | 146.11 | NOTE | |
r-devel-linux-x86_64-fedora-clang | 0.3.2 | 130.84 | OK | |||
r-devel-linux-x86_64-fedora-gcc | 0.3.2 | 263.99 | OK | |||
r-devel-windows-x86_64 | 0.3.2 | 40.00 | 221.00 | 261.00 | OK | |
r-patched-linux-x86_64 | 0.3.2 | 19.34 | 166.75 | 186.09 | OK | |
r-release-linux-x86_64 | 0.3.2 | 18.74 | 169.65 | 188.39 | OK | |
r-release-macos-arm64 | 0.3.2 | 69.00 | OK | |||
r-release-macos-x86_64 | 0.3.2 | 100.00 | OK | |||
r-release-windows-x86_64 | 0.3.2 | 54.00 | 230.00 | 284.00 | OK | |
r-oldrel-macos-arm64 | 0.3.2 | 70.00 | OK | |||
r-oldrel-macos-x86_64 | 0.3.2 | 104.00 | OK | |||
r-oldrel-windows-ix86+x86_64 | 0.3.2 | 37.00 | 250.00 | 287.00 | OK |
Version: 0.3.2
Check: package dependencies
Result: NOTE
Package suggested but not available for checking: 'relsurv'
Flavors: r-devel-linux-x86_64-debian-clang, r-devel-linux-x86_64-debian-gcc