CRAN Package Check Results for Package mstate

Last updated on 2015-05-23 11:51:26.

Flavor Version Tinstall Tcheck Ttotal Status Flags
r-devel-linux-x86_64-debian-clang 0.2.7 1.31 54.43 55.74 NOTE
r-devel-linux-x86_64-debian-gcc 0.2.7 1.30 55.28 56.57 NOTE
r-devel-linux-x86_64-fedora-clang 0.2.7 112.89 NOTE
r-devel-linux-x86_64-fedora-gcc 0.2.7 108.65 NOTE
r-devel-osx-x86_64-clang 0.2.7 99.91 NOTE
r-devel-windows-ix86+x86_64 0.2.7 9.00 88.00 97.00 NOTE
r-patched-linux-x86_64 0.2.7 1.34 54.36 55.70 NOTE
r-patched-solaris-sparc 0.2.7 700.20 NOTE
r-patched-solaris-x86 0.2.7 129.00 NOTE
r-release-linux-x86_64 0.2.7 1.38 55.94 57.33 NOTE
r-release-osx-x86_64-mavericks 0.2.7 NOTE
r-release-osx-x86_64-snowleopard 0.2.7 NOTE
r-release-windows-ix86+x86_64 0.2.7 5.00 118.00 123.00 NOTE
r-oldrel-windows-ix86+x86_64 0.2.7 9.00 106.00 115.00 OK

Check Details

Version: 0.2.7
Check: DESCRIPTION meta-information
Result: NOTE
    Malformed Description field: should contain one or more complete sentences.
Flavors: r-devel-linux-x86_64-debian-clang, r-devel-linux-x86_64-debian-gcc, r-devel-linux-x86_64-fedora-clang, r-devel-linux-x86_64-fedora-gcc, r-devel-osx-x86_64-clang, r-devel-windows-ix86+x86_64, r-patched-linux-x86_64, r-patched-solaris-sparc, r-patched-solaris-x86, r-release-linux-x86_64, r-release-osx-x86_64-mavericks, r-release-osx-x86_64-snowleopard, r-release-windows-ix86+x86_64