CRAN Package Check Results for Package mstate

Last updated on 2014-04-17 10:47:52.

Flavor Version Tinstall Tcheck Ttotal Status Flags
r-devel-linux-x86_64-debian-clang 0.2.6 1.36 174.79 176.15 NOTE
r-devel-linux-x86_64-debian-gcc 0.2.6 1.34 184.77 186.12 NOTE
r-devel-linux-x86_64-fedora-clang 0.2.6 394.79 NOTE
r-devel-linux-x86_64-fedora-gcc 0.2.6 390.83 NOTE
r-devel-macosx-x86_64-clang 0.2.6 291.20 NOTE
r-devel-macosx-x86_64-gcc 0.2.6 NOTE
r-devel-windows-ix86+x86_64 0.2.6 5.00 472.00 477.00 NOTE
r-patched-linux-x86_64 0.2.6 1.37 177.20 178.57 NOTE
r-patched-solaris-sparc 0.2.6 2043.10 NOTE
r-patched-solaris-x86 0.2.6 391.00 NOTE
r-release-linux-ix86 0.2.6 3.00 282.00 285.00 NOTE
r-release-linux-x86_64 0.2.6 1.43 177.82 179.24 NOTE
r-release-windows-ix86+x86_64 0.2.6 12.00 629.00 641.00 NOTE
r-oldrel-windows-ix86+x86_64 0.2.6 6.00 584.00 590.00 NOTE

Check Details

Version: 0.2.6
Check: DESCRIPTION meta-information
Result: NOTE
    Package listed in more than one of Depends, Imports, Suggests, Enhances:
     ‘survival’
    A package should be listed in only one of these fields.
Flavors: r-devel-linux-x86_64-debian-clang, r-devel-linux-x86_64-debian-gcc, r-devel-linux-x86_64-fedora-clang, r-devel-linux-x86_64-fedora-gcc, r-devel-macosx-x86_64-clang, r-devel-macosx-x86_64-gcc, r-devel-windows-ix86+x86_64, r-patched-linux-x86_64, r-patched-solaris-sparc, r-patched-solaris-x86, r-release-linux-ix86, r-release-linux-x86_64, r-release-windows-ix86+x86_64, r-oldrel-windows-ix86+x86_64

Version: 0.2.6
Check: dependencies in R code
Result: NOTE
    Package in Depends field not imported from: ‘survival’
     These packages need to be imported from (in the NAMESPACE file)
     for when this namespace is loaded but not attached.
    Unexported object imported by a ':::' call: ‘survival:::coxph.getdata’
     See the note in ?`:::` about the use of this operator.
    See the information on DESCRIPTION files in the chapter ‘Creating R
    packages’ of the ‘Writing R Extensions’ manual.
Flavors: r-devel-linux-x86_64-debian-clang, r-devel-linux-x86_64-debian-gcc, r-devel-linux-x86_64-fedora-clang, r-devel-linux-x86_64-fedora-gcc, r-devel-macosx-x86_64-clang, r-devel-macosx-x86_64-gcc, r-devel-windows-ix86+x86_64, r-patched-linux-x86_64, r-patched-solaris-sparc, r-patched-solaris-x86, r-release-linux-ix86, r-release-linux-x86_64, r-release-windows-ix86+x86_64, r-oldrel-windows-ix86+x86_64

Version: 0.2.6
Check: installed files from ‘inst/doc’
Result: NOTE
    The following files should probably not be installed:
     ‘agsm.bst’
    
    Consider the use of a .Rinstignore file: see ‘Writing R Extensions’,
    or move the vignette sources from ‘inst/doc’ to ‘vignettes’.
Flavors: r-devel-linux-x86_64-debian-clang, r-devel-linux-x86_64-debian-gcc, r-devel-linux-x86_64-fedora-clang, r-devel-linux-x86_64-fedora-gcc, r-devel-macosx-x86_64-clang, r-devel-macosx-x86_64-gcc, r-devel-windows-ix86+x86_64, r-patched-linux-x86_64, r-patched-solaris-sparc, r-patched-solaris-x86, r-release-linux-ix86, r-release-linux-x86_64, r-release-windows-ix86+x86_64, r-oldrel-windows-ix86+x86_64

Version: 0.2.6
Check: for old-style vignette sources
Result: NOTE
    Vignette sources only in ‘inst/doc’:
     ‘Tutorial.Rnw’
    A ‘vignettes’ directory is required as from R 3.1.0
    and these will not be indexed nor checked
Flavors: r-devel-linux-x86_64-debian-clang, r-devel-linux-x86_64-debian-gcc, r-devel-linux-x86_64-fedora-clang, r-devel-linux-x86_64-fedora-gcc, r-devel-macosx-x86_64-clang, r-devel-macosx-x86_64-gcc, r-patched-linux-x86_64, r-patched-solaris-sparc, r-patched-solaris-x86, r-release-linux-ix86, r-release-linux-x86_64

Version: 0.2.6
Check: top-level files
Result: NOTE
    Non-standard file/directory found at top level:
     ‘Changelog.txt’
Flavors: r-devel-linux-x86_64-fedora-clang, r-devel-linux-x86_64-fedora-gcc

Version: 0.2.6
Check: Rd line widths
Result: NOTE
    Rd file 'crprep.Rd':
     \usage lines wider than 90 characters:
     crprep(Tstop, status, data, trans = 1, cens = 0, Tstart=0, id, keep, shorten = TRUE, rm.na = TRUE, origin = 0, prec.factor = 100)
     \examples lines wider than 100 characters:
     plot(ci$time,ci$CI.1,type="s",lwd=3,col="black",ylim=c(0,0.5),xlab="Time",ylab="Cumulative incidence")
    
    Rd file 'redrank.Rd':
     \examples lines wider than 100 characters:
     rr2 <- redrank(Surv(Tstart,Tstop,status) ~ dissub+match+tcd+year+age, data=ebmtlongsub, R=2, eps=0.001)
    
    These lines will be truncated in the PDF manual.
Flavors: r-devel-linux-x86_64-fedora-clang, r-devel-linux-x86_64-fedora-gcc

Version: 0.2.6
Check: for old-style vignette sources
Result: NOTE
    Vignette sources only in 'inst/doc':
     'Tutorial.Rnw'
    A 'vignettes' directory is required as from R 3.1.0
    and these will not be indexed nor checked
    * checking examples ...
Flavors: r-devel-windows-ix86+x86_64, r-release-windows-ix86+x86_64

Version: 0.2.6
Check: for old-style vignette sources
Result: NOTE
    Vignette sources only in 'inst/doc':
     'Tutorial.Rnw'
    A 'vignettes' directory will be required as from R 3.1.0
    * checking examples ...
Flavor: r-oldrel-windows-ix86+x86_64