CRAN Package Check Results for Package mstate

Last updated on 2017-01-16 10:47:57.

Flavor Version Tinstall Tcheck Ttotal Status Flags
r-devel-linux-x86_64-debian-clang 0.2.10 3.24 61.53 64.77 OK
r-devel-linux-x86_64-debian-gcc 0.2.10 3.34 60.25 63.59 OK
r-devel-linux-x86_64-fedora-clang 0.2.10 138.00 OK --no-stop-on-test-error
r-devel-linux-x86_64-fedora-gcc 0.2.10 131.44 NOTE --no-stop-on-test-error
r-devel-macos-x86_64-clang 0.2.10 101.70 OK --no-stop-on-test-error
r-devel-windows-ix86+x86_64 0.2.10 15.00 134.00 149.00 OK
r-patched-linux-x86_64 0.2.10 3.11 54.62 57.74 OK
r-patched-solaris-sparc 0.2.10 735.50 OK
r-patched-solaris-x86 0.2.10 156.40 OK
r-release-linux-x86_64 0.2.10 3.19 56.01 59.20 OK
r-release-osx-x86_64-mavericks 0.2.10 OK
r-release-windows-ix86+x86_64 0.2.10 14.00 123.00 137.00 OK
r-oldrel-windows-ix86+x86_64 0.2.10 11.00 179.00 190.00 OK

Check Details

Version: 0.2.10
Flags: --no-stop-on-test-error
Check: compiled code
Result: NOTE
    File ‘mstate/libs/mstate.so’:
     Found no calls to: ‘R_registerRoutines’, ‘R_useDynamicSymbols’
    
    It is good practice to use registered native symbols and disable symbol
    search.
    
    See ‘Writing portable packages’ in the ‘Writing R Extensions’ manual.
Flavor: r-devel-linux-x86_64-fedora-gcc