CRAN Package Check Results for Package mstate

Last updated on 2015-08-03 03:47:49.

Flavor Version Tinstall Tcheck Ttotal Status Flags
r-devel-linux-x86_64-debian-clang 0.2.7 1.37 54.50 55.86 NOTE
r-devel-linux-x86_64-debian-gcc 0.2.7 1.32 61.91 63.23 NOTE
r-devel-linux-x86_64-fedora-clang 0.2.7 112.73 NOTE
r-devel-linux-x86_64-fedora-gcc 0.2.7 107.54 NOTE
r-devel-osx-x86_64-clang 0.2.7 92.85 NOTE
r-devel-windows-ix86+x86_64 0.2.7 7.00 99.00 106.00 NOTE
r-patched-linux-x86_64 0.2.7 1.35 54.96 56.31 NOTE
r-patched-solaris-sparc 0.2.7 719.70 NOTE
r-patched-solaris-x86 0.2.7 127.20 NOTE
r-release-linux-x86_64 0.2.7 1.41 52.10 53.51 NOTE
r-release-osx-x86_64-mavericks 0.2.7 NOTE
r-release-windows-ix86+x86_64 0.2.7 11.00 87.00 98.00 NOTE
r-oldrel-windows-ix86+x86_64 0.2.7 14.00 104.00 118.00 OK

Check Details

Version: 0.2.7
Check: DESCRIPTION meta-information
Result: NOTE
    Malformed Description field: should contain one or more complete sentences.
Flavors: r-devel-linux-x86_64-debian-clang, r-devel-linux-x86_64-debian-gcc, r-devel-linux-x86_64-fedora-clang, r-devel-linux-x86_64-fedora-gcc, r-devel-osx-x86_64-clang, r-devel-windows-ix86+x86_64, r-patched-linux-x86_64, r-patched-solaris-sparc, r-patched-solaris-x86, r-release-linux-x86_64, r-release-osx-x86_64-mavericks, r-release-windows-ix86+x86_64

Version: 0.2.7
Check: R code for possible problems
Result: NOTE
    ELOS: no visible binding for global variable ‘time’
    crprep : <anonymous>: no visible global function definition for ‘tail’
    crprep : <anonymous>: no visible global function definition for
     ‘approx’
    expand.covs: no visible global function definition for ‘as.formula’
    expand.covs: no visible global function definition for ‘model.matrix’
    fillplot: no visible global function definition for ‘polygon’
    msboot: no visible global function definition for ‘flush.console’
    msfit: no visible global function definition for ‘terms’
    msfit: no visible global function definition for ‘model.frame’
    msfit: no visible global function definition for ‘model.response’
    msfit: no visible global function definition for ‘model.matrix’
    msfit: no visible global function definition for ‘model.offset’
    msfit: no visible global function definition for ‘delete.response’
    mssample: no visible global function definition for ‘flush.console’
    plot.msfit: no visible global function definition for ‘plot’
    plot.msfit: no visible global function definition for ‘lines’
    plot.msfit: no visible global function definition for ‘title’
    plot.probtrans: no visible global function definition for ‘plot’
    plot.probtrans: no visible global function definition for ‘lines’
    plot.probtrans: no visible global function definition for ‘text’
    plot.probtrans: no visible global function definition for ‘par’
    plot.probtrans: no visible global function definition for ‘box’
    plot.probtrans: no visible global function definition for ‘title’
    redrank: no visible global function definition for ‘model.matrix’
    redrank: no visible global function definition for ‘rnorm’
    redrank: no visible global function definition for ‘flush.console’
    summary.msfit: no visible global function definition for ‘head’
    summary.msfit: no visible global function definition for ‘tail’
    summary.probtrans: no visible global function definition for ‘head’
    summary.probtrans: no visible global function definition for ‘tail’
    Undefined global functions or variables:
     approx as.formula box delete.response flush.console head lines
     model.frame model.matrix model.offset model.response par plot polygon
     rnorm tail terms text time title
    Consider adding
     importFrom("graphics", "box", "lines", "par", "plot", "polygon",
     "text", "title")
     importFrom("stats", "approx", "as.formula", "delete.response",
     "model.frame", "model.matrix", "model.offset",
     "model.response", "rnorm", "terms", "time")
     importFrom("utils", "flush.console", "head", "tail")
    to your NAMESPACE.
Flavors: r-devel-linux-x86_64-debian-clang, r-devel-linux-x86_64-debian-gcc, r-devel-linux-x86_64-fedora-clang, r-devel-linux-x86_64-fedora-gcc, r-devel-windows-ix86+x86_64