CRAN Package Check Results for Package mstate

Last updated on 2015-06-30 22:47:26.

Flavor Version Tinstall Tcheck Ttotal Status Flags
r-devel-linux-x86_64-debian-clang 0.2.7 1.28 53.42 54.70 NOTE
r-devel-linux-x86_64-debian-gcc 0.2.7 1.24 57.18 58.42 NOTE
r-devel-linux-x86_64-fedora-clang 0.2.7 108.92 NOTE
r-devel-linux-x86_64-fedora-gcc 0.2.7 103.00 NOTE
r-devel-osx-x86_64-clang 0.2.7 100.13 NOTE
r-devel-windows-ix86+x86_64 0.2.7 11.00 129.00 140.00 NOTE
r-patched-linux-x86_64 0.2.7 1.30 51.20 52.50 NOTE
r-patched-solaris-sparc 0.2.7 700.20 NOTE
r-patched-solaris-x86 0.2.7 127.00 NOTE
r-release-linux-x86_64 0.2.7 1.34 55.15 56.49 NOTE
r-release-osx-x86_64-mavericks 0.2.7 NOTE
r-release-windows-ix86+x86_64 0.2.7 8.00 92.00 100.00 NOTE
r-oldrel-windows-ix86+x86_64 0.2.7 8.00 108.00 116.00 OK

Check Details

Version: 0.2.7
Check: DESCRIPTION meta-information
Result: NOTE
    Malformed Description field: should contain one or more complete sentences.
Flavors: r-devel-linux-x86_64-debian-clang, r-devel-linux-x86_64-debian-gcc, r-devel-linux-x86_64-fedora-clang, r-devel-linux-x86_64-fedora-gcc, r-devel-osx-x86_64-clang, r-devel-windows-ix86+x86_64, r-patched-linux-x86_64, r-patched-solaris-sparc, r-patched-solaris-x86, r-release-linux-x86_64, r-release-osx-x86_64-mavericks, r-release-windows-ix86+x86_64

Version: 0.2.7
Check: R code for possible problems
Result: NOTE
    ELOS: no visible binding for global variable ‘time’
    crprep : <anonymous>: no visible global function definition for ‘tail’
    crprep : <anonymous>: no visible global function definition for
     ‘approx’
    expand.covs: no visible global function definition for ‘as.formula’
    expand.covs: no visible global function definition for ‘model.matrix’
    fillplot: no visible global function definition for ‘polygon’
    msboot: no visible global function definition for ‘flush.console’
    msfit: no visible global function definition for ‘terms’
    msfit: no visible global function definition for ‘model.frame’
    msfit: no visible global function definition for ‘model.response’
    msfit: no visible global function definition for ‘model.matrix’
    msfit: no visible global function definition for ‘model.offset’
    msfit: no visible global function definition for ‘delete.response’
    mssample: no visible global function definition for ‘flush.console’
    plot.msfit: no visible global function definition for ‘plot’
    plot.msfit: no visible global function definition for ‘lines’
    plot.msfit: no visible global function definition for ‘title’
    plot.probtrans: no visible global function definition for ‘plot’
    plot.probtrans: no visible global function definition for ‘lines’
    plot.probtrans: no visible global function definition for ‘text’
    plot.probtrans: no visible global function definition for ‘par’
    plot.probtrans: no visible global function definition for ‘box’
    plot.probtrans: no visible global function definition for ‘title’
    redrank: no visible global function definition for ‘model.matrix’
    redrank: no visible global function definition for ‘rnorm’
    redrank: no visible global function definition for ‘flush.console’
    summary.msfit: no visible global function definition for ‘head’
    summary.msfit: no visible global function definition for ‘tail’
    summary.probtrans: no visible global function definition for ‘head’
    summary.probtrans: no visible global function definition for ‘tail’
Flavors: r-devel-linux-x86_64-debian-clang, r-devel-linux-x86_64-debian-gcc, r-devel-linux-x86_64-fedora-clang, r-devel-linux-x86_64-fedora-gcc