CRAN Package Check Results for Package mstate

Last updated on 2014-12-22 09:54:20.

Flavor Version Tinstall Tcheck Ttotal Status Flags
r-devel-linux-x86_64-debian-clang 0.2.7 1.42 60.70 62.11 OK
r-devel-linux-x86_64-debian-gcc 0.2.7 1.38 55.82 57.21 OK
r-devel-linux-x86_64-fedora-clang 0.2.7 124.67 OK
r-devel-linux-x86_64-fedora-gcc 0.2.7 119.81 OK
r-devel-osx-x86_64-clang 0.2.7 111.31 OK
r-devel-windows-ix86+x86_64 0.2.7 12.00 140.00 152.00 OK
r-patched-linux-x86_64 0.2.7 1.44 63.22 64.66 OK
r-patched-solaris-sparc 0.2.7 742.10 OK
r-patched-solaris-x86 0.2.7 139.10 OK
r-release-linux-ix86 0.2.7 1.87 74.39 76.26 OK
r-release-linux-x86_64 0.2.7 1.50 66.24 67.75 OK
r-release-osx-x86_64-mavericks 0.2.7 NOTE
r-release-osx-x86_64-snowleopard 0.2.7 OK
r-release-windows-ix86+x86_64 0.2.7 7.00 102.00 109.00 OK
r-oldrel-windows-ix86+x86_64 0.2.7 8.00 92.00 100.00 OK

Check Details

Version: 0.2.7
Check: re-building of vignette outputs
Result: NOTE
    Error in re-building vignettes:
     ...
    Loading required package: survival
    Loading required package: splines
    Warning in coxph(Surv(time, status) ~ ccr5 * factor(trans) + strata(trans), :
     X matrix deemed to be singular; variable 2
    Error in texi2dvi(file = file, pdf = TRUE, clean = clean, quiet = quiet, :
     Running 'texi2dvi' on 'Tutorial.tex' failed.
    LaTeX errors:
    ! LaTeX Error: File `comment.sty' not found.
    
    Type X to quit or <RETURN> to proceed,
    or enter new name. (Default extension: sty)
    
    test/mstate/vignettes/Tutorial.tex:14: ==> Fatal error occurred, no output PDF
     file produced!
    Calls: buildVignettes -> texi2pdf -> texi2dvi
    Execution halted
Flavor: r-release-osx-x86_64-mavericks