CRAN Package Check Results for Package mstate

Last updated on 2014-08-21 03:48:21.

Flavor Version Tinstall Tcheck Ttotal Status Flags
r-devel-linux-x86_64-debian-clang 0.2.7 1.26 56.55 57.81 OK
r-devel-linux-x86_64-debian-gcc 0.2.7 1.33 56.70 58.03 OK
r-devel-linux-x86_64-fedora-clang 0.2.7 128.54 OK
r-devel-linux-x86_64-fedora-gcc 0.2.7 125.92 OK
r-devel-osx-x86_64-clang 0.2.7 101.41 OK
r-devel-windows-ix86+x86_64 0.2.7 6.00 95.00 101.00 OK
r-patched-linux-x86_64 0.2.7 1.43 60.79 62.22 OK
r-patched-solaris-sparc 0.2.7 734.50 OK
r-patched-solaris-x86 0.2.7 143.50 OK
r-release-linux-ix86 0.2.7 1.90 76.27 78.17 OK
r-release-linux-x86_64 0.2.7 1.49 60.88 62.37 OK
r-release-osx-x86_64-mavericks 0.2.7 NOTE
r-release-osx-x86_64-snowleopard 0.2.7 OK
r-release-windows-ix86+x86_64 0.2.7 8.00 108.00 116.00 OK
r-oldrel-windows-ix86+x86_64 0.2.7 7.00 94.00 101.00 OK

Check Details

Version: 0.2.7
Check: re-building of vignette outputs
Result: NOTE
    Error in re-building vignettes:
     ...
    Loading required package: survival
    Loading required package: splines
    Warning in coxph(Surv(time, status) ~ ccr5 * factor(trans) + strata(trans), :
     X matrix deemed to be singular; variable 2
    Error in texi2dvi(file = file, pdf = TRUE, clean = clean, quiet = quiet, :
     Running 'texi2dvi' on 'Tutorial.tex' failed.
    LaTeX errors:
    ! LaTeX Error: File `comment.sty' not found.
    
    Type X to quit or <RETURN> to proceed,
    or enter new name. (Default extension: sty)
    
    test/mstate/vignettes/Tutorial.tex:14: ==> Fatal error occurred, no output PDF
     file produced!
    Calls: buildVignettes -> texi2pdf -> texi2dvi
    Execution halted
Flavor: r-release-osx-x86_64-mavericks