CRAN Package Check Results for Package mstate

Last updated on 2017-02-22 22:50:44.

Flavor Version Tinstall Tcheck Ttotal Status Flags
r-devel-linux-x86_64-debian-clang 0.2.10 3.44 61.92 65.35 NOTE
r-devel-linux-x86_64-debian-gcc 0.2.10 3.40 60.30 63.70 NOTE
r-devel-linux-x86_64-fedora-clang 0.2.10 149.43 NOTE --no-stop-on-test-error
r-devel-linux-x86_64-fedora-gcc 0.2.10 135.19 NOTE --no-stop-on-test-error
r-devel-macos-x86_64-clang 0.2.10 103.55 NOTE --no-stop-on-test-error
r-devel-windows-ix86+x86_64 0.2.10 15.00 244.00 259.00 OK
r-patched-linux-x86_64 0.2.10 2.98 56.30 59.28 OK
r-patched-solaris-sparc 0.2.10 735.50 OK
r-patched-solaris-x86 0.2.10 157.10 OK
r-release-linux-x86_64 0.2.10 2.99 56.68 59.67 OK
r-release-osx-x86_64-mavericks 0.2.10 OK
r-release-windows-ix86+x86_64 0.2.10 20.00 168.00 188.00 OK
r-oldrel-windows-ix86+x86_64 0.2.10 15.00 193.00 208.00 OK

Check Details

Version: 0.2.10
Check: compiled code
Result: NOTE
    File ‘mstate/libs/mstate.so’:
     Found no calls to: ‘R_registerRoutines’, ‘R_useDynamicSymbols’
    
    It is good practice to register native routines and to disable symbol
    search.
    
    See ‘Writing portable packages’ in the ‘Writing R Extensions’ manual.
Flavors: r-devel-linux-x86_64-debian-clang, r-devel-linux-x86_64-debian-gcc

Version: 0.2.10
Flags: --no-stop-on-test-error
Check: compiled code
Result: NOTE
    File ‘mstate/libs/mstate.so’:
     Found no calls to: ‘R_registerRoutines’, ‘R_useDynamicSymbols’
    
    It is good practice to register native routines and to disable symbol
    search.
    
    See ‘Writing portable packages’ in the ‘Writing R Extensions’ manual.
Flavors: r-devel-linux-x86_64-fedora-clang, r-devel-linux-x86_64-fedora-gcc, r-devel-macos-x86_64-clang