CRAN Package Check Results for Package mstate

Last updated on 2017-08-22 04:46:59.

Flavor Version Tinstall Tcheck Ttotal Status Flags
r-devel-linux-x86_64-debian-clang 0.2.10 3.44 63.19 66.63 NOTE
r-devel-linux-x86_64-debian-gcc 0.2.10 3.38 59.72 63.11 NOTE
r-devel-linux-x86_64-fedora-clang 0.2.10 136.54 NOTE
r-devel-linux-x86_64-fedora-gcc 0.2.10 133.04 NOTE
r-devel-windows-ix86+x86_64 0.2.10 14.00 132.00 146.00 OK
r-patched-linux-x86_64 0.2.10 3.24 60.93 64.17 NOTE
r-patched-solaris-x86 0.2.10 181.40 OK
r-release-linux-x86_64 0.2.10 3.28 61.53 64.81 NOTE
r-release-windows-ix86+x86_64 0.2.10 9.00 176.00 185.00 OK
r-release-osx-x86_64 0.2.10 NOTE
r-oldrel-windows-ix86+x86_64 0.2.10 9.00 115.00 124.00 OK
r-oldrel-osx-x86_64 0.2.10 OK

Check Details

Version: 0.2.10
Check: compiled code
Result: NOTE
    File ‘mstate/libs/mstate.so’:
     Found no calls to: ‘R_registerRoutines’, ‘R_useDynamicSymbols’
    
    It is good practice to register native routines and to disable symbol
    search.
    
    See ‘Writing portable packages’ in the ‘Writing R Extensions’ manual.
Flavors: r-devel-linux-x86_64-debian-clang, r-devel-linux-x86_64-debian-gcc, r-devel-linux-x86_64-fedora-clang, r-devel-linux-x86_64-fedora-gcc, r-patched-linux-x86_64, r-release-linux-x86_64

Version: 0.2.10
Check: re-building of vignette outputs
Result: NOTE
    Error in re-building vignettes:
     ...
    Loading required package: survival
    Warning in coxph(Surv(time, status) ~ ccr5 * factor(trans) + strata(trans), :
     X matrix deemed to be singular; variable 2
    Error in texi2dvi(file = file, pdf = TRUE, clean = clean, quiet = quiet, :
     Running 'texi2dvi' on 'Tutorial.tex' failed.
    LaTeX errors:
    ! LaTeX Error: File `comment.sty' not found.
    
    Type X to quit or <RETURN> to proceed,
    or enter new name. (Default extension: sty)
    
    ! Emergency stop.
    <read *>
    
    l.14 \usepackage
     {fullpage}^^M
    ! ==> Fatal error occurred, no output PDF file produced!
    Calls: buildVignettes -> texi2pdf -> texi2dvi
    Execution halted
Flavor: r-release-osx-x86_64