CRAN Package Check Results for Package mstate

Last updated on 2014-11-24 23:47:09.

Flavor Version Tinstall Tcheck Ttotal Status Flags
r-devel-linux-x86_64-debian-clang 0.2.7 1.58 59.83 61.42 OK
r-devel-linux-x86_64-debian-gcc 0.2.7 1.45 59.06 60.51 OK
r-devel-linux-x86_64-fedora-clang 0.2.7 124.32 OK
r-devel-linux-x86_64-fedora-gcc 0.2.7 120.22 OK
r-devel-osx-x86_64-clang 0.2.7 110.61 OK
r-devel-windows-ix86+x86_64 0.2.7 8.00 91.00 99.00 OK
r-patched-linux-x86_64 0.2.7 1.44 63.91 65.35 OK
r-patched-solaris-sparc 0.2.7 734.50 OK
r-patched-solaris-x86 0.2.7 138.80 OK
r-release-linux-ix86 0.2.7 2.04 74.19 76.23 OK
r-release-linux-x86_64 0.2.7 1.63 66.49 68.12 OK
r-release-osx-x86_64-mavericks 0.2.7 NOTE
r-release-osx-x86_64-snowleopard 0.2.7 OK
r-release-windows-ix86+x86_64 0.2.7 7.00 106.00 113.00 OK
r-oldrel-windows-ix86+x86_64 0.2.7 7.00 94.00 101.00 OK

Check Details

Version: 0.2.7
Check: re-building of vignette outputs
Result: NOTE
    Error in re-building vignettes:
     ...
    Loading required package: survival
    Loading required package: splines
    Warning in coxph(Surv(time, status) ~ ccr5 * factor(trans) + strata(trans), :
     X matrix deemed to be singular; variable 2
    Error in texi2dvi(file = file, pdf = TRUE, clean = clean, quiet = quiet, :
     Running 'texi2dvi' on 'Tutorial.tex' failed.
    LaTeX errors:
    ! LaTeX Error: File `comment.sty' not found.
    
    Type X to quit or <RETURN> to proceed,
    or enter new name. (Default extension: sty)
    
    test/mstate/vignettes/Tutorial.tex:14: ==> Fatal error occurred, no output PDF
     file produced!
    Calls: buildVignettes -> texi2pdf -> texi2dvi
    Execution halted
Flavor: r-release-osx-x86_64-mavericks