CRAN Package Check Results for Package mstate

Last updated on 2015-03-28 14:48:55.

Flavor Version Tinstall Tcheck Ttotal Status Flags
r-devel-linux-x86_64-debian-clang 0.2.7 1.44 52.96 54.40 NOTE
r-devel-linux-x86_64-debian-gcc 0.2.7 1.28 51.54 52.82 NOTE
r-devel-linux-x86_64-fedora-clang 0.2.7 114.50 NOTE
r-devel-linux-x86_64-fedora-gcc 0.2.7 103.86 NOTE
r-devel-osx-x86_64-clang 0.2.7 109.73 NOTE
r-prerel-windows-ix86+x86_64 0.2.7 6.00 95.00 101.00 NOTE
r-prerel-linux-x86_64 0.2.7 1.39 52.37 53.76 NOTE
r-prerel-solaris-sparc 0.2.7 697.00 NOTE
r-prerel-solaris-x86 0.2.7 124.60 NOTE
r-release-linux-x86_64 0.2.7 1.58 63.33 64.91 OK
r-release-osx-x86_64-mavericks 0.2.7 OK
r-release-osx-x86_64-snowleopard 0.2.7 OK
r-release-windows-ix86+x86_64 0.2.7 9.00 106.00 115.00 OK
r-oldrel-windows-ix86+x86_64 0.2.7 9.00 88.00 97.00 OK

Check Details

Version: 0.2.7
Check: DESCRIPTION meta-information
Result: NOTE
    Malformed Description field: should contain one or more complete sentences.
Flavors: r-devel-linux-x86_64-debian-clang, r-devel-linux-x86_64-debian-gcc, r-devel-linux-x86_64-fedora-clang, r-devel-linux-x86_64-fedora-gcc, r-devel-osx-x86_64-clang, r-prerel-windows-ix86+x86_64, r-prerel-linux-x86_64, r-prerel-solaris-sparc, r-prerel-solaris-x86