CRAN Package Check Results for Package mstate

Last updated on 2017-03-27 05:48:01.

Flavor Version Tinstall Tcheck Ttotal Status Flags
r-devel-linux-x86_64-debian-clang 0.2.10 3.18 63.02 66.19 NOTE
r-devel-linux-x86_64-debian-gcc 0.2.10 3.16 61.17 64.33 NOTE
r-devel-linux-x86_64-fedora-clang 0.2.10 138.90 NOTE --no-stop-on-test-error
r-devel-linux-x86_64-fedora-gcc 0.2.10 134.52 NOTE --no-stop-on-test-error
r-devel-macos-x86_64-clang 0.2.10 102.78 NOTE --no-stop-on-test-error
r-devel-windows-ix86+x86_64 0.2.10 11.00 172.00 183.00 OK
r-patched-linux-x86_64 0.2.10 3.34 60.86 64.20 NOTE
r-patched-solaris-sparc 0.2.10 820.30 OK
r-patched-solaris-x86 0.2.10 179.10 OK
r-release-linux-x86_64 0.2.10 3.18 56.89 60.08 OK
r-release-osx-x86_64-mavericks 0.2.10 OK
r-release-windows-ix86+x86_64 0.2.10 12.00 123.00 135.00 OK
r-oldrel-windows-ix86+x86_64 0.2.10 11.00 140.00 151.00 OK

Check Details

Version: 0.2.10
Check: compiled code
Result: NOTE
    File ‘mstate/libs/mstate.so’:
     Found no calls to: ‘R_registerRoutines’, ‘R_useDynamicSymbols’
    
    It is good practice to register native routines and to disable symbol
    search.
    
    See ‘Writing portable packages’ in the ‘Writing R Extensions’ manual.
Flavors: r-devel-linux-x86_64-debian-clang, r-devel-linux-x86_64-debian-gcc, r-patched-linux-x86_64

Version: 0.2.10
Flags: --no-stop-on-test-error
Check: compiled code
Result: NOTE
    File ‘mstate/libs/mstate.so’:
     Found no calls to: ‘R_registerRoutines’, ‘R_useDynamicSymbols’
    
    It is good practice to register native routines and to disable symbol
    search.
    
    See ‘Writing portable packages’ in the ‘Writing R Extensions’ manual.
Flavors: r-devel-linux-x86_64-fedora-clang, r-devel-linux-x86_64-fedora-gcc, r-devel-macos-x86_64-clang