CRAN Package Check Results for Package mtsdi

Last updated on 2014-08-21 11:15:09.

Flavor Version Tinstall Tcheck Ttotal Status Flags
r-devel-linux-x86_64-debian-clang 0.3.3 0.68 13.18 13.86 NOTE
r-devel-linux-x86_64-debian-gcc 0.3.3 0.66 13.44 14.10 NOTE
r-devel-linux-x86_64-fedora-clang 0.3.3 28.12 NOTE
r-devel-linux-x86_64-fedora-gcc 0.3.3 27.66 NOTE
r-devel-osx-x86_64-clang 0.3.3 29.44 NOTE
r-devel-windows-ix86+x86_64 0.3.3 2.00 23.00 25.00 NOTE
r-patched-linux-x86_64 0.3.3 0.69 13.83 14.52 NOTE
r-patched-solaris-sparc 0.3.3 179.40 NOTE
r-patched-solaris-x86 0.3.3 40.40 NOTE
r-release-linux-ix86 0.3.3 1.06 20.75 21.81 NOTE
r-release-linux-x86_64 0.3.3 0.72 14.36 15.09 NOTE
r-release-osx-x86_64-mavericks 0.3.3 NOTE
r-release-osx-x86_64-snowleopard 0.3.3 NOTE
r-release-windows-ix86+x86_64 0.3.3 3.00 23.00 26.00 NOTE
r-oldrel-windows-ix86+x86_64 0.3.3 3.00 24.00 27.00 NOTE

Check Details

Version: 0.3.3
Check: dependencies in R code
Result: NOTE
    ':::' call which should be '::': ‘utils:::packageDescription’
     See the note in ?`:::` about the use of this operator.
    See the information on DESCRIPTION files in the chapter ‘Creating R
    packages’ of the ‘Writing R Extensions’ manual.
Flavors: r-devel-linux-x86_64-debian-clang, r-devel-linux-x86_64-debian-gcc, r-devel-linux-x86_64-fedora-clang, r-devel-linux-x86_64-fedora-gcc, r-devel-osx-x86_64-clang, r-devel-windows-ix86+x86_64, r-patched-linux-x86_64, r-patched-solaris-sparc, r-patched-solaris-x86, r-release-linux-ix86, r-release-linux-x86_64, r-release-osx-x86_64-mavericks, r-release-osx-x86_64-snowleopard, r-release-windows-ix86+x86_64, r-oldrel-windows-ix86+x86_64

Version: 0.3.3
Check: R code for possible problems
Result: NOTE
    File ‘mtsdi/R/zzz.R’:
     .onLoad calls:
     packageStartupMessage(paste("This is 'mtsdi' library", ver, sep = " "))
    
    See section ‘Good practice’ in '?.onAttach'.
Flavors: r-devel-linux-x86_64-debian-clang, r-devel-linux-x86_64-debian-gcc, r-devel-linux-x86_64-fedora-clang, r-devel-linux-x86_64-fedora-gcc, r-devel-osx-x86_64-clang, r-devel-windows-ix86+x86_64, r-patched-linux-x86_64, r-patched-solaris-sparc, r-patched-solaris-x86, r-release-linux-ix86, r-release-linux-x86_64, r-release-osx-x86_64-mavericks, r-release-osx-x86_64-snowleopard, r-release-windows-ix86+x86_64, r-oldrel-windows-ix86+x86_64

Version: 0.3.3
Check: top-level files
Result: NOTE
    Non-standard file/directory found at top level:
     ‘gnugpl2.txt’
Flavors: r-devel-linux-x86_64-fedora-clang, r-devel-linux-x86_64-fedora-gcc