CRAN Package Check Results for Package mtsdi

Last updated on 2014-10-22 13:48:43.

Flavor Version Tinstall Tcheck Ttotal Status Flags
r-devel-linux-x86_64-debian-clang 0.3.3 0.71 14.43 15.14 NOTE
r-devel-linux-x86_64-debian-gcc 0.3.3 0.72 14.29 15.02 NOTE
r-devel-linux-x86_64-fedora-clang 0.3.3 29.77 NOTE
r-devel-linux-x86_64-fedora-gcc 0.3.3 28.45 NOTE
r-devel-osx-x86_64-clang 0.3.3 32.84 NOTE
r-devel-windows-ix86+x86_64 0.3.3 3.00 23.00 26.00 NOTE
r-patched-linux-x86_64 0.3.3 0.73 14.83 15.56 NOTE
r-patched-solaris-sparc 0.3.3 200.20 NOTE
r-patched-solaris-x86 0.3.3 42.70 NOTE
r-release-linux-ix86 0.3.3 1.07 20.80 21.87 NOTE
r-release-linux-x86_64 0.3.3 0.72 14.38 15.10 NOTE
r-release-osx-x86_64-mavericks 0.3.3 NOTE
r-release-osx-x86_64-snowleopard 0.3.3 NOTE
r-release-windows-ix86+x86_64 0.3.3 2.00 24.00 26.00 NOTE
r-oldrel-windows-ix86+x86_64 0.3.3 3.00 23.00 26.00 NOTE

Check Details

Version: 0.3.3
Check: top-level files
Result: NOTE
    Non-standard file/directory found at top level:
     ‘gnugpl2.txt’
Flavors: r-devel-linux-x86_64-debian-clang, r-devel-linux-x86_64-debian-gcc, r-devel-linux-x86_64-fedora-clang, r-devel-linux-x86_64-fedora-gcc, r-patched-linux-x86_64, r-release-linux-x86_64

Version: 0.3.3
Check: dependencies in R code
Result: NOTE
    ':::' call which should be '::': ‘utils:::packageDescription’
     See the note in ?`:::` about the use of this operator.
    See the information on DESCRIPTION files in the chapter ‘Creating R
    packages’ of the ‘Writing R Extensions’ manual.
Flavors: r-devel-linux-x86_64-debian-clang, r-devel-linux-x86_64-debian-gcc, r-devel-linux-x86_64-fedora-clang, r-devel-linux-x86_64-fedora-gcc, r-devel-osx-x86_64-clang, r-devel-windows-ix86+x86_64, r-patched-linux-x86_64, r-patched-solaris-sparc, r-patched-solaris-x86, r-release-linux-ix86, r-release-linux-x86_64, r-release-osx-x86_64-mavericks, r-release-osx-x86_64-snowleopard, r-release-windows-ix86+x86_64, r-oldrel-windows-ix86+x86_64

Version: 0.3.3
Check: R code for possible problems
Result: NOTE
    File ‘mtsdi/R/zzz.R’:
     .onLoad calls:
     packageStartupMessage(paste("This is 'mtsdi' library", ver, sep = " "))
    
    See section ‘Good practice’ in '?.onAttach'.
Flavors: r-devel-linux-x86_64-debian-clang, r-devel-linux-x86_64-debian-gcc, r-devel-linux-x86_64-fedora-clang, r-devel-linux-x86_64-fedora-gcc, r-devel-osx-x86_64-clang, r-devel-windows-ix86+x86_64, r-patched-linux-x86_64, r-patched-solaris-sparc, r-patched-solaris-x86, r-release-linux-ix86, r-release-linux-x86_64, r-release-osx-x86_64-mavericks, r-release-osx-x86_64-snowleopard, r-release-windows-ix86+x86_64, r-oldrel-windows-ix86+x86_64