CRAN Package Check Results for Package mtsdi

Last updated on 2015-05-27 03:48:16.

Flavor Version Tinstall Tcheck Ttotal Status Flags
r-devel-linux-x86_64-debian-clang 0.3.3 0.74 14.12 14.86 NOTE
r-devel-linux-x86_64-debian-gcc 0.3.3 0.81 13.63 14.44 NOTE
r-devel-linux-x86_64-fedora-clang 0.3.3 28.69 NOTE
r-devel-linux-x86_64-fedora-gcc 0.3.3 26.81 NOTE
r-devel-osx-x86_64-clang 0.3.3 29.65 NOTE
r-devel-windows-ix86+x86_64 0.3.3 3.00 23.00 26.00 NOTE
r-patched-linux-x86_64 0.3.3 0.68 14.28 14.97 NOTE
r-patched-solaris-sparc 0.3.3 157.30 NOTE
r-patched-solaris-x86 0.3.3 40.90 NOTE
r-release-linux-x86_64 0.3.3 0.69 14.20 14.90 NOTE
r-release-osx-x86_64-mavericks 0.3.3 NOTE
r-release-osx-x86_64-snowleopard 0.3.3 NOTE
r-release-windows-ix86+x86_64 0.3.3 2.00 23.00 25.00 NOTE
r-oldrel-windows-ix86+x86_64 0.3.3 4.00 47.00 51.00 NOTE

Check Details

Version: 0.3.3
Check: top-level files
Result: NOTE
    Non-standard file/directory found at top level:
     ‘gnugpl2.txt’
Flavors: r-devel-linux-x86_64-debian-clang, r-devel-linux-x86_64-debian-gcc, r-devel-linux-x86_64-fedora-clang, r-devel-linux-x86_64-fedora-gcc, r-patched-linux-x86_64, r-release-linux-x86_64

Version: 0.3.3
Check: dependencies in R code
Result: NOTE
    ':::' call which should be '::': ‘utils:::packageDescription’
     See the note in ?`:::` about the use of this operator.
Flavors: r-devel-linux-x86_64-debian-clang, r-devel-linux-x86_64-debian-gcc, r-devel-linux-x86_64-fedora-clang, r-devel-linux-x86_64-fedora-gcc, r-devel-osx-x86_64-clang, r-devel-windows-ix86+x86_64, r-patched-linux-x86_64, r-patched-solaris-sparc, r-patched-solaris-x86, r-release-linux-x86_64, r-release-osx-x86_64-mavericks, r-release-osx-x86_64-snowleopard, r-release-windows-ix86+x86_64, r-oldrel-windows-ix86+x86_64

Version: 0.3.3
Check: S3 generic/method consistency
Result: NOTE
    Found the following apparent S3 methods exported but not registered:
     plot.mtsdi predict.mtsdi print.mtsdi print.summary.mtsdi
     summary.mtsdi
    See section ‘Registering S3 methods’ in the ‘Writing R Extensions’
    manual.
Flavors: r-devel-linux-x86_64-debian-clang, r-devel-linux-x86_64-debian-gcc, r-devel-linux-x86_64-fedora-clang, r-devel-linux-x86_64-fedora-gcc, r-devel-osx-x86_64-clang, r-patched-linux-x86_64, r-patched-solaris-sparc, r-patched-solaris-x86, r-release-linux-x86_64

Version: 0.3.3
Check: R code for possible problems
Result: NOTE
    File ‘mtsdi/R/zzz.R’:
     .onLoad calls:
     packageStartupMessage(paste("This is 'mtsdi' library", ver, sep = " "))
    
    See section ‘Good practice’ in '?.onAttach'.
Flavors: r-devel-linux-x86_64-debian-clang, r-devel-linux-x86_64-debian-gcc, r-devel-linux-x86_64-fedora-clang, r-devel-linux-x86_64-fedora-gcc, r-devel-osx-x86_64-clang, r-devel-windows-ix86+x86_64, r-patched-linux-x86_64, r-patched-solaris-sparc, r-patched-solaris-x86, r-release-linux-x86_64, r-release-osx-x86_64-mavericks, r-release-osx-x86_64-snowleopard, r-release-windows-ix86+x86_64, r-oldrel-windows-ix86+x86_64