CRAN Package Check Results for Package mtsdi

Last updated on 2015-09-01 16:49:32.

Flavor Version Tinstall Tcheck Ttotal Status Flags
r-devel-linux-x86_64-debian-clang 0.3.3 0.61 13.10 13.72 NOTE
r-devel-linux-x86_64-debian-gcc 0.3.3 0.62 12.83 13.45 NOTE
r-devel-linux-x86_64-fedora-clang 0.3.3 27.12 NOTE
r-devel-linux-x86_64-fedora-gcc 0.3.3 24.52 NOTE
r-devel-osx-x86_64-clang 0.3.3 25.37 NOTE
r-devel-windows-ix86+x86_64 0.3.3 7.00 30.00 37.00 NOTE
r-patched-linux-x86_64 0.3.3 0.68 14.72 15.40 NOTE
r-patched-solaris-sparc 0.3.3 167.90 NOTE
r-patched-solaris-x86 0.3.3 40.10 NOTE
r-release-linux-x86_64 0.3.3 0.68 14.04 14.72 NOTE
r-release-osx-x86_64-mavericks 0.3.3 NOTE
r-release-windows-ix86+x86_64 0.3.3 3.00 28.00 31.00 NOTE
r-oldrel-windows-ix86+x86_64 0.3.3 7.00 31.00 38.00 NOTE

Check Details

Version: 0.3.3
Check: top-level files
Result: NOTE
    Non-standard file/directory found at top level:
     ‘gnugpl2.txt’
Flavors: r-devel-linux-x86_64-debian-clang, r-devel-linux-x86_64-debian-gcc, r-devel-linux-x86_64-fedora-clang, r-devel-linux-x86_64-fedora-gcc, r-patched-linux-x86_64, r-release-linux-x86_64

Version: 0.3.3
Check: dependencies in R code
Result: NOTE
    ':::' call which should be '::': ‘utils:::packageDescription’
     See the note in ?`:::` about the use of this operator.
Flavors: r-devel-linux-x86_64-debian-clang, r-devel-linux-x86_64-debian-gcc, r-devel-linux-x86_64-fedora-clang, r-devel-linux-x86_64-fedora-gcc, r-devel-osx-x86_64-clang, r-devel-windows-ix86+x86_64, r-patched-linux-x86_64, r-patched-solaris-sparc, r-patched-solaris-x86, r-release-linux-x86_64, r-release-osx-x86_64-mavericks, r-release-windows-ix86+x86_64, r-oldrel-windows-ix86+x86_64

Version: 0.3.3
Check: S3 generic/method consistency
Result: NOTE
    Found the following apparent S3 methods exported but not registered:
     plot.mtsdi predict.mtsdi print.mtsdi print.summary.mtsdi
     summary.mtsdi
    See section ‘Registering S3 methods’ in the ‘Writing R Extensions’
    manual.
Flavors: r-devel-linux-x86_64-debian-clang, r-devel-linux-x86_64-debian-gcc, r-devel-linux-x86_64-fedora-clang, r-devel-linux-x86_64-fedora-gcc, r-devel-osx-x86_64-clang, r-patched-linux-x86_64, r-patched-solaris-sparc, r-patched-solaris-x86, r-release-linux-x86_64

Version: 0.3.3
Check: R code for possible problems
Result: NOTE
    File ‘mtsdi/R/zzz.R’:
     .onLoad calls:
     packageStartupMessage(paste("This is 'mtsdi' library", ver, sep = " "))
    
    See section ‘Good practice’ in '?.onAttach'.
    
    plot.mtsdi: no visible global function definition for ‘plot’
    plot.mtsdi: no visible global function definition for ‘lines’
    plot.mtsdi: no visible global function definition for ‘legend’
    plot.mtsdi: no visible global function definition for ‘title’
    Undefined global functions or variables:
     legend lines plot title
    Consider adding
     importFrom("graphics", "legend", "lines", "plot", "title")
    to your NAMESPACE.
Flavors: r-devel-linux-x86_64-debian-clang, r-devel-linux-x86_64-debian-gcc, r-devel-linux-x86_64-fedora-clang, r-devel-linux-x86_64-fedora-gcc, r-devel-windows-ix86+x86_64

Version: 0.3.3
Check: R code for possible problems
Result: NOTE
    File ‘mtsdi/R/zzz.R’:
     .onLoad calls:
     packageStartupMessage(paste("This is 'mtsdi' library", ver, sep = " "))
    
    See section ‘Good practice’ in '?.onAttach'.
Flavors: r-devel-osx-x86_64-clang, r-patched-linux-x86_64, r-patched-solaris-sparc, r-patched-solaris-x86, r-release-linux-x86_64, r-release-osx-x86_64-mavericks, r-release-windows-ix86+x86_64, r-oldrel-windows-ix86+x86_64