CRAN Package Check Results for Package mtsdi

Last updated on 2015-03-28 19:50:10.

Flavor Version Tinstall Tcheck Ttotal Status Flags
r-devel-linux-x86_64-debian-clang 0.3.3 0.70 13.44 14.14 NOTE
r-devel-linux-x86_64-debian-gcc 0.3.3 0.66 12.83 13.48 NOTE
r-devel-linux-x86_64-fedora-clang 0.3.3 27.80 NOTE
r-devel-linux-x86_64-fedora-gcc 0.3.3 30.06 NOTE
r-devel-osx-x86_64-clang 0.3.3 33.02 NOTE
r-prerel-windows-ix86+x86_64 0.3.3 3.00 23.00 26.00 NOTE
r-prerel-linux-x86_64 0.3.3 0.64 12.74 13.38 NOTE
r-prerel-solaris-sparc 0.3.3 169.00 NOTE
r-prerel-solaris-x86 0.3.3 37.40 NOTE
r-release-linux-x86_64 0.3.3 0.72 14.41 15.12 NOTE
r-release-osx-x86_64-mavericks 0.3.3 NOTE
r-release-osx-x86_64-snowleopard 0.3.3 NOTE
r-release-windows-ix86+x86_64 0.3.3 3.00 33.00 36.00 NOTE
r-oldrel-windows-ix86+x86_64 0.3.3 3.00 25.00 28.00 NOTE

Check Details

Version: 0.3.3
Check: top-level files
Result: NOTE
    Non-standard file/directory found at top level:
     ‘gnugpl2.txt’
Flavors: r-devel-linux-x86_64-debian-clang, r-devel-linux-x86_64-debian-gcc, r-devel-linux-x86_64-fedora-clang, r-devel-linux-x86_64-fedora-gcc, r-prerel-linux-x86_64, r-release-linux-x86_64

Version: 0.3.3
Check: dependencies in R code
Result: NOTE
    ':::' call which should be '::': ‘utils:::packageDescription’
     See the note in ?`:::` about the use of this operator.
Flavors: r-devel-linux-x86_64-debian-clang, r-devel-linux-x86_64-debian-gcc, r-devel-linux-x86_64-fedora-clang, r-devel-linux-x86_64-fedora-gcc, r-devel-osx-x86_64-clang, r-prerel-windows-ix86+x86_64, r-prerel-linux-x86_64, r-prerel-solaris-sparc, r-prerel-solaris-x86, r-release-linux-x86_64, r-release-windows-ix86+x86_64

Version: 0.3.3
Check: S3 generic/method consistency
Result: NOTE
    Found the following apparent S3 methods exported but not registered:
     plot.mtsdi predict.mtsdi print.mtsdi print.summary.mtsdi
     summary.mtsdi
    See section ‘Registering S3 methods’ in the ‘Writing R Extensions’
    manual.
Flavors: r-devel-linux-x86_64-debian-clang, r-devel-linux-x86_64-debian-gcc, r-devel-linux-x86_64-fedora-clang, r-devel-linux-x86_64-fedora-gcc, r-devel-osx-x86_64-clang, r-prerel-linux-x86_64

Version: 0.3.3
Check: R code for possible problems
Result: NOTE
    File ‘mtsdi/R/zzz.R’:
     .onLoad calls:
     packageStartupMessage(paste("This is 'mtsdi' library", ver, sep = " "))
    
    See section ‘Good practice’ in '?.onAttach'.
Flavors: r-devel-linux-x86_64-debian-clang, r-devel-linux-x86_64-debian-gcc, r-devel-linux-x86_64-fedora-clang, r-devel-linux-x86_64-fedora-gcc, r-devel-osx-x86_64-clang, r-prerel-windows-ix86+x86_64, r-prerel-linux-x86_64, r-prerel-solaris-sparc, r-prerel-solaris-x86, r-release-linux-x86_64, r-release-osx-x86_64-mavericks, r-release-osx-x86_64-snowleopard, r-release-windows-ix86+x86_64, r-oldrel-windows-ix86+x86_64

Version: 0.3.3
Check: dependencies in R code
Result: NOTE
    ':::' call which should be '::': ‘utils:::packageDescription’
     See the note in ?`:::` about the use of this operator.
    See the information on DESCRIPTION files in the chapter ‘Creating R
    packages’ of the ‘Writing R Extensions’ manual.
Flavors: r-release-osx-x86_64-mavericks, r-release-osx-x86_64-snowleopard, r-oldrel-windows-ix86+x86_64