CRAN Package Check Results for Package mtsdi

Last updated on 2018-02-23 20:48:48 CET.

Flavor Version Tinstall Tcheck Ttotal Status Flags
r-devel-linux-x86_64-debian-clang 0.3.5 1.59 23.62 25.21 OK
r-devel-linux-x86_64-debian-gcc 0.3.5 1.59 18.77 20.36 OK
r-devel-linux-x86_64-fedora-clang 0.3.5 31.13 OK
r-devel-linux-x86_64-fedora-gcc 0.3.5 28.90 OK
r-devel-windows-ix86+x86_64 0.3.5 5.00 32.00 37.00 OK
r-patched-linux-x86_64 0.3.5 1.01 23.68 24.69 OK
r-patched-solaris-x86 0.3.5 40.60 OK
r-release-linux-x86_64 0.3.5 0.78 24.03 24.81 OK
r-release-windows-ix86+x86_64 0.3.5 3.00 44.00 47.00 OK
r-release-osx-x86_64 0.3.5 OK
r-oldrel-windows-ix86+x86_64 0.3.5 3.00 41.00 44.00 OK
r-oldrel-osx-x86_64 0.3.3 NOTE

Check Details

Version: 0.3.3
Check: dependencies in R code
Result: NOTE
    ':::' call which should be '::': ‘utils:::packageDescription’
     See the note in ?`:::` about the use of this operator.
Flavor: r-oldrel-osx-x86_64

Version: 0.3.3
Check: R code for possible problems
Result: NOTE
    File ‘mtsdi/R/zzz.R’:
     .onLoad calls:
     packageStartupMessage(paste("This is 'mtsdi' library", ver, sep = " "))
    
    See section ‘Good practice’ in '?.onAttach'.
    
    plot.mtsdi: no visible global function definition for ‘plot’
    plot.mtsdi: no visible global function definition for ‘lines’
    plot.mtsdi: no visible global function definition for ‘legend’
    plot.mtsdi: no visible global function definition for ‘title’
    Undefined global functions or variables:
     legend lines plot title
    Consider adding
     importFrom("graphics", "legend", "lines", "plot", "title")
    to your NAMESPACE file.
Flavor: r-oldrel-osx-x86_64