CRAN Package Check Results for Package mtsdi

Last updated on 2017-07-21 18:46:57.

Flavor Version Tinstall Tcheck Ttotal Status Flags
r-devel-linux-x86_64-debian-clang 0.3.3 0.70 23.12 23.82 NOTE
r-devel-linux-x86_64-debian-gcc 0.3.3 0.76 22.80 23.56 NOTE
r-devel-linux-x86_64-fedora-clang 0.3.3 27.34 NOTE
r-devel-linux-x86_64-fedora-gcc 0.3.3 26.42 NOTE
r-devel-windows-ix86+x86_64 0.3.3 4.00 35.00 39.00 NOTE
r-patched-linux-x86_64 0.3.3 0.92 22.81 23.73 NOTE
r-patched-solaris-x86 0.3.3 41.40 NOTE
r-release-linux-x86_64 0.3.3 0.69 22.68 23.38 NOTE
r-release-windows-ix86+x86_64 0.3.3 3.00 44.00 47.00 NOTE
r-release-osx-x86_64 0.3.3 NOTE
r-oldrel-windows-ix86+x86_64 0.3.3 5.00 40.00 45.00 NOTE
r-oldrel-osx-x86_64 0.3.3 NOTE

Check Details

Version: 0.3.3
Check: top-level files
Result: NOTE
    Non-standard file/directory found at top level:
     ‘gnugpl2.txt’
Flavors: r-devel-linux-x86_64-debian-clang, r-devel-linux-x86_64-debian-gcc, r-devel-linux-x86_64-fedora-clang, r-devel-linux-x86_64-fedora-gcc, r-patched-linux-x86_64, r-release-linux-x86_64

Version: 0.3.3
Check: dependencies in R code
Result: NOTE
    ':::' call which should be '::': ‘utils:::packageDescription’
     See the note in ?`:::` about the use of this operator.
Flavors: r-devel-linux-x86_64-debian-clang, r-devel-linux-x86_64-debian-gcc, r-devel-linux-x86_64-fedora-clang, r-devel-linux-x86_64-fedora-gcc, r-devel-windows-ix86+x86_64, r-patched-linux-x86_64, r-patched-solaris-x86, r-release-linux-x86_64, r-release-windows-ix86+x86_64, r-release-osx-x86_64, r-oldrel-windows-ix86+x86_64, r-oldrel-osx-x86_64

Version: 0.3.3
Check: S3 generic/method consistency
Result: NOTE
    Found the following apparent S3 methods exported but not registered:
     plot.mtsdi predict.mtsdi print.mtsdi print.summary.mtsdi
     summary.mtsdi
    See section ‘Registering S3 methods’ in the ‘Writing R Extensions’
    manual.
Flavors: r-devel-linux-x86_64-debian-clang, r-devel-linux-x86_64-debian-gcc, r-devel-linux-x86_64-fedora-clang, r-devel-linux-x86_64-fedora-gcc, r-patched-linux-x86_64, r-patched-solaris-x86, r-release-linux-x86_64

Version: 0.3.3
Check: R code for possible problems
Result: NOTE
    File ‘mtsdi/R/zzz.R’:
     .onLoad calls:
     packageStartupMessage(paste("This is 'mtsdi' library", ver, sep = " "))
    
    See section ‘Good practice’ in '?.onAttach'.
    
    plot.mtsdi: no visible global function definition for ‘plot’
    plot.mtsdi: no visible global function definition for ‘lines’
    plot.mtsdi: no visible global function definition for ‘legend’
    plot.mtsdi: no visible global function definition for ‘title’
    Undefined global functions or variables:
     legend lines plot title
    Consider adding
     importFrom("graphics", "legend", "lines", "plot", "title")
    to your NAMESPACE file.
Flavors: r-devel-linux-x86_64-debian-clang, r-devel-linux-x86_64-debian-gcc, r-devel-linux-x86_64-fedora-clang, r-devel-linux-x86_64-fedora-gcc, r-devel-windows-ix86+x86_64, r-patched-linux-x86_64, r-patched-solaris-x86, r-release-linux-x86_64, r-release-windows-ix86+x86_64, r-release-osx-x86_64, r-oldrel-windows-ix86+x86_64, r-oldrel-osx-x86_64