CRAN Package Check Results for Package muHVT

Last updated on 2018-07-22 19:48:23 CEST.

Flavor Version Tinstall Tcheck Ttotal Status Flags
r-devel-linux-x86_64-debian-clang 0.2.0 3.33 211.45 214.78 OK
r-devel-linux-x86_64-debian-gcc 0.2.0 2.64 163.53 166.17 OK
r-devel-linux-x86_64-fedora-clang 0.2.0 253.76 NOTE
r-devel-linux-x86_64-fedora-gcc 0.2.0 255.27 NOTE
r-devel-windows-ix86+x86_64 0.2.0 8.00 202.00 210.00 OK
r-patched-linux-x86_64 0.2.0 OK
r-patched-solaris-x86 0.2.0 344.30 NOTE
r-release-linux-x86_64 0.2.0 3.31 215.59 218.90 OK
r-release-windows-ix86+x86_64 0.2.0 6.00 263.00 269.00 OK
r-release-osx-x86_64 0.2.0 NOTE
r-oldrel-windows-ix86+x86_64 0.2.0 4.00 302.00 306.00 OK
r-oldrel-osx-x86_64 0.2.0 NOTE

Additional issues

noLD

Check Details

Version: 0.2.0
Check: dependencies in R code
Result: NOTE
    Namespaces in Imports field not imported from:
     ‘gtools’ ‘plyr’
     All declared Imports should be used.
Flavors: r-devel-linux-x86_64-fedora-clang, r-devel-linux-x86_64-fedora-gcc, r-patched-solaris-x86, r-release-osx-x86_64, r-oldrel-osx-x86_64