CRAN Package Check Results for Package muRL

Last updated on 2014-07-24 22:48:40.

Flavor Version Tinstall Tcheck Ttotal Status Flags
r-devel-linux-x86_64-debian-clang 0.1-9 0.84 10.97 11.81 NOTE
r-devel-linux-x86_64-debian-gcc 0.1-9 0.82 11.29 12.11 NOTE
r-devel-linux-x86_64-fedora-clang 0.1-9 27.68 NOTE
r-devel-linux-x86_64-fedora-gcc 0.1-9 25.94 NOTE
r-devel-osx-x86_64-clang 0.1-9 28.26 NOTE
r-devel-windows-ix86+x86_64 0.1-9 3.00 20.00 23.00 NOTE
r-patched-linux-x86_64 0.1-9 0.84 10.82 11.65 NOTE
r-patched-solaris-sparc 0.1-9 141.30 NOTE
r-patched-solaris-x86 0.1-9 40.00 NOTE
r-release-linux-ix86 0.1-9 1.26 18.15 19.41 NOTE
r-release-linux-x86_64 0.1-9 0.86 11.68 12.54 NOTE
r-release-osx-x86_64-mavericks 0.1-9 NOTE
r-release-osx-x86_64-snowleopard 0.1-9 OK
r-release-windows-ix86+x86_64 0.1-9 5.00 20.00 25.00 NOTE
r-oldrel-windows-ix86+x86_64 0.1-9 4.00 20.00 24.00 NOTE

Check Details

Version: 0.1-9
Check: dependencies in R code
Result: NOTE
    Package in Depends field not imported from: ‘maps’
     These packages need to be imported from (in the NAMESPACE file)
     for when this namespace is loaded but not attached.
    See the information on DESCRIPTION files in the chapter ‘Creating R
    packages’ of the ‘Writing R Extensions’ manual.
Flavors: r-devel-linux-x86_64-debian-clang, r-devel-linux-x86_64-debian-gcc, r-devel-linux-x86_64-fedora-clang, r-devel-linux-x86_64-fedora-gcc, r-devel-osx-x86_64-clang, r-devel-windows-ix86+x86_64, r-patched-linux-x86_64, r-patched-solaris-sparc, r-patched-solaris-x86, r-release-linux-ix86, r-release-linux-x86_64, r-release-osx-x86_64-mavericks, r-release-windows-ix86+x86_64, r-oldrel-windows-ix86+x86_64