CRAN Package Check Results for Package muRL

Last updated on 2014-04-18 11:47:21.

Flavor Version Tinstall Tcheck Ttotal Status Flags
r-devel-linux-x86_64-debian-clang 0.1-9 0.90 11.52 12.42 NOTE
r-devel-linux-x86_64-debian-gcc NOTE
r-devel-linux-x86_64-fedora-clang 0.1-9 27.38 NOTE
r-devel-linux-x86_64-fedora-gcc 0.1-9 29.00 NOTE
r-devel-macosx-x86_64-clang 0.1-9 29.01 NOTE
r-devel-macosx-x86_64-gcc 0.1-9 NOTE
r-devel-windows-ix86+x86_64 0.1-9 3.00 20.00 23.00 NOTE
r-patched-linux-x86_64 0.1-9 0.99 11.76 12.74 NOTE
r-patched-solaris-sparc 0.1-9 141.30 NOTE
r-patched-solaris-x86 0.1-9 44.20 NOTE
r-release-linux-ix86 0.1-9 2.00 27.00 29.00 NOTE
r-release-linux-x86_64 0.1-9 0.89 11.68 12.58 NOTE
r-release-macosx-x86_64 0.1-9 OK
r-release-windows-ix86+x86_64 0.1-9 6.00 26.00 32.00 NOTE
r-oldrel-windows-ix86+x86_64 0.1-9 4.00 22.00 26.00 NOTE

Check Details

Version: 0.1-9
Check: dependencies in R code
Result: NOTE
    Package in Depends field not imported from: ‘maps’
     These packages need to be imported from (in the NAMESPACE file)
     for when this namespace is loaded but not attached.
    See the information on DESCRIPTION files in the chapter ‘Creating R
    packages’ of the ‘Writing R Extensions’ manual.
Flavors: r-devel-linux-x86_64-debian-clang, r-devel-linux-x86_64-debian-gcc, r-devel-linux-x86_64-fedora-clang, r-devel-linux-x86_64-fedora-gcc, r-devel-macosx-x86_64-clang, r-devel-macosx-x86_64-gcc, r-devel-windows-ix86+x86_64, r-patched-linux-x86_64, r-patched-solaris-sparc, r-patched-solaris-x86, r-release-linux-ix86, r-release-linux-x86_64, r-release-windows-ix86+x86_64, r-oldrel-windows-ix86+x86_64