CRAN Package Check Results for Package muRL

Last updated on 2014-11-24 12:47:50.

Flavor Version Tinstall Tcheck Ttotal Status Flags
r-devel-linux-x86_64-debian-clang 0.1-9 0.88 14.60 15.48 NOTE
r-devel-linux-x86_64-debian-gcc 0.1-9 0.86 14.42 15.28 NOTE
r-devel-linux-x86_64-fedora-clang 0.1-9 29.04 NOTE
r-devel-linux-x86_64-fedora-gcc 0.1-9 26.41 NOTE
r-devel-osx-x86_64-clang 0.1-9 29.21 NOTE
r-devel-windows-ix86+x86_64 0.1-9 3.00 22.00 25.00 NOTE
r-patched-linux-x86_64 0.1-9 0.91 14.28 15.19 NOTE
r-patched-solaris-sparc 0.1-9 186.00 NOTE
r-patched-solaris-x86 0.1-9 39.00 NOTE
r-release-linux-ix86 0.1-9 1.22 17.66 18.88 NOTE
r-release-linux-x86_64 0.1-9 0.90 14.10 15.00 NOTE
r-release-osx-x86_64-mavericks 0.1-9 NOTE
r-release-osx-x86_64-snowleopard 0.1-9 OK
r-release-windows-ix86+x86_64 0.1-9 3.00 20.00 23.00 NOTE
r-oldrel-windows-ix86+x86_64 0.1-9 3.00 19.00 22.00 NOTE

Check Details

Version: 0.1-9
Check: dependencies in R code
Result: NOTE
    Package in Depends field not imported from: ‘maps’
     These packages need to be imported from (in the NAMESPACE file)
     for when this namespace is loaded but not attached.
    See the information on DESCRIPTION files in the chapter ‘Creating R
    packages’ of the ‘Writing R Extensions’ manual.
Flavors: r-devel-linux-x86_64-debian-clang, r-devel-linux-x86_64-debian-gcc, r-devel-linux-x86_64-fedora-clang, r-devel-linux-x86_64-fedora-gcc, r-devel-osx-x86_64-clang, r-devel-windows-ix86+x86_64, r-patched-linux-x86_64, r-patched-solaris-sparc, r-patched-solaris-x86, r-release-linux-ix86, r-release-linux-x86_64, r-release-osx-x86_64-mavericks, r-release-windows-ix86+x86_64, r-oldrel-windows-ix86+x86_64

Version: 0.1-9
Check: R code for possible problems
Result: NOTE
    zip.plot: no visible global function definition for ‘map’
Flavors: r-devel-linux-x86_64-debian-clang, r-devel-linux-x86_64-debian-gcc, r-devel-linux-x86_64-fedora-clang, r-devel-linux-x86_64-fedora-gcc, r-devel-osx-x86_64-clang, r-devel-windows-ix86+x86_64, r-patched-linux-x86_64, r-patched-solaris-sparc, r-patched-solaris-x86, r-release-linux-ix86, r-release-linux-x86_64, r-release-windows-ix86+x86_64