CRAN Package Check Results for Package muStat

Last updated on 2021-04-12 23:48:08 CEST.

Flavor Version Tinstall Tcheck Ttotal Status Flags
r-devel-linux-x86_64-debian-clang 1.7.0 2.93 31.02 33.95 NOTE
r-devel-linux-x86_64-debian-gcc 1.7.0 2.46 23.72 26.18 NOTE
r-devel-linux-x86_64-fedora-clang 1.7.0 51.05 NOTE
r-devel-linux-x86_64-fedora-gcc 1.7.0 39.68 NOTE
r-devel-windows-ix86+x86_64 1.7.0 5.00 40.00 45.00 NOTE
r-devel-windows-x86_64-gcc10-UCRT 1.7.0 NOTE
r-patched-linux-x86_64 1.7.0 3.19 29.31 32.50 NOTE
r-patched-solaris-x86 1.7.0 59.10 NOTE
r-release-linux-x86_64 1.7.0 2.89 28.76 31.65 NOTE
r-release-macos-x86_64 1.7.0 NOTE
r-release-windows-ix86+x86_64 1.7.0 5.00 34.00 39.00 NOTE
r-oldrel-macos-x86_64 1.7.0 NOTE
r-oldrel-windows-ix86+x86_64 1.7.0 6.00 51.00 57.00 NOTE

Check Details

Version: 1.7.0
Check: R code for possible problems
Result: NOTE
    prentice.test: no visible global function definition for 'is'
    Undefined global functions or variables:
     is
    Consider adding
     importFrom("methods", "is")
    to your NAMESPACE file (and ensure that your DESCRIPTION Imports field
    contains 'methods').
Flavors: r-devel-linux-x86_64-debian-clang, r-devel-linux-x86_64-debian-gcc, r-devel-linux-x86_64-fedora-clang, r-devel-linux-x86_64-fedora-gcc, r-devel-windows-ix86+x86_64, r-devel-windows-x86_64-gcc10-UCRT, r-patched-linux-x86_64, r-patched-solaris-x86, r-release-linux-x86_64, r-release-macos-x86_64, r-release-windows-ix86+x86_64, r-oldrel-macos-x86_64, r-oldrel-windows-ix86+x86_64