CRAN Package Check Results for Package mudata2

Last updated on 2019-01-17 20:47:12 CET.

Flavor Version Tinstall Tcheck Ttotal Status Flags
r-devel-linux-x86_64-debian-clang 1.0.5 6.73 136.45 143.18 OK
r-devel-linux-x86_64-debian-gcc 1.0.5 4.21 104.52 108.73 OK
r-devel-linux-x86_64-fedora-clang 1.0.5 163.21 OK
r-devel-linux-x86_64-fedora-gcc 1.0.5 153.66 OK
r-devel-windows-ix86+x86_64 1.0.5 16.00 227.00 243.00 OK
r-patched-linux-x86_64 1.0.5 6.62 125.13 131.75 OK
r-patched-solaris-x86 1.0.5 205.70 ERROR
r-release-linux-x86_64 1.0.5 7.00 124.97 131.97 OK
r-release-windows-ix86+x86_64 1.0.5 15.00 194.00 209.00 OK
r-release-osx-x86_64 1.0.5 ERROR
r-oldrel-windows-ix86+x86_64 1.0.5 11.00 226.00 237.00 OK
r-oldrel-osx-x86_64 1.0.4 ERROR

Check Details

Version: 1.0.5
Check: tests
Result: ERROR
     Running ‘test-all.R’ [65s/79s]
    Running the tests in ‘tests/test-all.R’ failed.
    Complete output:
     >
     > library(testthat)
     >
     > test_check("mudata2")
     Loading required package: mudata2
    
     Attaching package: 'mudata2'
    
     The following object is masked from 'package:testthat':
    
     matches
    
     ── 1. Error: read/write functions work inside RMarkdown (@test_mudata.io.R#554)
     pandoc version 1.12.3 or higher is required and was not found (see the help page ?rmarkdown::pandoc_available).
     1: rmarkdown::render(tf, quiet = TRUE) at testthat/test_mudata.io.R:554
     2: pandoc_available(required_pandoc, error = TRUE)
     3: stop(paste(msg, collapse = " "), call. = FALSE)
    
     OGR: Unsupported geometry type
     OGR: Unsupported geometry type
     OGR: Unsupported geometry type
     OGR: Unsupported geometry type
     OGR: Unsupported geometry type
     ══ testthat results ═══════════════════════════════════════════════════════════
     OK: 967 SKIPPED: 0 FAILED: 1
     1. Error: read/write functions work inside RMarkdown (@test_mudata.io.R#554)
    
     Error: testthat unit tests failed
     Execution halted
Flavor: r-patched-solaris-x86

Version: 1.0.5
Check: tests
Result: ERROR
     Running ‘test-all.R’ [32s/32s]
    Running the tests in ‘tests/test-all.R’ failed.
    Last 13 lines of output:
     1: rmarkdown::render(tf, quiet = TRUE) at testthat/test_mudata.io.R:554
     2: pandoc_available(required_pandoc, error = TRUE)
     3: stop(paste(msg, collapse = " "), call. = FALSE)
    
     OGR: Unsupported geometry type
     OGR: Unsupported geometry type
     OGR: Unsupported geometry type
     OGR: Unsupported geometry type
     OGR: Unsupported geometry type
     ══ testthat results ═══════════════════════════════════════════════════════════
     OK: 967 SKIPPED: 0 FAILED: 1
     1. Error: read/write functions work inside RMarkdown (@test_mudata.io.R#554)
    
     Error: testthat unit tests failed
     Execution halted
Flavor: r-release-osx-x86_64

Version: 1.0.4
Check: tests
Result: ERROR
     Running ‘test-all.R’ [32s/32s]
    Running the tests in ‘tests/test-all.R’ failed.
    Last 13 lines of output:
     1: rmarkdown::render(tf, quiet = TRUE) at testthat/test_mudata.io.R:554
     2: pandoc_available(required_pandoc, error = TRUE)
     3: stop(paste(msg, collapse = " "), call. = FALSE)
    
     OGR: Unsupported geometry type
     OGR: Unsupported geometry type
     OGR: Unsupported geometry type
     OGR: Unsupported geometry type
     OGR: Unsupported geometry type
     ══ testthat results ═══════════════════════════════════════════════════════════
     OK: 967 SKIPPED: 0 FAILED: 1
     1. Error: read/write functions work inside RMarkdown (@test_mudata.io.R#554)
    
     Error: testthat unit tests failed
     Execution halted
Flavor: r-oldrel-osx-x86_64