CRAN Package Check Results for Package muhaz

Last updated on 2017-07-26 12:48:33.

Flavor Version Tinstall Tcheck Ttotal Status Flags
r-devel-linux-x86_64-debian-clang 1.2.6 2.94 36.51 39.44 NOTE
r-devel-linux-x86_64-debian-gcc 1.2.6 3.00 36.32 39.32 NOTE
r-devel-linux-x86_64-fedora-clang 1.2.6 75.10 NOTE
r-devel-linux-x86_64-fedora-gcc 1.2.6 72.71 NOTE
r-devel-windows-ix86+x86_64 1.2.6 13.00 74.00 87.00 NOTE
r-patched-linux-x86_64 1.2.6 2.88 36.56 39.44 NOTE
r-patched-solaris-x86 1.2.6 111.40 NOTE
r-release-linux-x86_64 1.2.6 3.00 36.28 39.28 NOTE
r-release-windows-ix86+x86_64 1.2.6 8.00 91.00 99.00 NOTE
r-release-osx-x86_64 1.2.6 NOTE
r-oldrel-windows-ix86+x86_64 1.2.6 10.00 95.00 105.00 NOTE
r-oldrel-osx-x86_64 1.2.6 NOTE

Check Details

Version: 1.2.6
Check: S3 generic/method consistency
Result: NOTE
    Found the following apparent S3 methods exported but not registered:
     print.pehaz summary.muhaz
    See section ‘Registering S3 methods’ in the ‘Writing R Extensions’
    manual.
Flavors: r-devel-linux-x86_64-debian-clang, r-devel-linux-x86_64-debian-gcc, r-devel-linux-x86_64-fedora-clang, r-devel-linux-x86_64-fedora-gcc, r-patched-linux-x86_64, r-patched-solaris-x86, r-release-linux-x86_64

Version: 1.2.6
Check: R code for possible problems
Result: NOTE
    kphaz.plot: no visible global function definition for ‘stepfun’
    muhaz: no visible global function definition for ‘approx’
    Undefined global functions or variables:
     approx stepfun
    Consider adding
     importFrom("stats", "approx", "stepfun")
    to your NAMESPACE file.
Flavors: r-devel-linux-x86_64-debian-clang, r-devel-linux-x86_64-debian-gcc, r-devel-linux-x86_64-fedora-clang, r-devel-linux-x86_64-fedora-gcc, r-devel-windows-ix86+x86_64, r-patched-linux-x86_64, r-patched-solaris-x86, r-release-linux-x86_64, r-release-windows-ix86+x86_64, r-release-osx-x86_64, r-oldrel-windows-ix86+x86_64, r-oldrel-osx-x86_64

Version: 1.2.6
Check: compiled code
Result: NOTE
    File ‘muhaz/libs/muhaz.so’:
     Found no calls to: ‘R_registerRoutines’, ‘R_useDynamicSymbols’
    
    It is good practice to register native routines and to disable symbol
    search.
    
    See ‘Writing portable packages’ in the ‘Writing R Extensions’ manual.
Flavors: r-devel-linux-x86_64-debian-clang, r-devel-linux-x86_64-debian-gcc, r-devel-linux-x86_64-fedora-clang, r-devel-linux-x86_64-fedora-gcc, r-patched-linux-x86_64, r-release-linux-x86_64