CRAN Package Check Results for Package muhaz

Last updated on 2017-01-21 23:51:50.

Flavor Version Tinstall Tcheck Ttotal Status Flags
r-devel-linux-x86_64-debian-clang 1.2.6 2.96 29.47 32.42 NOTE
r-devel-linux-x86_64-debian-gcc 1.2.6 3.06 29.49 32.55 NOTE
r-devel-linux-x86_64-fedora-clang 1.2.6 73.12 NOTE --no-stop-on-test-error
r-devel-linux-x86_64-fedora-gcc 1.2.6 65.48 NOTE --no-stop-on-test-error
r-devel-macos-x86_64-clang 1.2.6 54.72 NOTE --no-stop-on-test-error
r-devel-windows-ix86+x86_64 1.2.6 15.00 125.00 140.00 NOTE
r-patched-linux-x86_64 1.2.6 2.91 26.81 29.72 NOTE
r-patched-solaris-sparc 1.2.6 381.00 NOTE
r-patched-solaris-x86 1.2.6 92.00 NOTE
r-release-linux-x86_64 1.2.6 2.61 26.56 29.17 NOTE
r-release-osx-x86_64-mavericks 1.2.6 NOTE
r-release-windows-ix86+x86_64 1.2.6 20.00 79.00 99.00 NOTE
r-oldrel-windows-ix86+x86_64 1.2.6 20.00 127.00 147.00 OK

Check Details

Version: 1.2.6
Check: S3 generic/method consistency
Result: NOTE
    Found the following apparent S3 methods exported but not registered:
     print.pehaz summary.muhaz
    See section ‘Registering S3 methods’ in the ‘Writing R Extensions’
    manual.
Flavors: r-devel-linux-x86_64-debian-clang, r-devel-linux-x86_64-debian-gcc, r-patched-linux-x86_64, r-patched-solaris-sparc, r-patched-solaris-x86, r-release-linux-x86_64

Version: 1.2.6
Check: R code for possible problems
Result: NOTE
    kphaz.plot: no visible global function definition for ‘stepfun’
    muhaz: no visible global function definition for ‘approx’
    Undefined global functions or variables:
     approx stepfun
    Consider adding
     importFrom("stats", "approx", "stepfun")
    to your NAMESPACE file.
Flavors: r-devel-linux-x86_64-debian-clang, r-devel-linux-x86_64-debian-gcc, r-devel-windows-ix86+x86_64, r-patched-linux-x86_64, r-patched-solaris-sparc, r-patched-solaris-x86, r-release-linux-x86_64, r-release-osx-x86_64-mavericks, r-release-windows-ix86+x86_64

Version: 1.2.6
Flags: --no-stop-on-test-error
Check: S3 generic/method consistency
Result: NOTE
    Found the following apparent S3 methods exported but not registered:
     print.pehaz summary.muhaz
    See section ‘Registering S3 methods’ in the ‘Writing R Extensions’
    manual.
Flavors: r-devel-linux-x86_64-fedora-clang, r-devel-linux-x86_64-fedora-gcc, r-devel-macos-x86_64-clang

Version: 1.2.6
Flags: --no-stop-on-test-error
Check: R code for possible problems
Result: NOTE
    kphaz.plot: no visible global function definition for ‘stepfun’
    muhaz: no visible global function definition for ‘approx’
    Undefined global functions or variables:
     approx stepfun
    Consider adding
     importFrom("stats", "approx", "stepfun")
    to your NAMESPACE file.
Flavors: r-devel-linux-x86_64-fedora-clang, r-devel-linux-x86_64-fedora-gcc, r-devel-macos-x86_64-clang