CRAN Package Check Results for Package muhaz

Last updated on 2014-08-02 01:50:04.

Flavor Version Tinstall Tcheck Ttotal Status Flags
r-devel-linux-x86_64-debian-clang 1.2.5 1.30 10.88 12.18 NOTE
r-devel-linux-x86_64-debian-gcc 1.2.5 1.29 10.46 11.75 NOTE
r-devel-linux-x86_64-fedora-clang 1.2.5 23.93 NOTE
r-devel-linux-x86_64-fedora-gcc 1.2.5 21.54 NOTE
r-devel-osx-x86_64-clang 1.2.5 25.54 NOTE
r-devel-windows-ix86+x86_64 1.2.5 6.00 24.00 30.00 NOTE
r-patched-linux-x86_64 1.2.5 1.24 10.66 11.90 NOTE
r-patched-solaris-sparc 1.2.5 160.70 NOTE
r-patched-solaris-x86 1.2.5 34.50 NOTE
r-release-linux-ix86 1.2.5 1.81 16.77 18.58 NOTE
r-release-linux-x86_64 1.2.5 1.24 10.90 12.14 NOTE
r-release-osx-x86_64-mavericks 1.2.5 NOTE
r-release-windows-ix86+x86_64 1.2.5 9.00 22.00 31.00 NOTE
r-oldrel-windows-ix86+x86_64 1.2.5 6.00 23.00 29.00 NOTE

Check Details

Version: 1.2.5
Check: Rd \usage sections
Result: NOTE
    S3 methods shown with full name in documentation object 'print.pehaz':
     print.pehaz
    
    The \usage entries for S3 methods should use the \method markup and not
    their full name.
    See the chapter Writing R documentation files in the Writing R
    Extensions manual.
Flavors: r-devel-linux-x86_64-debian-clang, r-devel-linux-x86_64-debian-gcc, r-devel-linux-x86_64-fedora-clang, r-devel-linux-x86_64-fedora-gcc, r-devel-osx-x86_64-clang, r-devel-windows-ix86+x86_64, r-patched-linux-x86_64, r-patched-solaris-sparc, r-patched-solaris-x86, r-release-linux-ix86, r-release-linux-x86_64, r-release-osx-x86_64-mavericks, r-release-windows-ix86+x86_64, r-oldrel-windows-ix86+x86_64