CRAN Package Check Results for Package muhaz

Last updated on 2014-04-23 20:47:16.

Flavor Version Tinstall Tcheck Ttotal Status Flags
r-devel-linux-x86_64-debian-clang 1.2.5 1.36 11.11 12.46 NOTE
r-devel-linux-x86_64-debian-gcc 1.2.5 1.25 11.08 12.33 NOTE
r-devel-linux-x86_64-fedora-clang 1.2.5 24.21 NOTE
r-devel-linux-x86_64-fedora-gcc 1.2.5 23.27 NOTE
r-devel-osx-x86_64-clang 1.2.5 26.70 NOTE
r-devel-osx-x86_64-gcc 1.2.5 NOTE
r-devel-windows-ix86+x86_64 1.2.5 6.00 22.00 28.00 NOTE
r-patched-linux-x86_64 1.2.5 1.27 10.90 12.17 NOTE
r-patched-solaris-sparc 1.2.5 142.20 NOTE
r-patched-solaris-x86 1.2.5 35.70 NOTE
r-release-linux-ix86 1.2.5 2.00 24.00 26.00 NOTE
r-release-linux-x86_64 1.2.5 1.26 10.99 12.24 NOTE
r-release-osx-x86_64-mavericks 1.2.5 NOTE
r-release-windows-ix86+x86_64 1.2.5 12.00 29.00 41.00 NOTE
r-oldrel-windows-ix86+x86_64 1.2.5 6.00 23.00 29.00 NOTE

Check Details

Version: 1.2.5
Check: Rd \usage sections
Result: NOTE
    S3 methods shown with full name in documentation object 'print.pehaz':
     ‘print.pehaz’
    
    The \usage entries for S3 methods should use the \method markup and not
    their full name.
    See the chapter ‘Writing R documentation files’ in the ‘Writing R
    Extensions’ manual.
Flavors: r-devel-linux-x86_64-debian-clang, r-devel-linux-x86_64-debian-gcc, r-devel-linux-x86_64-fedora-clang, r-devel-linux-x86_64-fedora-gcc, r-devel-osx-x86_64-clang, r-devel-osx-x86_64-gcc, r-devel-windows-ix86+x86_64, r-patched-linux-x86_64, r-patched-solaris-sparc, r-patched-solaris-x86, r-release-linux-ix86, r-release-linux-x86_64, r-release-osx-x86_64-mavericks, r-release-windows-ix86+x86_64, r-oldrel-windows-ix86+x86_64