CRAN Package Check Results for Package muhaz

Last updated on 2016-12-06 16:50:53.

Flavor Version Tinstall Tcheck Ttotal Status Flags
r-devel-linux-x86_64-debian-clang 1.2.6 2.97 32.72 35.69 NOTE
r-devel-linux-x86_64-debian-gcc 1.2.6 3.06 29.34 32.40 NOTE
r-devel-linux-x86_64-fedora-clang 1.2.6 76.55 NOTE --no-stop-on-test-error
r-devel-linux-x86_64-fedora-gcc 1.2.6 76.32 NOTE --no-stop-on-test-error
r-devel-macos-x86_64-clang 1.2.6 55.87 NOTE
r-devel-windows-ix86+x86_64 1.2.6 13.00 72.00 85.00 NOTE
r-patched-linux-x86_64 1.2.6 2.80 26.84 29.64 NOTE
r-patched-solaris-sparc 1.2.6 385.30 NOTE
r-patched-solaris-x86 1.2.6 92.40 NOTE
r-release-linux-x86_64 1.2.6 2.64 27.13 29.77 NOTE
r-release-osx-x86_64-mavericks 1.2.6 NOTE
r-release-windows-ix86+x86_64 1.2.6 9.00 87.00 96.00 NOTE
r-oldrel-windows-ix86+x86_64 1.2.6 12.00 65.00 77.00 OK

Check Details

Version: 1.2.6
Check: S3 generic/method consistency
Result: NOTE
    Found the following apparent S3 methods exported but not registered:
     print.pehaz summary.muhaz
    See section ‘Registering S3 methods’ in the ‘Writing R Extensions’
    manual.
Flavors: r-devel-linux-x86_64-debian-clang, r-devel-linux-x86_64-debian-gcc, r-devel-macos-x86_64-clang, r-patched-linux-x86_64, r-patched-solaris-sparc, r-patched-solaris-x86, r-release-linux-x86_64

Version: 1.2.6
Check: R code for possible problems
Result: NOTE
    kphaz.plot: no visible global function definition for ‘stepfun’
    muhaz: no visible global function definition for ‘approx’
    Undefined global functions or variables:
     approx stepfun
    Consider adding
     importFrom("stats", "approx", "stepfun")
    to your NAMESPACE file.
Flavors: r-devel-linux-x86_64-debian-clang, r-devel-linux-x86_64-debian-gcc, r-devel-macos-x86_64-clang, r-devel-windows-ix86+x86_64, r-patched-linux-x86_64, r-patched-solaris-sparc, r-patched-solaris-x86, r-release-linux-x86_64, r-release-osx-x86_64-mavericks, r-release-windows-ix86+x86_64

Version: 1.2.6
Flags: --no-stop-on-test-error
Check: S3 generic/method consistency
Result: NOTE
    Found the following apparent S3 methods exported but not registered:
     print.pehaz summary.muhaz
    See section ‘Registering S3 methods’ in the ‘Writing R Extensions’
    manual.
Flavors: r-devel-linux-x86_64-fedora-clang, r-devel-linux-x86_64-fedora-gcc

Version: 1.2.6
Flags: --no-stop-on-test-error
Check: R code for possible problems
Result: NOTE
    kphaz.plot: no visible global function definition for ‘stepfun’
    muhaz: no visible global function definition for ‘approx’
    Undefined global functions or variables:
     approx stepfun
    Consider adding
     importFrom("stats", "approx", "stepfun")
    to your NAMESPACE file.
Flavors: r-devel-linux-x86_64-fedora-clang, r-devel-linux-x86_64-fedora-gcc