CRAN Package Check Results for Package muhaz

Last updated on 2016-09-27 23:49:12.

Flavor Version Tinstall Tcheck Ttotal Status Flags
r-devel-linux-x86_64-debian-clang 1.2.6 2.64 26.19 28.83 NOTE
r-devel-linux-x86_64-debian-gcc 1.2.6 2.76 26.48 29.24 NOTE
r-devel-linux-x86_64-fedora-clang 1.2.6 66.77 NOTE
r-devel-linux-x86_64-fedora-gcc 1.2.6 62.52 NOTE
r-devel-macos-x86_64-clang 1.2.6 48.73 NOTE
r-devel-windows-ix86+x86_64 1.2.6 15.00 78.00 93.00 NOTE
r-patched-linux-x86_64 1.2.6 2.59 26.49 29.08 NOTE
r-patched-solaris-sparc 1.2.6 385.30 NOTE
r-patched-solaris-x86 1.2.6 90.90 NOTE
r-release-linux-x86_64 1.2.6 2.89 27.13 30.02 NOTE
r-release-osx-x86_64-mavericks 1.2.6 NOTE
r-release-windows-ix86+x86_64 1.2.6 11.00 58.00 69.00 NOTE
r-oldrel-windows-ix86+x86_64 1.2.6 13.00 84.00 97.00 OK

Check Details

Version: 1.2.6
Check: S3 generic/method consistency
Result: NOTE
    Found the following apparent S3 methods exported but not registered:
     print.pehaz summary.muhaz
    See section ‘Registering S3 methods’ in the ‘Writing R Extensions’
    manual.
Flavors: r-devel-linux-x86_64-debian-clang, r-devel-linux-x86_64-debian-gcc, r-devel-linux-x86_64-fedora-clang, r-devel-linux-x86_64-fedora-gcc, r-devel-macos-x86_64-clang, r-patched-linux-x86_64, r-patched-solaris-sparc, r-patched-solaris-x86, r-release-linux-x86_64

Version: 1.2.6
Check: R code for possible problems
Result: NOTE
    kphaz.plot: no visible global function definition for ‘stepfun’
    muhaz: no visible global function definition for ‘approx’
    Undefined global functions or variables:
     approx stepfun
    Consider adding
     importFrom("stats", "approx", "stepfun")
    to your NAMESPACE file.
Flavors: r-devel-linux-x86_64-debian-clang, r-devel-linux-x86_64-debian-gcc, r-devel-linux-x86_64-fedora-clang, r-devel-linux-x86_64-fedora-gcc, r-devel-macos-x86_64-clang, r-devel-windows-ix86+x86_64, r-patched-linux-x86_64, r-patched-solaris-sparc, r-patched-solaris-x86, r-release-linux-x86_64, r-release-osx-x86_64-mavericks, r-release-windows-ix86+x86_64