CRAN Package Check Results for Package muhaz

Last updated on 2015-03-02 19:52:20.

Flavor Version Tinstall Tcheck Ttotal Status Flags
r-devel-linux-x86_64-debian-clang 1.2.6 1.27 10.74 12.01 NOTE
r-devel-linux-x86_64-debian-gcc 1.2.6 1.25 10.42 11.67 NOTE
r-devel-linux-x86_64-fedora-clang 1.2.6 22.61 NOTE
r-devel-linux-x86_64-fedora-gcc 1.2.6 21.14 NOTE
r-devel-osx-x86_64-clang 1.2.6 27.51 NOTE
r-devel-windows-ix86+x86_64 1.2.6 7.00 22.00 29.00 OK
r-patched-linux-x86_64 1.2.6 1.26 11.81 13.07 OK
r-patched-solaris-sparc 1.2.6 166.90 OK
r-patched-solaris-x86 1.2.6 39.40 OK
r-release-linux-ix86 1.2.6 1.85 18.23 20.08 OK
r-release-linux-x86_64 1.2.6 1.30 11.66 12.96 OK
r-release-osx-x86_64-mavericks 1.2.6 OK
r-release-osx-x86_64-snowleopard 1.2.6 OK
r-release-windows-ix86+x86_64 1.2.6 6.00 24.00 30.00 OK
r-oldrel-windows-ix86+x86_64 1.2.6 7.00 23.00 30.00 OK

Check Details

Version: 1.2.6
Check: S3 generic/method consistency
Result: NOTE
    Found the following apparent S3 methods exported but not registered:
     print.pehaz summary.muhaz
    See section ‘Registering S3 methods’ in the ‘Writing R Extensions’
    manual.
Flavors: r-devel-linux-x86_64-debian-clang, r-devel-linux-x86_64-debian-gcc, r-devel-linux-x86_64-fedora-clang, r-devel-linux-x86_64-fedora-gcc, r-devel-osx-x86_64-clang