CRAN Package Check Results for Package muhaz

Last updated on 2015-07-28 17:48:29.

Flavor Version Tinstall Tcheck Ttotal Status Flags
r-devel-linux-x86_64-debian-clang 1.2.6 1.24 11.47 12.71 NOTE
r-devel-linux-x86_64-debian-gcc 1.2.6 1.25 11.27 12.52 NOTE
r-devel-linux-x86_64-fedora-clang 1.2.6 23.85 NOTE
r-devel-linux-x86_64-fedora-gcc 1.2.6 22.60 NOTE
r-devel-osx-x86_64-clang 1.2.6 22.13 NOTE
r-devel-windows-ix86+x86_64 1.2.6 7.00 31.00 38.00 NOTE
r-patched-linux-x86_64 1.2.6 1.26 11.95 13.21 NOTE
r-patched-solaris-sparc 1.2.6 151.70 NOTE
r-patched-solaris-x86 1.2.6 36.50 NOTE
r-release-linux-x86_64 1.2.6 1.24 11.43 12.66 NOTE
r-release-osx-x86_64-mavericks 1.2.6 OK
r-release-windows-ix86+x86_64 1.2.6 8.00 23.00 31.00 OK
r-oldrel-windows-ix86+x86_64 1.2.6 6.00 25.00 31.00 OK

Check Details

Version: 1.2.6
Check: S3 generic/method consistency
Result: NOTE
    Found the following apparent S3 methods exported but not registered:
     print.pehaz summary.muhaz
    See section ‘Registering S3 methods’ in the ‘Writing R Extensions’
    manual.
Flavors: r-devel-linux-x86_64-debian-clang, r-devel-linux-x86_64-debian-gcc, r-devel-linux-x86_64-fedora-clang, r-devel-linux-x86_64-fedora-gcc, r-devel-osx-x86_64-clang, r-patched-linux-x86_64, r-patched-solaris-sparc, r-patched-solaris-x86, r-release-linux-x86_64

Version: 1.2.6
Check: R code for possible problems
Result: NOTE
    kphaz.plot: no visible global function definition for ‘stepfun’
    muhaz: no visible global function definition for ‘approx’
    Undefined global functions or variables:
     approx stepfun
    Consider adding
     importFrom("stats", "approx", "stepfun")
    to your NAMESPACE.
Flavors: r-devel-linux-x86_64-debian-clang, r-devel-linux-x86_64-debian-gcc, r-devel-linux-x86_64-fedora-clang, r-devel-linux-x86_64-fedora-gcc, r-devel-windows-ix86+x86_64