CRAN Package Check Results for Package muhaz

Last updated on 2015-08-29 20:48:07.

Flavor Version Tinstall Tcheck Ttotal Status Flags
r-devel-linux-x86_64-debian-clang 1.2.6 1.20 11.17 12.38 NOTE
r-devel-linux-x86_64-debian-gcc 1.2.6 1.23 10.89 12.12 NOTE
r-devel-linux-x86_64-fedora-clang 1.2.6 23.57 NOTE
r-devel-linux-x86_64-fedora-gcc 1.2.6 21.53 NOTE
r-devel-osx-x86_64-clang 1.2.6 23.32 NOTE
r-devel-windows-ix86+x86_64 1.2.6 11.00 27.00 38.00 NOTE
r-patched-linux-x86_64 1.2.6 1.22 11.32 12.54 NOTE
r-patched-solaris-sparc 1.2.6 151.70 NOTE
r-patched-solaris-x86 1.2.6 37.60 NOTE
r-release-linux-x86_64 1.2.6 1.24 12.28 13.52 NOTE
r-release-osx-x86_64-mavericks 1.2.6 OK
r-release-windows-ix86+x86_64 1.2.6 7.00 23.00 30.00 OK
r-oldrel-windows-ix86+x86_64 1.2.6 6.00 25.00 31.00 OK

Check Details

Version: 1.2.6
Check: S3 generic/method consistency
Result: NOTE
    Found the following apparent S3 methods exported but not registered:
     print.pehaz summary.muhaz
    See section ‘Registering S3 methods’ in the ‘Writing R Extensions’
    manual.
Flavors: r-devel-linux-x86_64-debian-clang, r-devel-linux-x86_64-debian-gcc, r-devel-linux-x86_64-fedora-clang, r-devel-linux-x86_64-fedora-gcc, r-devel-osx-x86_64-clang, r-patched-linux-x86_64, r-patched-solaris-sparc, r-patched-solaris-x86, r-release-linux-x86_64

Version: 1.2.6
Check: R code for possible problems
Result: NOTE
    kphaz.plot: no visible global function definition for ‘stepfun’
    muhaz: no visible global function definition for ‘approx’
    Undefined global functions or variables:
     approx stepfun
    Consider adding
     importFrom("stats", "approx", "stepfun")
    to your NAMESPACE.
Flavors: r-devel-linux-x86_64-debian-clang, r-devel-linux-x86_64-debian-gcc, r-devel-linux-x86_64-fedora-clang, r-devel-linux-x86_64-fedora-gcc, r-devel-windows-ix86+x86_64