CRAN Package Check Results for Package muhaz

Last updated on 2016-07-28 23:47:16.

Flavor Version Tinstall Tcheck Ttotal Status Flags
r-devel-linux-x86_64-debian-clang 1.2.6 4.09 35.98 40.07 NOTE
r-devel-linux-x86_64-debian-gcc 1.2.6 4.16 34.71 38.87 NOTE
r-devel-linux-x86_64-fedora-clang 1.2.6 68.00 NOTE
r-devel-linux-x86_64-fedora-gcc 1.2.6 66.82 NOTE
r-devel-osx-x86_64-clang 1.2.6 52.48 NOTE
r-devel-windows-ix86+x86_64 1.2.6 13.00 87.00 100.00 NOTE
r-patched-linux-x86_64 1.2.6 3.60 34.10 37.70 NOTE
r-patched-solaris-sparc 1.2.6 385.30 NOTE
r-patched-solaris-x86 1.2.6 92.10 NOTE
r-release-linux-x86_64 1.2.6 3.54 33.64 37.19 NOTE
r-release-osx-x86_64-mavericks 1.2.6 NOTE
r-release-windows-ix86+x86_64 1.2.6 14.00 84.00 98.00 NOTE
r-oldrel-windows-ix86+x86_64 1.2.6 13.00 92.00 105.00 OK

Check Details

Version: 1.2.6
Check: S3 generic/method consistency
Result: NOTE
    Found the following apparent S3 methods exported but not registered:
     print.pehaz summary.muhaz
    See section ‘Registering S3 methods’ in the ‘Writing R Extensions’
    manual.
Flavors: r-devel-linux-x86_64-debian-clang, r-devel-linux-x86_64-debian-gcc, r-devel-linux-x86_64-fedora-clang, r-devel-linux-x86_64-fedora-gcc, r-devel-osx-x86_64-clang, r-patched-linux-x86_64, r-patched-solaris-sparc, r-patched-solaris-x86, r-release-linux-x86_64

Version: 1.2.6
Check: R code for possible problems
Result: NOTE
    kphaz.plot: no visible global function definition for ‘stepfun’
    muhaz: no visible global function definition for ‘approx’
    Undefined global functions or variables:
     approx stepfun
    Consider adding
     importFrom("stats", "approx", "stepfun")
    to your NAMESPACE file.
Flavors: r-devel-linux-x86_64-debian-clang, r-devel-linux-x86_64-debian-gcc, r-devel-linux-x86_64-fedora-clang, r-devel-linux-x86_64-fedora-gcc, r-devel-osx-x86_64-clang, r-devel-windows-ix86+x86_64, r-patched-linux-x86_64, r-patched-solaris-sparc, r-patched-solaris-x86, r-release-linux-x86_64, r-release-osx-x86_64-mavericks, r-release-windows-ix86+x86_64