CRAN Package Check Results for Package muhaz

Last updated on 2016-04-30 03:51:18.

Flavor Version Tinstall Tcheck Ttotal Status Flags
r-devel-linux-x86_64-debian-gcc 1.2.6 3.33 29.00 32.33 NOTE
r-devel-linux-x86_64-fedora-clang 1.2.6 66.77 NOTE
r-devel-linux-x86_64-fedora-gcc 1.2.6 64.06 NOTE
r-devel-osx-x86_64-clang 1.2.6 68.30 NOTE
r-devel-windows-ix86+x86_64 1.2.6 10.00 67.00 77.00 NOTE
r-patched-linux-x86_64 1.2.6 3.47 29.18 32.65 NOTE
r-patched-solaris-sparc 1.2.6 136.00 NOTE
r-patched-solaris-x86 1.2.6 95.10 NOTE
r-release-linux-x86_64 1.2.6 3.24 35.82 39.05 NOTE
r-release-osx-x86_64-mavericks 1.2.6 OK
r-release-windows-ix86+x86_64 1.2.6 10.00 69.00 79.00 OK
r-oldrel-windows-ix86+x86_64 1.2.6 19.00 76.00 95.00 OK

Check Details

Version: 1.2.6
Check: S3 generic/method consistency
Result: NOTE
    Found the following apparent S3 methods exported but not registered:
     print.pehaz summary.muhaz
    See section ‘Registering S3 methods’ in the ‘Writing R Extensions’
    manual.
Flavors: r-devel-linux-x86_64-debian-gcc, r-devel-linux-x86_64-fedora-clang, r-devel-linux-x86_64-fedora-gcc, r-devel-osx-x86_64-clang, r-patched-linux-x86_64, r-patched-solaris-sparc, r-patched-solaris-x86, r-release-linux-x86_64

Version: 1.2.6
Check: R code for possible problems
Result: NOTE
    kphaz.plot: no visible global function definition for ‘stepfun’
    muhaz: no visible global function definition for ‘approx’
    Undefined global functions or variables:
     approx stepfun
    Consider adding
     importFrom("stats", "approx", "stepfun")
    to your NAMESPACE file.
Flavors: r-devel-linux-x86_64-debian-gcc, r-devel-linux-x86_64-fedora-clang, r-devel-linux-x86_64-fedora-gcc, r-devel-osx-x86_64-clang, r-devel-windows-ix86+x86_64, r-patched-linux-x86_64, r-patched-solaris-sparc, r-patched-solaris-x86