CRAN Package Check Results for Package muhaz

Last updated on 2016-05-28 17:38:40.

Flavor Version Tinstall Tcheck Ttotal Status Flags
r-devel-linux-x86_64-debian-gcc 1.2.6 3.21 30.40 33.61 NOTE
r-devel-linux-x86_64-fedora-clang 1.2.6 72.26 NOTE
r-devel-linux-x86_64-fedora-gcc 1.2.6 64.87 NOTE
r-devel-osx-x86_64-clang 1.2.6 66.94 NOTE
r-devel-windows-ix86+x86_64 1.2.6 9.00 69.00 78.00 NOTE
r-patched-linux-x86_64 1.2.6 3.17 29.32 32.49 NOTE
r-patched-solaris-sparc 1.2.6 382.40 NOTE
r-patched-solaris-x86 1.2.6 92.70 NOTE
r-release-linux-x86_64 1.2.6 3.18 29.45 32.63 NOTE
r-release-osx-x86_64-mavericks 1.2.6 NOTE
r-release-windows-ix86+x86_64 1.2.6 13.00 71.00 84.00 NOTE
r-oldrel-windows-ix86+x86_64 1.2.6 9.00 89.00 98.00 OK

Check Details

Version: 1.2.6
Check: S3 generic/method consistency
Result: NOTE
    Found the following apparent S3 methods exported but not registered:
     print.pehaz summary.muhaz
    See section ‘Registering S3 methods’ in the ‘Writing R Extensions’
    manual.
Flavors: r-devel-linux-x86_64-debian-gcc, r-devel-linux-x86_64-fedora-clang, r-devel-linux-x86_64-fedora-gcc, r-devel-osx-x86_64-clang, r-patched-linux-x86_64, r-patched-solaris-sparc, r-patched-solaris-x86, r-release-linux-x86_64

Version: 1.2.6
Check: R code for possible problems
Result: NOTE
    kphaz.plot: no visible global function definition for ‘stepfun’
    muhaz: no visible global function definition for ‘approx’
    Undefined global functions or variables:
     approx stepfun
    Consider adding
     importFrom("stats", "approx", "stepfun")
    to your NAMESPACE file.
Flavors: r-devel-linux-x86_64-debian-gcc, r-devel-linux-x86_64-fedora-clang, r-devel-linux-x86_64-fedora-gcc, r-devel-osx-x86_64-clang, r-devel-windows-ix86+x86_64, r-patched-linux-x86_64, r-patched-solaris-sparc, r-patched-solaris-x86, r-release-linux-x86_64, r-release-osx-x86_64-mavericks, r-release-windows-ix86+x86_64