CRAN Package Check Results for Package muhaz

Last updated on 2017-02-26 19:53:57.

Flavor Version Tinstall Tcheck Ttotal Status Flags
r-devel-linux-x86_64-debian-clang 1.2.6 3.16 30.16 33.31 NOTE
r-devel-linux-x86_64-debian-gcc 1.2.6 3.06 30.12 33.18 NOTE
r-devel-linux-x86_64-fedora-clang 1.2.6 83.94 NOTE --no-stop-on-test-error
r-devel-linux-x86_64-fedora-gcc 1.2.6 76.01 NOTE --no-stop-on-test-error
r-devel-macos-x86_64-clang 1.2.6 56.94 NOTE --no-stop-on-test-error
r-devel-windows-ix86+x86_64 1.2.6 9.00 133.00 142.00 NOTE
r-patched-linux-x86_64 1.2.6 2.65 26.88 29.54 NOTE
r-patched-solaris-sparc 1.2.6 381.00 NOTE
r-patched-solaris-x86 1.2.6 77.10 NOTE
r-release-linux-x86_64 1.2.6 2.69 28.52 31.21 NOTE
r-release-osx-x86_64-mavericks 1.2.6 NOTE
r-release-windows-ix86+x86_64 1.2.6 13.00 116.00 129.00 NOTE
r-oldrel-windows-ix86+x86_64 1.2.6 13.00 108.00 121.00 OK

Check Details

Version: 1.2.6
Check: S3 generic/method consistency
Result: NOTE
    Found the following apparent S3 methods exported but not registered:
     print.pehaz summary.muhaz
    See section ‘Registering S3 methods’ in the ‘Writing R Extensions’
    manual.
Flavors: r-devel-linux-x86_64-debian-clang, r-devel-linux-x86_64-debian-gcc, r-patched-linux-x86_64, r-patched-solaris-sparc, r-patched-solaris-x86, r-release-linux-x86_64

Version: 1.2.6
Check: R code for possible problems
Result: NOTE
    kphaz.plot: no visible global function definition for ‘stepfun’
    muhaz: no visible global function definition for ‘approx’
    Undefined global functions or variables:
     approx stepfun
    Consider adding
     importFrom("stats", "approx", "stepfun")
    to your NAMESPACE file.
Flavors: r-devel-linux-x86_64-debian-clang, r-devel-linux-x86_64-debian-gcc, r-devel-windows-ix86+x86_64, r-patched-linux-x86_64, r-patched-solaris-sparc, r-patched-solaris-x86, r-release-linux-x86_64, r-release-osx-x86_64-mavericks, r-release-windows-ix86+x86_64

Version: 1.2.6
Check: compiled code
Result: NOTE
    File ‘muhaz/libs/muhaz.so’:
     Found no calls to: ‘R_registerRoutines’, ‘R_useDynamicSymbols’
    
    It is good practice to register native routines and to disable symbol
    search.
    
    See ‘Writing portable packages’ in the ‘Writing R Extensions’ manual.
Flavors: r-devel-linux-x86_64-debian-clang, r-devel-linux-x86_64-debian-gcc

Version: 1.2.6
Flags: --no-stop-on-test-error
Check: S3 generic/method consistency
Result: NOTE
    Found the following apparent S3 methods exported but not registered:
     print.pehaz summary.muhaz
    See section ‘Registering S3 methods’ in the ‘Writing R Extensions’
    manual.
Flavors: r-devel-linux-x86_64-fedora-clang, r-devel-linux-x86_64-fedora-gcc, r-devel-macos-x86_64-clang

Version: 1.2.6
Flags: --no-stop-on-test-error
Check: R code for possible problems
Result: NOTE
    kphaz.plot: no visible global function definition for ‘stepfun’
    muhaz: no visible global function definition for ‘approx’
    Undefined global functions or variables:
     approx stepfun
    Consider adding
     importFrom("stats", "approx", "stepfun")
    to your NAMESPACE file.
Flavors: r-devel-linux-x86_64-fedora-clang, r-devel-linux-x86_64-fedora-gcc, r-devel-macos-x86_64-clang

Version: 1.2.6
Flags: --no-stop-on-test-error
Check: compiled code
Result: NOTE
    File ‘muhaz/libs/muhaz.so’:
     Found no calls to: ‘R_registerRoutines’, ‘R_useDynamicSymbols’
    
    It is good practice to register native routines and to disable symbol
    search.
    
    See ‘Writing portable packages’ in the ‘Writing R Extensions’ manual.
Flavors: r-devel-linux-x86_64-fedora-clang, r-devel-linux-x86_64-fedora-gcc, r-devel-macos-x86_64-clang