CRAN Package Check Results for Package muhaz

Last updated on 2015-05-27 19:47:13.

Flavor Version Tinstall Tcheck Ttotal Status Flags
r-devel-linux-x86_64-debian-clang 1.2.6 1.29 11.51 12.80 NOTE
r-devel-linux-x86_64-debian-gcc 1.2.6 1.24 10.90 12.13 NOTE
r-devel-linux-x86_64-fedora-clang 1.2.6 22.89 NOTE
r-devel-linux-x86_64-fedora-gcc 1.2.6 21.90 NOTE
r-devel-osx-x86_64-clang 1.2.6 27.75 NOTE
r-devel-windows-ix86+x86_64 1.2.6 8.00 21.00 29.00 OK
r-patched-linux-x86_64 1.2.6 1.26 10.78 12.04 NOTE
r-patched-solaris-sparc 1.2.6 131.40 NOTE
r-patched-solaris-x86 1.2.6 34.30 NOTE
r-release-linux-x86_64 1.2.6 1.21 11.23 12.44 NOTE
r-release-osx-x86_64-mavericks 1.2.6 OK
r-release-osx-x86_64-snowleopard 1.2.6 OK
r-release-windows-ix86+x86_64 1.2.6 4.00 25.00 29.00 OK
r-oldrel-windows-ix86+x86_64 1.2.6 9.00 25.00 34.00 OK

Check Details

Version: 1.2.6
Check: S3 generic/method consistency
Result: NOTE
    Found the following apparent S3 methods exported but not registered:
     print.pehaz summary.muhaz
    See section ‘Registering S3 methods’ in the ‘Writing R Extensions’
    manual.
Flavors: r-devel-linux-x86_64-debian-clang, r-devel-linux-x86_64-debian-gcc, r-devel-linux-x86_64-fedora-clang, r-devel-linux-x86_64-fedora-gcc, r-devel-osx-x86_64-clang, r-patched-linux-x86_64, r-patched-solaris-sparc, r-patched-solaris-x86, r-release-linux-x86_64