CRAN Package Check Results for Package muhaz

Last updated on 2015-01-30 03:49:08.

Flavor Version Tinstall Tcheck Ttotal Status Flags
r-devel-linux-x86_64-debian-clang 1.2.6 1.32 11.01 12.34 NOTE
r-devel-linux-x86_64-debian-gcc 1.2.6 1.35 10.59 11.94 NOTE
r-devel-linux-x86_64-fedora-clang 1.2.6 25.40 NOTE
r-devel-linux-x86_64-fedora-gcc 1.2.6 24.30 NOTE
r-devel-osx-x86_64-clang 1.2.6 29.76 NOTE
r-devel-windows-ix86+x86_64 1.2.6 7.00 23.00 30.00 OK
r-patched-linux-x86_64 1.2.6 1.46 11.58 13.03 OK
r-patched-solaris-sparc 1.2.6 166.90 OK
r-patched-solaris-x86 1.2.6 38.40 OK
r-release-linux-ix86 1.2.6 1.81 17.54 19.34 OK
r-release-linux-x86_64 1.2.6 1.30 11.38 12.68 OK
r-release-osx-x86_64-mavericks 1.2.6 OK
r-release-osx-x86_64-snowleopard 1.2.6 OK
r-release-windows-ix86+x86_64 1.2.6 7.00 23.00 30.00 OK
r-oldrel-windows-ix86+x86_64 1.2.6 6.00 32.00 38.00 OK

Check Details

Version: 1.2.6
Check: S3 generic/method consistency
Result: NOTE
    Found the following apparent S3 methods exported but not registered:
     print.pehaz summary.muhaz
    See section ‘Registering S3 methods’ in the ‘Writing R Extensions’
    manual.
Flavors: r-devel-linux-x86_64-debian-clang, r-devel-linux-x86_64-debian-gcc, r-devel-linux-x86_64-fedora-clang, r-devel-linux-x86_64-fedora-gcc, r-devel-osx-x86_64-clang