CRAN Package Check Results for Package muhaz

Last updated on 2014-07-26 03:50:08.

Flavor Version Tinstall Tcheck Ttotal Status Flags
r-devel-linux-x86_64-debian-clang 1.2.5 1.31 10.49 11.80 NOTE
r-devel-linux-x86_64-debian-gcc 1.2.5 1.26 10.32 11.58 NOTE
r-devel-linux-x86_64-fedora-clang 1.2.5 23.93 NOTE
r-devel-linux-x86_64-fedora-gcc 1.2.5 21.54 NOTE
r-devel-osx-x86_64-clang 1.2.5 26.04 NOTE
r-devel-windows-ix86+x86_64 1.2.5 7.00 22.00 29.00 NOTE
r-patched-linux-x86_64 1.2.5 1.24 10.37 11.60 NOTE
r-patched-solaris-sparc 1.2.5 142.20 NOTE
r-patched-solaris-x86 1.2.5 34.80 NOTE
r-release-linux-ix86 1.2.5 1.82 17.00 18.82 NOTE
r-release-linux-x86_64 1.2.5 1.26 10.82 12.08 NOTE
r-release-osx-x86_64-mavericks 1.2.5 NOTE
r-release-windows-ix86+x86_64 1.2.5 9.00 22.00 31.00 NOTE
r-oldrel-windows-ix86+x86_64 1.2.5 6.00 23.00 29.00 NOTE

Check Details

Version: 1.2.5
Check: Rd \usage sections
Result: NOTE
    S3 methods shown with full name in documentation object 'print.pehaz':
     ‘print.pehaz’
    
    The \usage entries for S3 methods should use the \method markup and not
    their full name.
    See the chapter ‘Writing R documentation files’ in the ‘Writing R
    Extensions’ manual.
Flavors: r-devel-linux-x86_64-debian-clang, r-devel-linux-x86_64-debian-gcc, r-devel-linux-x86_64-fedora-clang, r-devel-linux-x86_64-fedora-gcc, r-devel-osx-x86_64-clang, r-devel-windows-ix86+x86_64, r-patched-linux-x86_64, r-patched-solaris-sparc, r-patched-solaris-x86, r-release-linux-ix86, r-release-linux-x86_64, r-release-osx-x86_64-mavericks, r-release-windows-ix86+x86_64, r-oldrel-windows-ix86+x86_64